000
CXUS51 KPBZ 260730
CF6HLG
PRELIMINARY LOCAL CLIMATOLOGICAL DATA (WS FORM: F-6)
STATION: WHEELING WV
MONTH: APRIL
YEAR: 2024
LATITUDE: 40 10 N
LONGITUDE: 80 39 W
TEMPERATURE IN F: :PCPN: SNOW: WIND :SUNSHINE: SKY :PK WND
================================================================================
1 2 3 4 5 6A 6B 7 8 9 10 11 12 13 14 15 16 17 18
12Z AVG MX 2MIN
DY MAX MIN AVG DEP HDD CDD WTR SNW DPTH SPD SPD DIR MIN PSBL S-S WX SPD DR
================================================================================
1 65 48 57 11 8 0 1.13 M M 6.6 20 130 M M 9 13 27 290
2 70 53 62 15 3 0 2.40 M M 8.6 20 200 M M 9 13 27 240
3 61 38 50 3 15 0 0.50 M M 9.3 22 230 M M 8 18 35 270
4 45 34 40 -8 25 0 0.11 M M 8.4 18 290 M M 8 18 27 300
5 43 36 40 -8 25 0 0.02 M M 12.3 22 290 M M 10 1 34 260
6 53 36 45 -3 20 0 0.00 M M 8.8 18 340 M M 8 24 330
7 60 30 45 -4 20 0 0.00 M M 5.0 13 60 M M 0 16 70
8 74 49 62 13 3 0 T M M 5.8 16 210 M M 5 23 210
9 74 57 66 16 0 1 T M M 9.6 20 190 M M 5 27 180
10 65 56 61 11 4 0 0.14 M M 6.0 14 230 M M 10 1 22 220
11 66 58 62 12 3 0 1.63 M M 7.9 14 130 M M 9 13 24 150
12 59 47 53 2 12 0 0.28 M M 18.5 30 280 M M 10 1 48 280
13 62 45 54 3 11 0 0.00 M M 14.2 29 280 M M 3 40 270
14 81 48 65 13 0 0 T M M 14.2 30 250 M M 1 3 47 260
15 75 55 65 13 0 0 0.02 M M 8.8 16 300 M M 3 3 22 290
16 81 50 66 14 0 1 0.00 M M 4.7 12 90 M M 0 17 90
17 82 61 72 19 0 7 0.26 M M 10.2 28 170 M M 6 3 49 170
18 73 56 65 12 0 0 0.00 M M 6.0 15 280 M M 5 24 280
19 68 53 61 7 4 0 0.05 M M 10.3 18 240 M M 5 3 29 200
20 58 39 49 -5 16 0 0.00 M M 10.9 28 260 M M 4 44 250
21 51 36 44 -10 21 0 0.00 M M 5.8 18 280 M M 6 27 320
22 61 33 47 -7 18 0 0.00 M M 4.1 12 270 M M 0 19 240
23 68 44 56 1 9 0 T M M 11.0 31 270 M M 3 8 50 270
24 62 40 51 -4 14 0 0.02 M M 11.4 20 300 M M 8 27 300
25 57 37 47 -9 18 0 0.00 M M 5.7 12 30 M M 6 20 360
================================================================================
SM 1614 1139 249 9 6.56 M 224.1 M 141
================================================================================
AV 64.6 45.6 9.0 FASTST M M 6 MAX(MPH)
MISC ----> 31 270 50 270
================================================================================
NOTES:
# LAST OF SEVERAL OCCURRENCES
COLUMN 17 PEAK WIND IN M.P.H.
PRELIMINARY LOCAL CLIMATOLOGICAL DATA (WS FORM: F-6) , PAGE 2
STATION: WHEELING WV
MONTH: APRIL
YEAR: 2024
LATITUDE: 40 10 N
LONGITUDE: 80 39 W
[TEMPERATURE DATA] [PRECIPITATION DATA] SYMBOLS USED IN COLUMN 16
AVERAGE MONTHLY: 55.1 TOTAL FOR MONTH: 6.56 1 = FOG OR MIST
DPTR FM NORMAL: 3.9 DPTR FM NORMAL: 3.98 2 = FOG REDUCING VISIBILITY
HIGHEST: 82 ON 17 GRTST 24HR 2.49 ON 2- 3 TO 1/4 MILE OR LESS
LOWEST: 30 ON 7 3 = THUNDER
SNOW, ICE PELLETS, HAIL 4 = ICE PELLETS
TOTAL MONTH: M 5 = HAIL
GRTST 24HR M ON M 6 = FREEZING RAIN OR DRIZZLE
GRTST DEPTH: M ON M 7 = DUSTSTORM OR SANDSTORM:
VSBY 1/2 MILE OR LESS
8 = SMOKE OR HAZE
[NO. OF DAYS WITH] [WEATHER - DAYS WITH] 9 = BLOWING SNOW
X = TORNADO
MAX 32 OR BELOW: 0 0.01 INCH OR MORE: 12
MAX 90 OR ABOVE: 0 0.10 INCH OR MORE: 8
MIN 32 OR BELOW: 1 0.50 INCH OR MORE: 4
MIN 0 OR BELOW: 0 1.00 INCH OR MORE: 3
[HDD (BASE 65) ]
TOTAL THIS MO. 249 CLEAR (SCALE 0-3) 6
DPTR FM NORMAL -106 PTCLDY (SCALE 4-7) 12
TOTAL FM JUL 1 4158 CLOUDY (SCALE 8-10) 7
DPTR FM NORMAL -1017
[CDD (BASE 65) ]
TOTAL THIS MO. 9
DPTR FM NORMAL 9 [PRESSURE DATA]
TOTAL FM JAN 1 9 HIGHEST SLP M ON M
DPTR FM NORMAL 7 LOWEST SLP 29.21 ON 11
[REMARKS]