000
CXHW50 PHFO 030138
CF6HNL
PRELIMINARY LOCAL CLIMATOLOGICAL DATA (WS FORM: F-6)
STATION: HONOLULU HI
MONTH: DECEMBER
YEAR: 2020
LATITUDE: 21 21 N
LONGITUDE: 157 56 W
TEMPERATURE IN F: :PCPN: SNOW: WIND :SUNSHINE: SKY :PK WND
================================================================================
1 2 3 4 5 6A 6B 7 8 9 10 11 12 13 14 15 16 17 18
12Z AVG MX 2MIN
DY MAX MIN AVG DEP HDD CDD WTR SNW DPTH SPD SPD DIR MIN PSBL S-S WX SPD DR
================================================================================
1 84 66 75 -1 0 10 0.00 M M 6.3 17 140 M M 1 22 150
2 83 64 74 -2 0 9 0.00 M M 6.2 15 150 M M 3 19 150
3 84 68 76 0 0 11 0.00 M M 6.5 14 220 M M 4 19 340
4 86 73 80 4 0 15 0.00 M M 11.6 25 70 M M 4 31 70
5 87 72 80 4 0 15 0.00 M M 7.2 17 40 M M 4 24 60
6 85 69 77 1 0 12 0.00 M M 5.8 14 220 M M 3 17 220
7 87 72 80 4 0 15 T M M 8.3 20 70 M M 6 24 50
8 86 75 81 6 0 16 T M M 9.2 18 110 M M 6 22 120
9 82 74 78 3 0 13 T M M 4.6 14 320 M M 7 17 340
10 84 68 76 1 0 11 0.04 M M 4.8 12 70 M M 4 16 10
11 85 69 77 2 0 12 0.00 M M 8.7 17 60 M M 3 23 30
12 85 73 79 4 0 14 T M M 11.0 21 50 M M 4 27 60
13 84 71 78 3 0 13 0.00 M M 5.0 13 60 M M 4 16 340
14 86 71 79 4 0 14 T M M 8.7 18 60 M M 4 8 22 60
15 85 71 78 3 0 13 T M M 7.9 22 60 M M 5 27 60
16 85 73 79 4 0 14 T M M 8.5 18 50 M M 4 24 70
17 86 70 78 3 0 13 T M M 8.6 18 80 M M 4 22 20
18 85 74 80 5 0 15 T M M 18.6 33 70 M M 3 41 70
19 84 73 79 5 0 14 0.02 M M 14.1 26 60 M M 4 33 70
20 85 74 80 6 0 15 T M M 11.2 23 50 M M 3 29 50
21 85 74 80 6 0 15 T M M 10.7 23 80 M M 3 29 80
22 85 68 77 3 0 12 0.00 M M 5.6 18 140 M M 2 24 130
23 83 67 75 1 0 10 0.00 M M 4.9 12 330 M M 1 16 330
24 85 67 76 2 0 11 T M M 6.8 18 30 M M 3 23 20
25 83 71 77 3 0 12 0.09 M M 6.9 17 70 M M 7 1 22 30
26 76 71 74 0 0 9 0.15 M M 10.2 28 70 M M 8 1 34 70
27 84 72 78 4 0 13 T M M 11.4 24 50 M M 3 30 50
28 84 68 76 2 0 11 0.00 M M 5.1 12 210 M M 3 14 210
29 80 66 73 -1 0 8 T M M 4.0 13 150 M M 5 15 160
30 84 68 76 2 0 11 0.01 M M 10.4 22 70 M M 4 27 80
31 M M M M M M M M M M M M M M M M M
================================================================================
SM 2527 2112 0 376 0.31 M 248.8 M 119
================================================================================
AV 84.2 70.4 8.3 FASTST M M 4 MAX(MPH)
MISC ----> 33 70 41 70
================================================================================
NOTES:
# LAST OF SEVERAL OCCURRENCES
COLUMN 17 PEAK WIND IN M.P.H.
PRELIMINARY LOCAL CLIMATOLOGICAL DATA (WS FORM: F-6) , PAGE 2
STATION: HONOLULU HI
MONTH: DECEMBER
YEAR: 2020
LATITUDE: 21 21 N
LONGITUDE: 157 56 W
[TEMPERATURE DATA] [PRECIPITATION DATA] SYMBOLS USED IN COLUMN 16
AVERAGE MONTHLY: 77.3 TOTAL FOR MONTH: 0.31 1 = FOG OR MIST
DPTR FM NORMAL: 2.5 DPTR FM NORMAL: -2.93 2 = FOG REDUCING VISIBILITY
HIGHEST: 87 ON 7, 5 GRTST 24HR 0.24 ON 25-26 TO 1/4 MILE OR LESS
LOWEST: 64 ON 2 3 = THUNDER
SNOW, ICE PELLETS, HAIL 4 = ICE PELLETS
TOTAL MONTH: M 5 = HAIL
GRTST 24HR M ON M 6 = FREEZING RAIN OR DRIZZLE
GRTST DEPTH: M ON M 7 = DUSTSTORM OR SANDSTORM:
VSBY 1/2 MILE OR LESS
8 = SMOKE OR HAZE
[NO. OF DAYS WITH] [WEATHER - DAYS WITH] 9 = BLOWING SNOW
X = TORNADO
MAX 32 OR BELOW: 0 0.01 INCH OR MORE: 5
MAX 90 OR ABOVE: 0 0.10 INCH OR MORE: 1
MIN 32 OR BELOW: 0 0.50 INCH OR MORE: 0
MIN 0 OR BELOW: 0 1.00 INCH OR MORE: 0
[HDD (BASE 65) ]
TOTAL THIS MO. 0 CLEAR (SCALE 0-3) 6
DPTR FM NORMAL 0 PTCLDY (SCALE 4-7) 24
TOTAL FM JUL 1 0 CLOUDY (SCALE 8-10) 0
DPTR FM NORMAL 0
[CDD (BASE 65) ]
TOTAL THIS MO. 376
DPTR FM NORMAL 74 [PRESSURE DATA]
TOTAL FM JAN 1 5030 HIGHEST SLP 30.18 ON 25
DPTR FM NORMAL 402 LOWEST SLP 29.90 ON 17
[REMARKS]
#FINAL-12-20#