749
CXUS54 KMAF 011210
CF6HOB
PRELIMINARY LOCAL CLIMATOLOGICAL DATA (WS FORM: F-6)
STATION: LEA AIRPORT, HOBBS
MONTH: OCTOBER
YEAR: 2020
LATITUDE: 32 40 N
LONGITUDE: 103-12 E
TEMPERATURE IN F: :PCPN: SNOW: WIND :SUNSHINE: SKY :PK WND
================================================================================
1 2 3 4 5 6A 6B 7 8 9 10 11 12 13 14 15 16 17 18
12Z AVG MX 2MIN
DY MAX MIN AVG DEP HDD CDD WTR SNW DPTH SPD SPD DIR MIN PSBL S-S WX SPD DR
================================================================================
1 81 50 66 M 0 1 0.00 M M 8.7 14 100 M M 1 20 100
2 82 48 65 M 0 0 0.00 M M 11.5 17 200 M M 0 28 200
3 86 54 70 M 0 5 0.00 M M 11.7 22 40 M M 0 26 40
4 79 50 65 M 0 0 0.00 M M 8.3 14 40 M M 1 M M
5 91 50 71 M 0 6 0.00 M M 8.9 15 200 M M 0 23 250
6 91 48 70 M 0 5 0.00 M M 9.1 18 70 M M 0 25 70
7 88 55 72 M 0 7 0.00 M M 8.3 18 200 M M 3 25 190
8 441 55 248 M 0 183 0.00 M M 7.8 10 160 M M 2 17 150
9 91 52 72 M 0 7 0.00 M M 4.7 13 170 M M 0 M M
10 93 57 75 M 0 10 0.00 M M 7.9 14 260 M M 0 26 260
11 91 61 76 M 0 11 0.00 M M 14.3 29 230 M M 0 37 230
12 77 52 65 M 0 0 0.00 M M 10.5 28 10 M M 4 8 35 10
13 90 52 71 M 0 6 0.00 M M 7.0 13 200 M M 1 M M
14 93 55 74 M 0 9 0.00 M M 10.5 20 250 M M 0 25 250
15 70 52 61 M 4 0 0.00 M M 15.4 25 20 M M 3 8 41 310
16 68 45 57 M 8 0 0.00 M M 10.1 15 160 M M 2 21 150
17 88 45 67 M 0 2 0.00 M M 9.9 16 240 M M 0 24 250
18 82 48 65 M 0 0 0.00 M M 10.4 17 320 M M 0 18 80
19 77 39 58 M 7 0 0.00 M M 7.7 13 20 M M 2 1 15 70
20 88 48 68 M 0 3 0.00 M M 8.0 13 170 M M 0 1 16 150
21 88 52 70 M 0 5 0.00 M M 9.9 18 170 M M 1 12 28 160
22 90 59 75 M 0 10 0.00 M M 11.4 18 180 M M 1 23 210
23 63 39 51 M 14 0 0.00 M M 15.2 25 10 M M 6 40 10
24 72 34 53 M 12 0 0.00 M M 8.4 15 190 M M 1 21 210
25 84 37 61 M 4 0 0.00 M M 13.1 23 30 M M 2 1 29 50
26 37 23 30 M 35 0 0.00 M M 18.3 24 10 M M 10 1 35 10
27 30 23 27 M 38 0 0.01 M M 7.6 21 M M M 10 1 24 M
28 41 28 35 M 30 0 0.00 M M 16.3 28 310 M M 7 37 300
29 644 39 342 M 0 277 0.00 M M 9.9 24 340 M M 0 24 340
30 68 36 52 M 13 0 0.00 M M 7.9 15 160 M M 0 M M
31 81 39 60 M 5 0 0.00 M M 10.0 16 290 M M 0 24 290
================================================================================
SM 3345 1425 170 547 0.01 M 318.4 M 57
================================================================================
AV107.9 46.0 10.3 FASTST M M 2 MAX(MPH)
MISC ----> 29 230 41 310
================================================================================
NOTES:
# LAST OF SEVERAL OCCURRENCES
COLUMN 17 PEAK WIND IN M.P.H.
PRELIMINARY LOCAL CLIMATOLOGICAL DATA (WS FORM: F-6) , PAGE 2
STATION: LEA AIRPORT, HOBBS
MONTH: OCTOBER
YEAR: 2020
LATITUDE: 32 40 N
LONGITUDE: 103-12 E
[TEMPERATURE DATA] [PRECIPITATION DATA] SYMBOLS USED IN COLUMN 16
AVERAGE MONTHLY: 76.9 TOTAL FOR MONTH: 0.01 1 = FOG OR MIST
DPTR FM NORMAL: 0.0 DPTR FM NORMAL: M 2 = FOG REDUCING VISIBILITY
HIGHEST: 644 ON 29 GRTST 24HR 0.01 ON 27-27 TO 1/4 MILE OR LESS
LOWEST: 23 ON 27,26 3 = THUNDER
SNOW, ICE PELLETS, HAIL 4 = ICE PELLETS
TOTAL MONTH: M 5 = HAIL
GRTST 24HR M ON M 6 = FREEZING RAIN OR DRIZZLE
GRTST DEPTH: M ON M 7 = DUSTSTORM OR SANDSTORM:
VSBY 1/2 MILE OR LESS
8 = SMOKE OR HAZE
[NO. OF DAYS WITH] [WEATHER - DAYS WITH] 9 = BLOWING SNOW
X = TORNADO
MAX 32 OR BELOW: 1 0.01 INCH OR MORE: 1
MAX 90 OR ABOVE: 10 0.10 INCH OR MORE: 0
MIN 32 OR BELOW: 3 0.50 INCH OR MORE: 0
MIN 0 OR BELOW: 0 1.00 INCH OR MORE: 0
[HDD (BASE 65) ]
TOTAL THIS MO. 170 CLEAR (SCALE 0-3) 25
DPTR FM NORMAL M PTCLDY (SCALE 4-7) 4
TOTAL FM JUL 1 219 CLOUDY (SCALE 8-10) 2
DPTR FM NORMAL M
[CDD (BASE 65) ]
TOTAL THIS MO. 547
DPTR FM NORMAL M [PRESSURE DATA]
TOTAL FM JAN 1 2863 HIGHEST SLP M ON M
DPTR FM NORMAL M LOWEST SLP M ON M
[REMARKS]
#FINAL-10-20#