000
CXUS55 KSEW 010930
CF6HQM
PRELIMINARY LOCAL CLIMATOLOGICAL DATA (WS FORM: F-6)
STATION: HOQUIAM WA AIRPORT
MONTH: MAY
YEAR: 2022
LATITUDE: 46 58 N
LONGITUDE: 123 56 W
TEMPERATURE IN F: :PCPN: SNOW: WIND :SUNSHINE: SKY :PK WND
================================================================================
1 2 3 4 5 6A 6B 7 8 9 10 11 12 13 14 15 16 17 18
12Z AVG MX 2MIN
DY MAX MIN AVG DEP HDD CDD WTR SNW DPTH SPD SPD DIR MIN PSBL S-S WX SPD DR
================================================================================
1 57 43 50 -1 15 0 T M M 5.5 16 260 M M 5 1 18 250
2 58 49 54 3 11 0 0.17 M M 10.0 23 300 M M 7 30 290
3 56 47 52 1 13 0 T M M 8.2 15 260 M M 9 1 21 280
4 60 44 52 0 13 0 0.00 M M 6.9 16 260 M M 6 20 250
5 52 46 49 -3 16 0 0.94 M M 9.1 25 290 M M 10 1 31 300
6 56 46 51 -1 14 0 0.62 M M 8.2 20 210 M M 10 1 26 200
7 54 45 50 -2 15 0 0.15 M M 12.8 30 300 M M 8 36 260
8 55 40 48 -4 17 0 0.10 M M 8.4 22 290 M M 4 1 32 290
9 56 43 50 -2 15 0 0.11 M M 7.6 17 260 M M 4 1 25 260
10 57 39 48 -4 17 0 T M M 7.3 21 250 M M 3 1 24 250
11 55 41 48 -5 17 0 0.30 M M 11.5 26 200 M M 9 18 33 190
12 53 42 48 -5 17 0 1.10 M M 12.2 30 170 M M 8 1 42 180
13 57 40 49 -4 16 0 0.05 M M 7.2 16 80 M M 7 18 25 70
14 57 48 53 0 12 0 0.09 M M 10.4 22 210 M M 10 18 28 210
15 62 52 57 4 8 0 0.59 M M 11.5 25 200 M M 10 1 31 210
16 57 45 51 -3 14 0 0.03 M M 10.0 23 280 M M 7 1 31 290
17 57 44 51 -3 14 0 0.02 M M 6.9 15 260 M M 5 1 19 260
18 58 47 53 -1 12 0 0.41 M M 17.6 32 260 M M 10 1 44 210
19 56 45 51 -3 14 0 0.24 M M 10.5 24 290 M M 5 32 300
20 59 42 51 -3 14 0 0.00 M M 6.6 17 280 M M 2 24 280
21 62 44 53 -1 12 0 0.00 M M 5.8 17 270 M M 4 13 24 260
22 62 50 56 2 9 0 0.00 M M 7.4 18 260 M M 6 1 24 250
23 58 52 55 1 10 0 T M M 8.6 16 290 M M 10 1 21 260
24 57 51 54 0 11 0 0.02 M M 3.7 16 200 M M 10 18 19 200
25 60 50 55 0 10 0 0.03 M M 8.1 14 260 M M 6 1 17 290
26 65 48 57 2 8 0 0.27 M M 6.3 18 250 M M 8 1 23 260
27 59 51 55 0 10 0 0.12 M M 10.8 23 230 M M 10 18 28 230
28 54 51 53 -2 12 0 1.01 M M 8.4 15 300 M M 10 1 26 300
29 56 47 52 -3 13 0 0.04 M M 12.3 20 290 M M 10 18 27 280
30 60 45 53 -2 12 0 T M M 6.2 15 290 M M 8 21 270
31 67 48 58 3 7 0 0.00 M M 5.3 16 290 M M 1 1 22 300
================================================================================
SM 1792 1425 398 0 6.41 M 271.3 M 222
================================================================================
AV 57.8 46.0 8.8 FASTST M M 7 MAX(MPH)
MISC ----> 32 260 44 210
================================================================================
NOTES:
# LAST OF SEVERAL OCCURRENCES
COLUMN 17 PEAK WIND IN M.P.H.
PRELIMINARY LOCAL CLIMATOLOGICAL DATA (WS FORM: F-6) , PAGE 2
STATION: HOQUIAM WA AIRPORT
MONTH: MAY
YEAR: 2022
LATITUDE: 46 58 N
LONGITUDE: 123 56 W
[TEMPERATURE DATA] [PRECIPITATION DATA] SYMBOLS USED IN COLUMN 16
AVERAGE MONTHLY: 51.9 TOTAL FOR MONTH: 6.41 1 = FOG OR MIST
DPTR FM NORMAL: -1.5 DPTR FM NORMAL: 3.42 2 = FOG REDUCING VISIBILITY
HIGHEST: 67 ON 31 GRTST 24HR 1.29 ON 11-12 TO 1/4 MILE OR LESS
LOWEST: 39 ON 10 3 = THUNDER
SNOW, ICE PELLETS, HAIL 4 = ICE PELLETS
TOTAL MONTH: M 5 = HAIL
GRTST 24HR M ON M 6 = FREEZING RAIN OR DRIZZLE
GRTST DEPTH: M ON M 7 = DUSTSTORM OR SANDSTORM:
VSBY 1/2 MILE OR LESS
8 = SMOKE OR HAZE
[NO. OF DAYS WITH] [WEATHER - DAYS WITH] 9 = BLOWING SNOW
X = TORNADO
MAX 32 OR BELOW: 0 0.01 INCH OR MORE: 21
MAX 90 OR ABOVE: 0 0.10 INCH OR MORE: 14
MIN 32 OR BELOW: 0 0.50 INCH OR MORE: 5
MIN 0 OR BELOW: 0 1.00 INCH OR MORE: 2
[HDD (BASE 65) ]
TOTAL THIS MO. 398 CLEAR (SCALE 0-3) 3
DPTR FM NORMAL 36 PTCLDY (SCALE 4-7) 16
TOTAL FM JUL 1 4533 CLOUDY (SCALE 8-10) 12
DPTR FM NORMAL -342
[CDD (BASE 65) ]
TOTAL THIS MO. 0
DPTR FM NORMAL -1 [PRESSURE DATA]
TOTAL FM JAN 1 0 HIGHEST SLP M ON M
DPTR FM NORMAL -1 LOWEST SLP 29.60 ON 6
[REMARKS]
#FINAL-05-22#