000
CXUS53 KGID 130105
CF6HSI
PRELIMINARY LOCAL CLIMATOLOGICAL DATA (WS FORM: F-6)
STATION: HASTINGS NE
MONTH: DECEMBER
YEAR: 2020
LATITUDE: 40 35 N
LONGITUDE: 98 26 W
TEMPERATURE IN F: :PCPN: SNOW: WIND :SUNSHINE: SKY :PK WND
================================================================================
1 2 3 4 5 6A 6B 7 8 9 10 11 12 13 14 15 16 17 18
12Z AVG MX 2MIN
DY MAX MIN AVG DEP HDD CDD WTR SNW DPTH SPD SPD DIR MIN PSBL S-S WX SPD DR
================================================================================
1 47 20 34 2 31 0 0.00 0.0 0 6.3 18 350 M M 0 8 26 350
2 44 26 35 4 30 0 0.00 0.0 0 15.6 23 20 M M 2 34 20
3 46 20 33 2 32 0 0.00 0.0 0 8.3 18 360 M M 1 22 360
4 59 26 43 13 22 0 0.00 0.0 0 9.9 16 310 M M 0 22 320
5 54 29 42 12 23 0 0.00 0.0 0 12.2 26 350 M M 0 32 350
6 51 25 38 8 27 0 0.00 0.0 0 7.6 13 330 M M 0 17 350
7 62 30 46 17 19 0 0.00 0.0 0 12.0 20 310 M M 0 28 310
8 65 27 46 17 19 0 0.00 0.0 0 8.0 14 280 M M 0 17 290
9 67 37 52 23 13 0 0.00 0.0 0 5.6 14 280 M M 0 8 17 280
10 48 29 39 11 26 0 0.00 0.0 0 14.0 29 360 M M 1 35 10
11 36 30 33 5 32 0 0.31 4.7 0 17.0 23 360 M M 10 1 30 10
12 29 17 23 -5 42 0 0.03 0.4 5 12.4 24 360 M M 8 18 30 360
13 28 8 18 -10 47 0 0.00 0.0 3 7.7 20 350 M M 3 128 25 340
14 24 7 16 -12 49 0 0.00 0.0 3 9.9 20 120 M M 2 27 110
15 24 20 22 -5 43 0 0.04 0.8 3 7.2 16 120 M M 10 18 23 100
16 29 19 24 -3 41 0 0.00 0.0 4 5.4 14 290 M M 6 128 18 210
17 38 20 29 2 36 0 0.00 0.0 4 8.6 15 290 M M 0 21 170
18 41 28 35 8 30 0 0.00 0.0 3 11.3 24 340 M M 1 31 340
19 42 16 29 3 36 0 0.00 0.0 2 7.4 13 210 M M 0 18 220
20 48 28 38 12 27 0 0.00 0.0 1 11.4 20 260 M M 1 26 260
21 50 32 41 15 24 0 0.00 0.0 T 8.3 15 300 M M 0 20 310
22 59 34 47 21 18 0 0.00 0.0 T 11.5 22 190 M M 0 36 200
23 50 19 35 9 30 0 0.11 1.1 T 26.8 45 310 M M 6 1289 61 330
24 26 15 21 -5 44 0 0.00 0.0 1 6.5 18 300 M M 5 24 290
25 50 19 35 9 30 0 0.00 0.0 T 6.7 14 290 M M 1 17 290
26 51 23 37 11 28 0 0.00 0.0 T 2.6 12 190 M M 0 16 200
27 44 23 34 8 31 0 0.00 0.0 0 15.3 30 330 M M 5 39 330
28 33 20 27 1 38 0 0.03 0.4 0 5.0 15 130 M M 8 1 21 130
29 33 23 28 2 37 0 0.29 3.7 3 11.4 24 320 M M 10 16 36 120
30 33 10 22 -4 43 0 0.00 0.0 3 8.8 29 330 M M 1 39 340
31 38 17 28 2 37 0 0.00 0.0 3 6.1 15 200 M M 0 1 24 200
================================================================================
SM 1349 697 985 0 0.81 11.1 306.8 M 81
================================================================================
AV 43.5 22.5 9.9 FASTST M M 3 MAX(MPH)
MISC ----> 45 310 61 330
================================================================================
NOTES:
# LAST OF SEVERAL OCCURRENCES
COLUMN 17 PEAK WIND IN M.P.H.
PRELIMINARY LOCAL CLIMATOLOGICAL DATA (WS FORM: F-6) , PAGE 2
STATION: HASTINGS NE
MONTH: DECEMBER
YEAR: 2020
LATITUDE: 40 35 N
LONGITUDE: 98 26 W
[TEMPERATURE DATA] [PRECIPITATION DATA] SYMBOLS USED IN COLUMN 16
AVERAGE MONTHLY: 33.0 TOTAL FOR MONTH: 0.81 1 = FOG OR MIST
DPTR FM NORMAL: 5.4 DPTR FM NORMAL: 0.20 2 = FOG REDUCING VISIBILITY
HIGHEST: 67 ON 9 GRTST 24HR 0.31 ON 11-11 TO 1/4 MILE OR LESS
LOWEST: 7 ON 14 3 = THUNDER
SNOW, ICE PELLETS, HAIL 4 = ICE PELLETS
TOTAL MONTH: 11.1 INCHES 5 = HAIL
GRTST 24HR 4.7 ON 11-11 6 = FREEZING RAIN OR DRIZZLE
GRTST DEPTH: 5 ON 12 7 = DUSTSTORM OR SANDSTORM:
VSBY 1/2 MILE OR LESS
8 = SMOKE OR HAZE
[NO. OF DAYS WITH] [WEATHER - DAYS WITH] 9 = BLOWING SNOW
X = TORNADO
MAX 32 OR BELOW: 6 0.01 INCH OR MORE: 6
MAX 90 OR ABOVE: 0 0.10 INCH OR MORE: 3
MIN 32 OR BELOW: 29 0.50 INCH OR MORE: 0
MIN 0 OR BELOW: 0 1.00 INCH OR MORE: 0
[HDD (BASE 65) ]
TOTAL THIS MO. 985 CLEAR (SCALE 0-3) 22
DPTR FM NORMAL -174 PTCLDY (SCALE 4-7) 5
TOTAL FM JUL 1 2158 CLOUDY (SCALE 8-10) 4
DPTR FM NORMAL -280
[CDD (BASE 65) ]
TOTAL THIS MO. 0
DPTR FM NORMAL 0 [PRESSURE DATA]
TOTAL FM JAN 1 1272 HIGHEST SLP 30.48 ON 28
DPTR FM NORMAL 195 LOWEST SLP 29.31 ON 23
[REMARKS]
#FINAL-12-20#