307
CXUS54 KHUN 011857
CF6HSV
PRELIMINARY LOCAL CLIMATOLOGICAL DATA (WS FORM: F-6)
STATION: HUNTSVILLE
MONTH: SEPTEMBER
YEAR: 2020
LATITUDE: 34 39 N
LONGITUDE: 86 46 W
TEMPERATURE IN F: :PCPN: SNOW: WIND :SUNSHINE: SKY :PK WND
================================================================================
1 2 3 4 5 6A 6B 7 8 9 10 11 12 13 14 15 16 17 18
12Z AVG MX 2MIN
DY MAX MIN AVG DEP HDD CDD WTR SNW DPTH SPD SPD DIR MIN PSBL S-S WX SPD DR
================================================================================
1 89 71 80 2 0 15 0.05 0.0 0 4.4 13 180 M M 7 13 17 300
2 89 74 82 4 0 17 0.00 0.0 0 7.3 14 220 M M 3 1 19 250
3 89 73 81 3 0 16 0.00 0.0 0 7.1 16 240 M M 2 21 240
4 90 67 79 1 0 14 T 0.0 0 5.4 20 360 M M 5 3 24 350
5 88 59 74 -3 0 9 0.00 0.0 0 4.0 12 10 M M 3 15 10
6 86 57 72 -5 0 7 0.00 0.0 0 3.1 10 130 M M 1 13 130
7 86 60 73 -4 0 8 0.00 0.0 0 4.7 10 160 M M 0 13 160
8 87 64 76 0 0 11 0.00 0.0 0 5.7 12 170 M M 1 14 180
9 88 65 77 1 0 12 0.00 0.0 0 3.6 13 110 M M 1 16 120
10 90 66 78 2 0 13 0.00 0.0 0 3.8 10 10 M M 1 14 30
11 93 68 81 5 0 16 0.00 0.0 0 2.6 9 120 M M 3 13 110
12 90 73 82 7 0 17 0.01 0.0 0 6.6 17 150 M M 6 3 22 140
13 91 71 81 6 0 16 T 0.0 0 7.5 21 360 M M 7 26 350
14 90 69 80 6 0 15 0.00 0.0 0 8.8 18 20 M M 5 23 20
15 83 69 76 2 0 11 0.00 0.0 0 8.8 16 100 M M 8 21 110
16 74 68 71 -3 0 6 0.12 0.0 0 8.5 17 120 M M 8 1 22 100
17 87 70 79 6 0 14 0.00 0.0 0 10.9 20 350 M M 7 26 350
18 79 61 70 -3 0 5 0.00 0.0 0 10.5 20 20 M M 8 24 20
19 76 59 68 -5 0 3 0.00 0.0 0 7.4 14 120 M M 8 19 130
20 81 58 70 -2 0 5 0.00 0.0 0 8.2 16 120 M M 2 19 70
21 76 53 65 -7 0 0 0.00 0.0 0 9.5 21 130 M M 1 28 120
22 75 51 63 -9 2 0 T 0.0 0 5.7 16 120 M M 6 19 110
23 71 53 62 -9 3 0 0.79 0.0 0 7.1 15 80 M M 9 1 19 30
24 66 55 61 -10 4 0 2.65 0.0 0 8.3 20 110 M M 10 1 23 110
25 73 64 69 -1 0 4 T 0.0 0 3.5 8 230 M M 10 18 10 310
26 76 62 69 -1 0 4 0.00 0.0 0 3.5 10 230 M M 8 13 230
27 83 61 72 2 0 7 0.00 0.0 0 3.5 12 230 M M 5 15 230
28 82 56 69 0 0 4 0.42 0.0 0 7.8 26 290 M M 7 13 40 290
29 70 49 60 -9 5 0 0.00 0.0 0 5.3 16 290 M M 5 1 22 320
30 77 47 62 -6 3 0 0.00 0.0 0 6.7 16 230 M M 0 1 22 220
================================================================================
SM 2475 1873 17 249 4.04 0.0 189.8 M 147
================================================================================
AV 82.5 62.4 6.3 FASTST M M 5 MAX(MPH)
MISC ----> 26 290 40 290
================================================================================
NOTES:
# LAST OF SEVERAL OCCURRENCES
COLUMN 17 PEAK WIND IN M.P.H.
PRELIMINARY LOCAL CLIMATOLOGICAL DATA (WS FORM: F-6) , PAGE 2
STATION: HUNTSVILLE
MONTH: SEPTEMBER
YEAR: 2020
LATITUDE: 34 39 N
LONGITUDE: 86 46 W
[TEMPERATURE DATA] [PRECIPITATION DATA] SYMBOLS USED IN COLUMN 16
AVERAGE MONTHLY: 72.5 TOTAL FOR MONTH: 4.04 1 = FOG OR MIST
DPTR FM NORMAL: -1.2 DPTR FM NORMAL: 0.32 2 = FOG REDUCING VISIBILITY
HIGHEST: 93 ON 11 GRTST 24HR 2.97 ON 23-24 TO 1/4 MILE OR LESS
LOWEST: 47 ON 30 3 = THUNDER
SNOW, ICE PELLETS, HAIL 4 = ICE PELLETS
TOTAL MONTH: 0.0 INCH 5 = HAIL
GRTST 24HR 0.0 6 = FREEZING RAIN OR DRIZZLE
GRTST DEPTH: 0 7 = DUSTSTORM OR SANDSTORM:
VSBY 1/2 MILE OR LESS
8 = SMOKE OR HAZE
[NO. OF DAYS WITH] [WEATHER - DAYS WITH] 9 = BLOWING SNOW
X = TORNADO
MAX 32 OR BELOW: 0 0.01 INCH OR MORE: 6
MAX 90 OR ABOVE: 6 0.10 INCH OR MORE: 4
MIN 32 OR BELOW: 0 0.50 INCH OR MORE: 2
MIN 0 OR BELOW: 0 1.00 INCH OR MORE: 1
[HDD (BASE 65) ]
TOTAL THIS MO. 17 CLEAR (SCALE 0-3) 9
DPTR FM NORMAL 4 PTCLDY (SCALE 4-7) 18
TOTAL FM JUL 1 17 CLOUDY (SCALE 8-10) 3
DPTR FM NORMAL 6
[CDD (BASE 65) ]
TOTAL THIS MO. 249
DPTR FM NORMAL -26 [PRESSURE DATA]
TOTAL FM JAN 1 1789 HIGHEST SLP 30.36 ON 21
DPTR FM NORMAL -81 LOWEST SLP 29.71 ON 28
[REMARKS]
#FINAL-09-20#