000
CXUS53 KAPX 051510
CF6HTL
PRELIMINARY LOCAL CLIMATOLOGICAL DATA (WS FORM: F-6)
STATION: HOUGHTON LAKE MI
MONTH: AUGUST
YEAR: 2023
LATITUDE: 44 22 N
LONGITUDE: 84 41 W
TEMPERATURE IN F: :PCPN: SNOW: WIND :SUNSHINE: SKY :PK WND
================================================================================
1 2 3 4 5 6A 6B 7 8 9 10 11 12 13 14 15 16 17 18
12Z AVG MX 2MIN
DY MAX MIN AVG DEP HDD CDD WTR SNW DPTH SPD SPD DIR MIN PSBL S-S WX SPD DR
================================================================================
1 76 51 64 -4 1 0 0.05 0.0 0 2.8 10 240 M M M 14 230
2 81 53 67 -1 0 2 0.00 0.0 0 7.0 18 260 M M M 27 260
3 88 56 72 5 0 7 0.04 0.0 0 8.0 31 310 M M M 3 44 310
4 82 56 69 2 0 4 0.00 0.0 0 5.6 12 30 M M 4 16 350
5 79 49 64 -3 1 0 0.00 0.0 0 4.4 13 120 M M 1 1 17 120
6 70 46 58 -9 7 0 0.02 0.0 0 6.6 14 90 M M 5 20 110
7 80 61 71 4 0 6 0.00 0.0 0 9.8 20 10 M M 4 36 360
8 84 56 70 3 0 5 0.00 0.0 0 5.0 13 320 M M 1 17 310
9 83 51 67 0 0 2 0.00 0.0 0 6.1 14 270 M M 1 1 22 260
10 79 51 65 -2 0 0 0.01 0.0 0 7.6 21 330 M M 3 30 320
11 74 44 59 -8 6 0 0.61 0.0 0 4.2 14 150 M M 5 13 20 120
12 76 58 67 1 0 2 0.00 0.0 0 9.8 18 310 M M 4 30 330
13 72 55 64 -2 1 0 0.00 0.0 0 7.0 14 290 M M 5 1 20 270
14 74 50 62 -4 3 0 0.18 0.0 0 4.9 13 100 M M 7 1 18 130
15 78 51 65 -1 0 0 0.03 0.0 0 7.3 15 320 M M 6 22 320
16 81 46 64 -2 1 0 0.00 0.0 0 7.8 15 200 M M 1 1 23 190
17 68 53 61 -5 4 0 1.31 0.0 0 10.3 22 310 M M 7 13 30 210
18 71 45 58 -8 7 0 0.01 0.0 0 11.0 24 310 M M 1 36 290
19 77 42 60 -6 5 0 0.00 0.0 0 6.1 14 190 M M 0 20 190
20 89 64 77 12 0 12 0.00 0.0 0 8.1 15 310 M M 3 22 290
21 77 54 66 1 0 1 0.00 0.0 0 5.7 15 70 M M 3 18 70
22 70 56 63 -2 2 0 0.01 0.0 0 4.8 9 200 M M 9 M M
23 66 60 63 -2 2 0 0.24 0.0 0 6.8 14 150 M M 10 13 21 150
24 74 64 69 4 0 4 0.01 0.0 0 4.1 10 40 M M 10 1 15 30
25 77 63 70 6 0 5 0.00 0.0 0 3.5 8 360 M M 10 M M
26 68 46 57 -7 8 0 0.00 0.0 0 M M M M M M M M
27 72 42 57 -7 8 0 0.00 0.0 0 M M M M M M M M
28 75 39 57 -7 8 0 0.00 0.0 0 M M M M M M M M
29 68 50 59 -5 6 0 0.77 0.0 0 8.4 21 330 M M M 3 31 290
30 68 44 56 -8 9 0 0.00 0.0 0 8.2 16 330 M M M 24 330
31 73 37 55 -8 10 0 0.00 0.0 0 M M M M M M M M
================================================================================
SM 2350 1593 89 50 3.29 0.0 180.9 M 100
================================================================================
AV 75.8 51.4 6.7 FASTST M M 5 MAX(MPH)
MISC ----> 31 310 44 310
================================================================================
NOTES:
# LAST OF SEVERAL OCCURRENCES
COLUMN 17 PEAK WIND IN M.P.H.
PRELIMINARY LOCAL CLIMATOLOGICAL DATA (WS FORM: F-6) , PAGE 2
STATION: HOUGHTON LAKE MI
MONTH: AUGUST
YEAR: 2023
LATITUDE: 44 22 N
LONGITUDE: 84 41 W
[TEMPERATURE DATA] [PRECIPITATION DATA] SYMBOLS USED IN COLUMN 16
AVERAGE MONTHLY: 63.6 TOTAL FOR MONTH: 3.29 1 = FOG OR MIST
DPTR FM NORMAL: -2.2 DPTR FM NORMAL: 0.43 2 = FOG REDUCING VISIBILITY
HIGHEST: 89 ON 20 GRTST 24HR 1.32 ON 17-18 TO 1/4 MILE OR LESS
LOWEST: 37 ON 31 3 = THUNDER
SNOW, ICE PELLETS, HAIL 4 = ICE PELLETS
TOTAL MONTH: 0.0 INCH 5 = HAIL
GRTST 24HR 0.0 6 = FREEZING RAIN OR DRIZZLE
GRTST DEPTH: 0 7 = DUSTSTORM OR SANDSTORM:
VSBY 1/2 MILE OR LESS
8 = SMOKE OR HAZE
[NO. OF DAYS WITH] [WEATHER - DAYS WITH] 9 = BLOWING SNOW
X = TORNADO
MAX 32 OR BELOW: 0 0.01 INCH OR MORE: 13
MAX 90 OR ABOVE: 0 0.10 INCH OR MORE: 5
MIN 32 OR BELOW: 0 0.50 INCH OR MORE: 3
MIN 0 OR BELOW: 0 1.00 INCH OR MORE: 1
[HDD (BASE 65) ]
TOTAL THIS MO. 89 CLEAR (SCALE 0-3) 9
DPTR FM NORMAL 23 PTCLDY (SCALE 4-7) 9
TOTAL FM JUL 1 119 CLOUDY (SCALE 8-10) 13
DPTR FM NORMAL 13
[CDD (BASE 65) ]
TOTAL THIS MO. 50
DPTR FM NORMAL -41 [PRESSURE DATA]
TOTAL FM JAN 1 227 HIGHEST SLP M ON M
DPTR FM NORMAL -80 LOWEST SLP 29.55 ON 17
[REMARKS]
#FINAL-08-23#