000
CXUS51 KRLX 011454
CF6HTS
PRELIMINARY LOCAL CLIMATOLOGICAL DATA (WS FORM: F-6)
STATION: HUNTINGTON WV
MONTH: FEBRUARY
YEAR: 2022
LATITUDE: 38 22 N
LONGITUDE: 82 33 W
TEMPERATURE IN F: :PCPN: SNOW: WIND :SUNSHINE: SKY :PK WND
================================================================================
1 2 3 4 5 6A 6B 7 8 9 10 11 12 13 14 15 16 17 18
12Z AVG MX 2MIN
DY MAX MIN AVG DEP HDD CDD WTR SNW DPTH SPD SPD DIR MIN PSBL S-S WX SPD DR
================================================================================
1 60 22 41 5 24 0 0.00 0.0 0 4.6 12 190 M M 0 16 190
2 49 41 45 9 20 0 0.10 0.0 0 5.9 13 140 M M 6 17 130
3 49 32 41 5 24 0 1.97 T 0 6.3 14 10 M M 10 12 17 330
4 33 24 29 -7 36 0 0.49 M 0 7.2 14 270 M M 10 168 21 310
5 27 19 23 -13 42 0 T 0.3 1 5.1 15 260 M M 7 1 21 240
6 46 15 31 -5 34 0 0.00 0.0 0 2.6 8 230 M M 0 1 11 220
7 50 24 37 1 28 0 0.00 0.0 0 5.9 14 260 M M 0 21 270
8 46 22 34 -3 31 0 0.00 0.0 0 5.6 10 190 M M 1 15 190
9 56 35 46 9 19 0 T 0.0 0 8.8 20 260 M M 3 28 250
10 53 33 43 6 22 0 0.00 0.0 0 6.5 20 250 M M 2 27 260
11 67 27 47 10 18 0 0.00 0.0 0 10.1 31 240 M M 2 49 230
12 52 30 41 3 24 0 T T 0 8.0 16 350 M M 10 1 23 300
13 35 23 29 -9 36 0 0.03 M T 6.5 14 340 M M 9 1 18 330
14 31 17 24 -14 41 0 T T T 4.4 12 270 M M 6 16 320
15 54 16 35 -3 30 0 0.00 0.0 0 3.8 8 70 M M 0 11 90
16 67 40 54 16 11 0 0.00 0.0 0 11.4 25 220 M M 0 39 230
17 65 51 58 19 7 0 1.14 0.0 0 12.6 26 270 M M 7 1 37 290
18 51 27 39 0 26 0 T T 0 9.2 28 290 M M 7 1 40 270
19 39 24 32 -7 33 0 0.00 0.0 0 9.4 22 280 M M 2 33 270
20 58 18 38 -1 27 0 0.00 0.0 0 5.7 14 190 M M 0 18 210
21 69 36 53 13 12 0 0.00 0.0 0 7.1 17 190 M M 1 23 190
22 67 52 60 20 5 0 0.49 0.0 0 12.0 29 190 M M 9 1 40 180
23 59 32 46 6 19 0 0.02 0.0 0 7.6 20 330 M M 10 1 27 320
24 39 31 35 -5 30 0 1.32 0.0 0 6.4 13 40 M M 10 1 17 50
25 45 31 38 -3 27 0 0.19 T 0 9.6 20 250 M M 10 1 29 270
26 39 30 35 -6 30 0 0.00 0.0 0 2.1 12 330 M M 5 15 340
27 51 27 39 -2 26 0 0.00 0.0 0 3.9 13 300 M M 0 1 17 280
28 55 26 41 -1 24 0 0.00 0.0 0 1.9 9 200 M M 0 14 250
================================================================================
SM 1412 805 706 0 5.75 0.3 190.2 M 127
================================================================================
AV 50.4 28.8 6.8 FASTST M M 5 MAX(MPH)
MISC ----> 31 240 49 230
================================================================================
NOTES:
# LAST OF SEVERAL OCCURRENCES
COLUMN 17 PEAK WIND IN M.P.H.
PRELIMINARY LOCAL CLIMATOLOGICAL DATA (WS FORM: F-6) , PAGE 2
STATION: HUNTINGTON WV
MONTH: FEBRUARY
YEAR: 2022
LATITUDE: 38 22 N
LONGITUDE: 82 33 W
[TEMPERATURE DATA] [PRECIPITATION DATA] SYMBOLS USED IN COLUMN 16
AVERAGE MONTHLY: 39.6 TOTAL FOR MONTH: 5.75 1 = FOG OR MIST
DPTR FM NORMAL: 1.4 DPTR FM NORMAL: 2.38 2 = FOG REDUCING VISIBILITY
HIGHEST: 69 ON 21 GRTST 24HR 2.22 ON 3- 4 TO 1/4 MILE OR LESS
LOWEST: 15 ON 6 3 = THUNDER
SNOW, ICE PELLETS, HAIL 4 = ICE PELLETS
TOTAL MONTH: 0.3 INCH 5 = HAIL
GRTST 24HR 0.3 ON 5- 5 6 = FREEZING RAIN OR DRIZZLE
GRTST DEPTH: 1 ON 5 7 = DUSTSTORM OR SANDSTORM:
VSBY 1/2 MILE OR LESS
8 = SMOKE OR HAZE
[NO. OF DAYS WITH] [WEATHER - DAYS WITH] 9 = BLOWING SNOW
X = TORNADO
MAX 32 OR BELOW: 2 0.01 INCH OR MORE: 9
MAX 90 OR ABOVE: 0 0.10 INCH OR MORE: 7
MIN 32 OR BELOW: 21 0.50 INCH OR MORE: 3
MIN 0 OR BELOW: 0 1.00 INCH OR MORE: 3
[HDD (BASE 65) ]
TOTAL THIS MO. 706 CLEAR (SCALE 0-3) 13
DPTR FM NORMAL -45 PTCLDY (SCALE 4-7) 7
TOTAL FM JUL 1 3060 CLOUDY (SCALE 8-10) 8
DPTR FM NORMAL -308
[CDD (BASE 65) ]
TOTAL THIS MO. 0
DPTR FM NORMAL 0 [PRESSURE DATA]
TOTAL FM JAN 1 0 HIGHEST SLP 30.55 ON 26
DPTR FM NORMAL 0 LOWEST SLP 29.46 ON 17
[REMARKS]
#FINAL-02-22#