000
CXUS53 KIND 010600
CF6HUF
PRELIMINARY LOCAL CLIMATOLOGICAL DATA (WS FORM: F-6)
STATION: TERRE HAUTE IN
MONTH: MAY
YEAR: 2023
LATITUDE: 39 27 N
LONGITUDE: 87 18 W
TEMPERATURE IN F: :PCPN: SNOW: WIND :SUNSHINE: SKY :PK WND
================================================================================
1 2 3 4 5 6A 6B 7 8 9 10 11 12 13 14 15 16 17 18
12Z AVG MX 2MIN
DY MAX MIN AVG DEP HDD CDD WTR SNW DPTH SPD SPD DIR MIN PSBL S-S WX SPD DR
================================================================================
1 58 44 51 -8 14 0 T M M 14.0 32 310 M M 10 50 320
2 64 38 51 -9 14 0 T M M 12.9 26 300 M M 5 39 310
3 65 39 52 -8 13 0 0.00 M M 6.3 16 330 M M 0 26 310
4 73 35 54 -6 11 0 0.00 M M 3.4 10 140 M M 0 1 15 120
5 77 46 62 2 3 0 0.00 M M 8.4 21 190 M M 0 29 190
6 76 59 68 7 0 3 T M M 9.8 22 140 M M 7 3 29 150
7 76 59 68 7 0 3 2.12 M M 8.2 28 340 M M 5 13 43 330
8 77 57 67 6 0 2 0.28 M M 6.9 21 320 M M 4 1 33 310
9 76 54 65 3 0 0 0.00 M M 8.4 16 70 M M 3 23 90
10 79 50 65 3 0 0 0.00 M M 5.6 13 140 M M 0 19 160
11 83 53 68 6 0 3 0.00 M M 6.8 14 140 M M 0 17 150
12 79 63 71 8 0 6 T M M 6.6 12 190 M M 5 15 150
13 83 67 75 12 0 10 0.00 M M 2.6 10 80 M M 6 1 13 80
14 81 66 74 11 0 9 0.14 M M 9.2 16 80 M M 5 1 22 90
15 73 57 65 1 0 0 T M M 6.1 18 70 M M 6 23 60
16 68 57 63 -1 2 0 0.08 M M 4.7 14 350 M M 5 1 18 350
17 77 49 63 -1 2 0 0.00 M M 6.0 13 80 M M 1 12 17 80
18 77 48 63 -2 2 0 0.00 M M 4.2 12 90 M M 0 18 70
19 83 52 68 3 0 3 0.69 M M 6.4 21 320 M M 5 13 31 330
20 70 49 60 -5 5 0 T M M 7.6 16 350 M M 2 24 360
21 79 43 61 -5 4 0 0.00 M M 0.8 10 170 M M 0 13 180
22 81 50 66 0 0 1 0.00 M M 1.3 14 70 M M 0 18 70
23 83 52 68 2 0 3 0.00 M M 3.4 13 100 M M 0 20 80
24 87 53 70 3 0 5 0.00 M M 5.4 16 40 M M 1 8 22 20
25 73 53 63 -4 2 0 0.00 M M 11.5 20 80 M M 0 27 70
26 78 44 61 -6 4 0 0.00 M M 8.5 18 80 M M 0 25 30
27 79 50 65 -3 0 0 0.00 M M 7.2 16 80 M M 0 23 110
28 82 53 68 0 0 3 0.00 M M 4.4 13 50 M M 3 19 10
29 87 57 72 4 0 7 0.00 M M 3.3 14 70 M M 3 22 50
30 87 55 71 2 0 6 0.00 M M 4.1 13 140 M M 2 16 140
31 90 63 77 8 0 12 0.05 M M 5.5 26 110 M M 1 3 37 110
================================================================================
SM 2401 1615 76 76 3.36 M 199.5 M 79
================================================================================
AV 77.5 52.1 6.4 FASTST M M 3 MAX(MPH)
MISC ----> 32 310 50 320
================================================================================
NOTES:
# LAST OF SEVERAL OCCURRENCES
COLUMN 17 PEAK WIND IN M.P.H.
PRELIMINARY LOCAL CLIMATOLOGICAL DATA (WS FORM: F-6) , PAGE 2
STATION: TERRE HAUTE IN
MONTH: MAY
YEAR: 2023
LATITUDE: 39 27 N
LONGITUDE: 87 18 W
[TEMPERATURE DATA] [PRECIPITATION DATA] SYMBOLS USED IN COLUMN 16
AVERAGE MONTHLY: 64.8 TOTAL FOR MONTH: 3.36 1 = FOG OR MIST
DPTR FM NORMAL: 0.8 DPTR FM NORMAL: -1.35 2 = FOG REDUCING VISIBILITY
HIGHEST: 90 ON 31 GRTST 24HR 2.13 ON 7- 8 TO 1/4 MILE OR LESS
LOWEST: 35 ON 4 3 = THUNDER
SNOW, ICE PELLETS, HAIL 4 = ICE PELLETS
TOTAL MONTH: M 5 = HAIL
GRTST 24HR M ON M 6 = FREEZING RAIN OR DRIZZLE
GRTST DEPTH: M ON M 7 = DUSTSTORM OR SANDSTORM:
VSBY 1/2 MILE OR LESS
8 = SMOKE OR HAZE
[NO. OF DAYS WITH] [WEATHER - DAYS WITH] 9 = BLOWING SNOW
X = TORNADO
MAX 32 OR BELOW: 0 0.01 INCH OR MORE: 6
MAX 90 OR ABOVE: 1 0.10 INCH OR MORE: 4
MIN 32 OR BELOW: 0 0.50 INCH OR MORE: 2
MIN 0 OR BELOW: 0 1.00 INCH OR MORE: 1
[HDD (BASE 65) ]
TOTAL THIS MO. 76 CLEAR (SCALE 0-3) 20
DPTR FM NORMAL -46 PTCLDY (SCALE 4-7) 10
TOTAL FM JUL 1 4587 CLOUDY (SCALE 8-10) 1
DPTR FM NORMAL -637
[CDD (BASE 65) ]
TOTAL THIS MO. 76
DPTR FM NORMAL -15 [PRESSURE DATA]
TOTAL FM JAN 1 91 HIGHEST SLP M ON M
DPTR FM NORMAL -17 LOWEST SLP 29.50 ON 1
[REMARKS]
#FINAL-05-23#