000
CXUS51 KCAR 010700
CF6HUL
PRELIMINARY LOCAL CLIMATOLOGICAL DATA (WS FORM: F-6)
STATION: HOULTON ME
MONTH: MARCH
YEAR: 2023
LATITUDE: 46 7 N
LONGITUDE: 67 48 W
TEMPERATURE IN F: :PCPN: SNOW: WIND :SUNSHINE: SKY :PK WND
================================================================================
1 2 3 4 5 6A 6B 7 8 9 10 11 12 13 14 15 16 17 18
12Z AVG MX 2MIN
DY MAX MIN AVG DEP HDD CDD WTR SNW DPTH SPD SPD DIR MIN PSBL S-S WX SPD DR
================================================================================
1 32 15 24 4 41 0 0.02 M M 2.0 13 120 M M 7 1 21 100
2 27 24 26 6 39 0 0.24 M M 6.8 13 80 M M 10 12 19 100
3 29 -1 14 -6 51 0 0.03 M M 7.2 18 340 M M 4 18 29 320
4 29 -3 13 -8 52 0 0.00 M M 2.2 8 320 M M 3 11 330
5 43 2 23 2 42 0 0.00 M M 10.0 24 310 M M 0 37 330
6 34 28 31 9 34 0 T M M 16.9 29 320 M M 10 8 46 310
7 37 25 31 9 34 0 T M M 9.1 16 30 M M 10 18 23 20
8 43 29 36 14 29 0 T M M 12.3 25 20 M M 7 18 33 30
9 42 26 34 11 31 0 T M M 6.9 18 10 M M 7 1 26 10
10 37 18 28 5 37 0 0.00 M M 7.2 17 10 M M 6 26 340
11 39 13 26 2 39 0 0.00 M M 4.8 15 360 M M 1 21 350
12 44 21 33 9 32 0 0.00 M M 4.5 14 20 M M 4 19 350
13 45 17 31 7 34 0 0.00 M M 3.9 13 150 M M 1 20 140
14 40 29 35 10 30 0 0.10 M M 11.8 28 40 M M 6 12 45 50
15 35 30 33 8 32 0 T M M 16.9 30 10 M M 10 168 48 350
16 41 26 34 8 31 0 0.00 M M 10.9 17 10 M M 8 30 10
17 46 17 32 6 33 0 0.17 M M 4.1 16 200 M M 5 1 27 180
18 44 30 37 11 28 0 0.01 M M 4.9 10 280 M M 10 1 M M
19 33 19 26 -1 39 0 0.00 M M 12.7 26 270 M M 3 41 240
20 40 16 28 1 37 0 0.00 M M 8.0 20 220 M M 4 27 270
21 43 15 29 2 36 0 0.00 M M 1.4 4 220 M M 0 M M
22 39 18 29 1 36 0 T M M M M M M M M M M
23 33 26 30 2 35 0 0.59 M M 5.3 13 130 M M 10 12 25 120
24 36 27 32 3 33 0 0.00 M M 7.9 16 340 M M 8 1 25 340
25 38 13 26 -3 39 0 T M M 4.0 10 120 M M 2 17 140
26 33 26 30 1 35 0 0.31 M M 4.7 14 110 M M 10 12 23 120
27 41 29 35 5 30 0 0.01 M M 1.4 13 10 M M 10 1 15 10
28 39 29 34 4 31 0 T M M 3.3 13 350 M M 10 1 17 360
29 43 27 35 4 30 0 0.00 M M 3.7 12 240 M M 4 17 270
30 31 23 27 -4 38 0 0.06 M M 11.8 22 270 M M 8 128 36 290
31 40 21 31 -1 34 0 0.00 M M 8.1 18 320 M M 5 27 330
================================================================================
SM 1176 635 1102 0 1.54 M 214.7 M 183
================================================================================
AV 37.9 20.5 7.2 FASTST M M 6 MAX(MPH)
MISC ----> 30 10 48 350
================================================================================
NOTES:
# LAST OF SEVERAL OCCURRENCES
COLUMN 17 PEAK WIND IN M.P.H.
PRELIMINARY LOCAL CLIMATOLOGICAL DATA (WS FORM: F-6) , PAGE 2
STATION: HOULTON ME
MONTH: MARCH
YEAR: 2023
LATITUDE: 46 7 N
LONGITUDE: 67 48 W
[TEMPERATURE DATA] [PRECIPITATION DATA] SYMBOLS USED IN COLUMN 16
AVERAGE MONTHLY: 29.2 TOTAL FOR MONTH: 1.54 1 = FOG OR MIST
DPTR FM NORMAL: 3.7 DPTR FM NORMAL: -1.13 2 = FOG REDUCING VISIBILITY
HIGHEST: 46 ON 17 GRTST 24HR 0.59 ON 23-24 TO 1/4 MILE OR LESS
LOWEST: -3 ON 4 3 = THUNDER
SNOW, ICE PELLETS, HAIL 4 = ICE PELLETS
TOTAL MONTH: M 5 = HAIL
GRTST 24HR M ON M 6 = FREEZING RAIN OR DRIZZLE
GRTST DEPTH: M ON M 7 = DUSTSTORM OR SANDSTORM:
VSBY 1/2 MILE OR LESS
8 = SMOKE OR HAZE
[NO. OF DAYS WITH] [WEATHER - DAYS WITH] 9 = BLOWING SNOW
X = TORNADO
MAX 32 OR BELOW: 5 0.01 INCH OR MORE: 10
MAX 90 OR ABOVE: 0 0.10 INCH OR MORE: 5
MIN 32 OR BELOW: 31 0.50 INCH OR MORE: 1
MIN 0 OR BELOW: 2 1.00 INCH OR MORE: 0
[HDD (BASE 65) ]
TOTAL THIS MO. 1102 CLEAR (SCALE 0-3) 7
DPTR FM NORMAL -122 PTCLDY (SCALE 4-7) 12
TOTAL FM JUL 1 6577 CLOUDY (SCALE 8-10) 12
DPTR FM NORMAL -1059
[CDD (BASE 65) ]
TOTAL THIS MO. 0
DPTR FM NORMAL 0 [PRESSURE DATA]
TOTAL FM JAN 1 0 HIGHEST SLP 30.44 ON 22
DPTR FM NORMAL 0 LOWEST SLP 29.50 ON 15
[REMARKS]
#FINAL-03-23#