000
CXUS51 KCAR 010600
CF6HUL
PRELIMINARY LOCAL CLIMATOLOGICAL DATA (WS FORM: F-6)
STATION: HOULTON ME
MONTH: AUGUST
YEAR: 2021
LATITUDE: 46 7 N
LONGITUDE: 67 48 W
TEMPERATURE IN F: :PCPN: SNOW: WIND :SUNSHINE: SKY :PK WND
================================================================================
1 2 3 4 5 6A 6B 7 8 9 10 11 12 13 14 15 16 17 18
12Z AVG MX 2MIN
DY MAX MIN AVG DEP HDD CDD WTR SNW DPTH SPD SPD DIR MIN PSBL S-S WX SPD DR
================================================================================
1 76 44 60 -6 5 0 0.00 M M 4.7 15 230 M M 1 19 220
2 66 55 61 -5 4 0 0.16 M M 3.9 12 250 M M 8 1 17 260
3 79 50 65 -1 0 0 0.00 M M 8.6 21 240 M M 2 8 27 240
4 80 55 68 2 0 3 0.00 M M 3.0 10 220 M M 2 13 230
5 70 61 66 0 0 1 0.08 M M 2.1 9 130 M M 7 1 13 120
6 84 63 74 8 0 9 0.08 M M 4.6 14 220 M M 5 12 19 230
7 84 63 74 8 0 9 0.42 M M 6.1 13 220 M M 4 13 19 320
8 78 62 70 4 0 5 0.00 M M 5.0 13 120 M M 4 1 18 110
9 78 58 68 2 0 3 0.00 M M 4.2 13 120 M M 4 17 110
10 80 62 71 6 0 6 0.00 M M 5.5 10 230 M M 6 1 17 170
11 76 69 73 8 0 8 0.00 M M 5.1 13 190 M M 10 1 18 180
12 87 68 78 13 0 13 0.00 M M 5.1 10 160 M M 5 18 15 150
13 91 70 81 16 0 16 0.00 M M 4.6 13 250 M M 1 1 17 250
14 85 60 73 8 0 8 0.33 M M 3.5 23 260 M M 2 13 30 260
15 74 49 62 -3 3 0 0.00 M M 5.0 17 280 M M 1 25 290
16 79 46 63 -2 2 0 0.00 M M 3.3 14 300 M M 0 23 280
17 85 54 70 6 0 5 0.00 M M 5.9 13 250 M M 0 17 240
18 80 65 73 9 0 8 0.02 M M 3.7 12 220 M M 6 1 14 230
19 88 68 78 14 0 13 0.00 M M 4.6 13 230 M M 3 12 16 220
20 89 67 78 14 0 13 T M M 3.5 10 20 M M 2 18 13 20
21 82 60 71 7 0 6 0.00 M M 3.5 10 90 M M 3 1 16 90
22 82 63 73 9 0 8 0.00 M M 4.2 12 120 M M 6 1 16 110
23 75 65 70 6 0 5 0.95 M M 3.3 12 140 M M 10 18 16 150
24 84 66 75 12 0 10 1.29 M M 4.8 12 230 M M 6 1 16 230
25 87 60 74 11 0 9 0.00 M M 1.7 8 240 M M 1 18 10 240
26 89 63 76 13 0 11 T M M 5.2 17 230 M M 1 138 21 230
27 75 46 61 -2 4 0 0.00 M M 6.8 21 360 M M 2 8 27 20
28 72 41 57 -5 8 0 0.00 M M 1.5 8 30 M M 0 22 220
29 69 45 57 -5 8 0 T M M 6.2 14 220 M M 5 18 210
30 73 59 66 4 0 1 0.15 M M 6.9 14 220 M M 8 13 19 180
31 80 57 69 7 0 4 0.01 M M 5.3 14 260 M M 2 1 20 260
================================================================================
SM 2477 1814 34 174 3.49 M 141.4 M 117
================================================================================
AV 79.9 58.5 4.6 FASTST M M 4 MAX(MPH)
MISC ----> 23 260 30 260
================================================================================
NOTES:
# LAST OF SEVERAL OCCURRENCES
COLUMN 17 PEAK WIND IN M.P.H.
PRELIMINARY LOCAL CLIMATOLOGICAL DATA (WS FORM: F-6) , PAGE 2
STATION: HOULTON ME
MONTH: AUGUST
YEAR: 2021
LATITUDE: 46 7 N
LONGITUDE: 67 48 W
[TEMPERATURE DATA] [PRECIPITATION DATA] SYMBOLS USED IN COLUMN 16
AVERAGE MONTHLY: 69.2 TOTAL FOR MONTH: 3.49 1 = FOG OR MIST
DPTR FM NORMAL: 4.8 DPTR FM NORMAL: -0.03 2 = FOG REDUCING VISIBILITY
HIGHEST: 91 ON 13 GRTST 24HR 2.24 ON 23-24 TO 1/4 MILE OR LESS
LOWEST: 41 ON 28 3 = THUNDER
SNOW, ICE PELLETS, HAIL 4 = ICE PELLETS
TOTAL MONTH: M 5 = HAIL
GRTST 24HR M ON M 6 = FREEZING RAIN OR DRIZZLE
GRTST DEPTH: M ON M 7 = DUSTSTORM OR SANDSTORM:
VSBY 1/2 MILE OR LESS
8 = SMOKE OR HAZE
[NO. OF DAYS WITH] [WEATHER - DAYS WITH] 9 = BLOWING SNOW
X = TORNADO
MAX 32 OR BELOW: 0 0.01 INCH OR MORE: 10
MAX 90 OR ABOVE: 1 0.10 INCH OR MORE: 6
MIN 32 OR BELOW: 0 0.50 INCH OR MORE: 2
MIN 0 OR BELOW: 0 1.00 INCH OR MORE: 1
[HDD (BASE 65) ]
TOTAL THIS MO. 34 CLEAR (SCALE 0-3) 14
DPTR FM NORMAL -47 PTCLDY (SCALE 4-7) 13
TOTAL FM JUL 1 121 CLOUDY (SCALE 8-10) 4
DPTR FM NORMAL -17
[CDD (BASE 65) ]
TOTAL THIS MO. 174
DPTR FM NORMAL 112 [PRESSURE DATA]
TOTAL FM JAN 1 316 HIGHEST SLP M ON M
DPTR FM NORMAL 127 LOWEST SLP 29.56 ON 31
[REMARKS]
#FINAL-08-21#