000
CXUS51 KCAR 010600
CF6HUL
PRELIMINARY LOCAL CLIMATOLOGICAL DATA (WS FORM: F-6)
STATION: HOULTON ME
MONTH: APRIL
YEAR: 2020
LATITUDE: 46 7 N
LONGITUDE: 67 48 W
TEMPERATURE IN F: :PCPN: SNOW: WIND :SUNSHINE: SKY :PK WND
================================================================================
1 2 3 4 5 6A 6B 7 8 9 10 11 12 13 14 15 16 17 18
12Z AVG MX 2MIN
DY MAX MIN AVG DEP HDD CDD WTR SNW DPTH SPD SPD DIR MIN PSBL S-S WX SPD DR
================================================================================
1 37 31 34 2 31 0 0.07 M M 8.6 14 30 M M 10 1 16 30
2 43 34 39 6 26 0 0.67 M M 14.5 24 50 M M 8 1 33 40
3 45 34 40 7 25 0 0.27 M M 17.2 30 50 M M 10 1 39 60
4 48 32 40 6 25 0 T M M 5.3 14 10 M M 7 16 40
5 52 34 43 9 22 0 0.00 M M 6.0 13 230 M M 9 18 230
6 49 31 40 5 25 0 0.00 M M 10.9 23 290 M M 5 35 280
7 39 25 32 -3 33 0 0.00 M M 5.7 15 350 M M 5 21 350
8 42 18 30 -6 35 0 0.00 M M 5.5 16 40 M M 1 22 360
9 43 17 30 -6 35 0 0.44 M M 6.0 18 60 M M 6 12 31 50
10 33 29 31 -5 34 0 0.21 M M 13.7 23 40 M M 9 128 32 30
11 40 28 34 -3 31 0 T M M 9.0 20 290 M M 8 1 27 300
12 50 29 40 2 25 0 0.00 M M 9.6 22 240 M M 1 29 230
13 53 36 45 7 20 0 1.11 M M 9.8 20 170 M M 10 1 31 150
14 53 33 43 5 22 0 T M M 10.3 24 270 M M 1 35 260
15 48 28 38 -1 27 0 0.00 M M 8.3 21 240 M M 7 28 250
16 41 25 33 -6 32 0 0.00 M M 8.5 23 260 M M 5 29 250
17 43 22 33 -7 32 0 T M M 8.7 25 240 M M 3 30 240
18 47 18 33 -7 32 0 0.00 M M 2.7 12 240 M M 2 16 240
19 57 20 39 -2 26 0 T M M 5.2 18 240 M M 3 24 230
20 44 22 33 -8 32 0 T M M 8.4 22 270 M M 2 1 33 270
21 52 16 34 -8 31 0 0.34 M M 6.3 20 180 M M 3 1 31 190
22 33 24 29 -13 36 0 0.20 M M 10.4 22 250 M M 9 18 31 250
23 41 23 32 -11 33 0 T M M 12.8 24 260 M M 3 1 35 250
24 54 22 38 -5 27 0 0.00 M M 4.2 13 360 M M 0 17 240
25 57 22 40 -4 25 0 0.00 M M 5.0 18 260 M M 0 26 270
26 57 23 40 -4 25 0 0.00 M M 5.7 15 50 M M 3 22 50
27 50 36 43 -1 22 0 0.00 M M 16.1 30 40 M M 9 39 40
28 57 35 46 1 19 0 0.00 M M 14.1 24 40 M M 5 31 30
29 61 26 44 -1 21 0 0.00 M M 6.7 17 30 M M 0 22 40
30 56 33 45 -1 20 0 0.00 M M 8.8 17 160 M M 5 27 180
================================================================================
SM 1425 806 829 0 3.31 M 264.0 M 149
================================================================================
AV 47.5 26.9 8.8 FASTST M M 5 MAX(MPH)
MISC ----> # 30 50 # 39 60
================================================================================
NOTES:
# LAST OF SEVERAL OCCURRENCES
COLUMN 17 PEAK WIND IN M.P.H.
PRELIMINARY LOCAL CLIMATOLOGICAL DATA (WS FORM: F-6) , PAGE 2
STATION: HOULTON ME
MONTH: APRIL
YEAR: 2020
LATITUDE: 46 7 N
LONGITUDE: 67 48 W
[TEMPERATURE DATA] [PRECIPITATION DATA] SYMBOLS USED IN COLUMN 16
AVERAGE MONTHLY: 37.2 TOTAL FOR MONTH: 3.31 1 = FOG OR MIST
DPTR FM NORMAL: -1.9 DPTR FM NORMAL: -0.57 2 = FOG REDUCING VISIBILITY
HIGHEST: 61 ON 29 GRTST 24HR 1.11 ON 13-13 TO 1/4 MILE OR LESS
LOWEST: 16 ON 21 3 = THUNDER
SNOW, ICE PELLETS, HAIL 4 = ICE PELLETS
TOTAL MONTH: M 5 = HAIL
GRTST 24HR M ON M 6 = FREEZING RAIN OR DRIZZLE
GRTST DEPTH: M ON M 7 = DUSTSTORM OR SANDSTORM:
VSBY 1/2 MILE OR LESS
8 = SMOKE OR HAZE
[NO. OF DAYS WITH] [WEATHER - DAYS WITH] 9 = BLOWING SNOW
X = TORNADO
MAX 32 OR BELOW: 0 0.01 INCH OR MORE: 8
MAX 90 OR ABOVE: 0 0.10 INCH OR MORE: 7
MIN 32 OR BELOW: 22 0.50 INCH OR MORE: 2
MIN 0 OR BELOW: 0 1.00 INCH OR MORE: 1
[HDD (BASE 65) ]
TOTAL THIS MO. 829 CLEAR (SCALE 0-3) 10
DPTR FM NORMAL 52 PTCLDY (SCALE 4-7) 13
TOTAL FM JUL 1 8307 CLOUDY (SCALE 8-10) 7
DPTR FM NORMAL -266
[CDD (BASE 65) ]
TOTAL THIS MO. 0
DPTR FM NORMAL 0 [PRESSURE DATA]
TOTAL FM JAN 1 0 HIGHEST SLP 30.41 ON 29
DPTR FM NORMAL 0 LOWEST SLP 28.91 ON 10
[REMARKS]
#FINAL-04-20#