000
CXUS56 KMTR 081625
CF6HWD
PRELIMINARY LOCAL CLIMATOLOGICAL DATA (WS FORM: F-6)
STATION: HAYWARD AIRPORT
MONTH: JANUARY
YEAR: 2023
LATITUDE: 37 39 N
LONGITUDE: 122 7 W
TEMPERATURE IN F: :PCPN: SNOW: WIND :SUNSHINE: SKY :PK WND
================================================================================
1 2 3 4 5 6A 6B 7 8 9 10 11 12 13 14 15 16 17 18
12Z AVG MX 2MIN
DY MAX MIN AVG DEP HDD CDD WTR SNW DPTH SPD SPD DIR MIN PSBL S-S WX SPD DR
================================================================================
1 62 41 52 1 13 0 0.00 M M 5.2 16 340 M M 1 1 24 320
2 53 41 47 -4 18 0 0.39 M M 8.4 20 60 M M 6 1 27 60
3 54 46 50 -1 15 0 0.00 M M 9.3 16 50 M M 7 21 70
4 62 47 55 4 10 0 0.91 M M 14.6 32 130 M M 9 1 52 120
5 57 49 53 2 12 0 0.61 M M 8.1 17 260 M M 9 128 27 190
6 61 49 55 4 10 0 0.00 M M 7.6 15 160 M M 5 22 160
7 61 52 57 6 8 0 0.09 M M 15.9 37 150 M M 8 49 160
8 64 51 58 7 7 0 0.39 M M 9.7 30 160 M M 6 1 43 170
9 59 49 54 3 11 0 1.42 M M 8.2 26 150 M M 6 1 37 150
10 59 50 55 4 10 0 0.31 M M 12.6 25 210 M M 8 13 38 190
11 59 51 55 4 10 0 0.27 M M 14.5 24 140 M M 8 1 39 140
12 67 53 60 9 5 0 0.00 M M 6.9 14 140 M M 3 21 160
13 61 53 57 6 8 0 0.59 M M 8.6 17 160 M M 7 1 27 170
14 58 51 55 4 10 0 1.17 M M 11.2 25 140 M M 9 138 34 160
15 54 47 51 0 14 0 0.77 M M 8.1 18 260 M M 8 1 25 50
16 56 43 50 -1 15 0 0.83 M M 11.1 23 280 M M 4 1 31 290
17 56 38 47 -4 18 0 0.00 M M 3.4 10 270 M M 0 14 270
18 56 39 48 -3 17 0 0.21 M M 5.1 16 190 M M 3 1 23 180
19 54 38 46 -5 19 0 0.01 M M 5.1 14 350 M M 2 1 19 350
20 57 36 47 -4 18 0 0.00 M M 6.5 21 30 M M 0 29 30
21 57 34 46 -5 19 0 0.00 M M 3.8 12 280 M M 0 14 290
22 62 40 51 0 14 0 0.00 M M 9.4 23 360 M M 0 33 360
23 62 41 52 0 13 0 0.00 M M 6.5 21 10 M M 0 31 350
24 62 37 50 -2 15 0 0.00 M M 3.7 10 270 M M 0 13 230
25 70 37 54 2 11 0 0.00 M M 4.6 18 30 M M 0 31 10
26 69 47 58 6 7 0 0.00 M M 4.3 18 40 M M 0 30 50
27 60 40 50 -2 15 0 0.00 M M 4.2 16 300 M M 2 20 300
28 57 41 49 -3 16 0 0.00 M M 6.9 16 270 M M 6 128 22 290
29 51 46 49 -3 16 0 T M M 9.5 21 20 M M 9 33 30
30 56 37 47 -5 18 0 0.00 M M 4.4 16 30 M M 0 22 50
31 57 34 46 -6 19 0 0.00 M M 3.4 9 250 M M 0 12 260
================================================================================
SM 1833 1358 411 0 7.97 M 240.8 M 126
================================================================================
AV 59.1 43.8 7.8 FASTST M M 4 MAX(MPH)
MISC ----> 37 150 52 120
================================================================================
NOTES:
# LAST OF SEVERAL OCCURRENCES
COLUMN 17 PEAK WIND IN M.P.H.
PRELIMINARY LOCAL CLIMATOLOGICAL DATA (WS FORM: F-6) , PAGE 2
STATION: HAYWARD AIRPORT
MONTH: JANUARY
YEAR: 2023
LATITUDE: 37 39 N
LONGITUDE: 122 7 W
[TEMPERATURE DATA] [PRECIPITATION DATA] SYMBOLS USED IN COLUMN 16
AVERAGE MONTHLY: 51.5 TOTAL FOR MONTH: 7.97 1 = FOG OR MIST
DPTR FM NORMAL: 0.3 DPTR FM NORMAL: 5.06 2 = FOG REDUCING VISIBILITY
HIGHEST: 70 ON 25 GRTST 24HR 1.69 ON 31- 1 TO 1/4 MILE OR LESS
LOWEST: 34 ON 31,21 3 = THUNDER
SNOW, ICE PELLETS, HAIL 4 = ICE PELLETS
TOTAL MONTH: M 5 = HAIL
GRTST 24HR M ON M 6 = FREEZING RAIN OR DRIZZLE
GRTST DEPTH: M ON M 7 = DUSTSTORM OR SANDSTORM:
VSBY 1/2 MILE OR LESS
8 = SMOKE OR HAZE
[NO. OF DAYS WITH] [WEATHER - DAYS WITH] 9 = BLOWING SNOW
X = TORNADO
MAX 32 OR BELOW: 0 0.01 INCH OR MORE: 14
MAX 90 OR ABOVE: 0 0.10 INCH OR MORE: 12
MIN 32 OR BELOW: 0 0.50 INCH OR MORE: 7
MIN 0 OR BELOW: 0 1.00 INCH OR MORE: 2
[HDD (BASE 65) ]
TOTAL THIS MO. 411 CLEAR (SCALE 0-3) 14
DPTR FM NORMAL -17 PTCLDY (SCALE 4-7) 11
TOTAL FM JUL 1 1354 CLOUDY (SCALE 8-10) 6
DPTR FM NORMAL 74
[CDD (BASE 65) ]
TOTAL THIS MO. 0
DPTR FM NORMAL 0 [PRESSURE DATA]
TOTAL FM JAN 1 0 HIGHEST SLP 30.49 ON 26
DPTR FM NORMAL 0 LOWEST SLP 29.44 ON 16
[REMARKS]
#FINAL-01-23#