000
CXUS56 KMTR 010900
CF6HWD
PRELIMINARY LOCAL CLIMATOLOGICAL DATA (WS FORM: F-6)
STATION: HAYWARD AIRPORT
MONTH: JUNE
YEAR: 2022
LATITUDE: 37 39 N
LONGITUDE: 122 7 W
TEMPERATURE IN F: :PCPN: SNOW: WIND :SUNSHINE: SKY :PK WND
================================================================================
1 2 3 4 5 6A 6B 7 8 9 10 11 12 13 14 15 16 17 18
12Z AVG MX 2MIN
DY MAX MIN AVG DEP HDD CDD WTR SNW DPTH SPD SPD DIR MIN PSBL S-S WX SPD DR
================================================================================
1 77 51 64 1 1 0 0.00 M M 5.8 20 290 M M 0 26 290
2 68 54 61 -2 4 0 0.00 M M 6.8 17 280 M M 1 22 280
3 69 56 63 0 2 0 T M M 8.1 20 300 M M 7 1 27 300
4 71 57 64 1 1 0 0.02 M M 3.9 16 280 M M 8 21 270
5 77 61 69 6 0 4 0.07 M M 7.6 20 300 M M 8 1 23 300
6 69 56 63 -1 2 0 0.00 M M 7.1 20 270 M M 3 26 270
7 68 53 61 -3 4 0 0.00 M M 7.8 20 280 M M 0 25 270
8 69 56 63 -1 2 0 0.00 M M 7.5 15 260 M M 2 22 260
9 79 55 67 3 0 2 0.00 M M 6.0 14 260 M M 1 18 260
10 91 62 77 13 0 12 0.00 M M 6.5 20 280 M M 0 25 260
11 79 61 70 6 0 5 0.00 M M 8.3 21 280 M M 1 29 260
12 75 57 66 2 0 1 0.00 M M 8.5 23 290 M M 7 30 290
13 71 53 62 -2 3 0 0.00 M M 8.3 20 280 M M 0 27 280
14 79 54 67 3 0 2 0.00 M M 6.7 18 280 M M 0 22 290
15 74 55 65 0 0 0 0.00 M M 6.0 20 290 M M 0 26 280
16 67 55 61 -4 4 0 0.00 M M 13.4 26 280 M M 0 39 270
17 67 55 61 -4 4 0 0.00 M M 12.7 26 280 M M 5 36 280
18 67 55 61 -4 4 0 0.00 M M 9.4 21 280 M M 2 28 270
19 77 52 65 0 0 0 0.00 M M 6.5 22 280 M M 0 26 300
20 83 54 69 4 0 4 0.00 M M 5.9 18 290 M M 0 24 270
21 98 61 80 15 0 15 0.00 M M 5.7 18 280 M M 0 24 290
22 90 61 76 11 0 11 0.00 M M 6.3 18 310 M M 0 22 320
23 86 59 73 8 0 8 0.00 M M 7.3 16 310 M M 0 21 310
24 84 57 71 5 0 6 0.00 M M 7.0 15 310 M M 0 19 290
25 75 55 65 -1 0 0 0.00 M M 8.5 20 290 M M 0 25 290
26 75 54 65 -1 0 0 0.00 M M 8.6 21 290 M M 2 1 24 290
27 74 56 65 -1 0 0 0.00 M M 7.5 17 280 M M 4 23 290
28 71 55 63 -3 2 0 0.00 M M 7.2 15 260 M M 2 21 250
29 67 56 62 -4 3 0 0.00 M M 11.6 17 280 M M 6 24 300
30 64 56 60 -6 5 0 0.00 M M 11.7 21 300 M M 8 27 290
================================================================================
SM 2261 1682 41 70 0.09 M 234.2 M 67
================================================================================
AV 75.4 56.1 7.8 FASTST M M 2 MAX(MPH)
MISC ----> # 26 280 39 270
================================================================================
NOTES:
# LAST OF SEVERAL OCCURRENCES
COLUMN 17 PEAK WIND IN M.P.H.
PRELIMINARY LOCAL CLIMATOLOGICAL DATA (WS FORM: F-6) , PAGE 2
STATION: HAYWARD AIRPORT
MONTH: JUNE
YEAR: 2022
LATITUDE: 37 39 N
LONGITUDE: 122 7 W
[TEMPERATURE DATA] [PRECIPITATION DATA] SYMBOLS USED IN COLUMN 16
AVERAGE MONTHLY: 65.7 TOTAL FOR MONTH: 0.09 1 = FOG OR MIST
DPTR FM NORMAL: 1.1 DPTR FM NORMAL: -0.06 2 = FOG REDUCING VISIBILITY
HIGHEST: 98 ON 21 GRTST 24HR 0.09 ON 4- 5 TO 1/4 MILE OR LESS
LOWEST: 51 ON 1 3 = THUNDER
SNOW, ICE PELLETS, HAIL 4 = ICE PELLETS
TOTAL MONTH: M 5 = HAIL
GRTST 24HR M ON M 6 = FREEZING RAIN OR DRIZZLE
GRTST DEPTH: M ON M 7 = DUSTSTORM OR SANDSTORM:
VSBY 1/2 MILE OR LESS
8 = SMOKE OR HAZE
[NO. OF DAYS WITH] [WEATHER - DAYS WITH] 9 = BLOWING SNOW
X = TORNADO
MAX 32 OR BELOW: 0 0.01 INCH OR MORE: 2
MAX 90 OR ABOVE: 3 0.10 INCH OR MORE: 0
MIN 32 OR BELOW: 0 0.50 INCH OR MORE: 0
MIN 0 OR BELOW: 0 1.00 INCH OR MORE: 0
[HDD (BASE 65) ]
TOTAL THIS MO. 41 CLEAR (SCALE 0-3) 22
DPTR FM NORMAL -23 PTCLDY (SCALE 4-7) 7
TOTAL FM JUL 1 2180 CLOUDY (SCALE 8-10) 1
DPTR FM NORMAL -135
[CDD (BASE 65) ]
TOTAL THIS MO. 70
DPTR FM NORMAL 19 [PRESSURE DATA]
TOTAL FM JAN 1 89 HIGHEST SLP M ON M
DPTR FM NORMAL 6 LOWEST SLP 29.83 ON 21
[REMARKS]
#FINAL-06-22#