000
CXUS56 KMTR 011000
CF6HWD
PRELIMINARY LOCAL CLIMATOLOGICAL DATA (WS FORM: F-6)
STATION: HAYWARD AIRPORT
MONTH: JANUARY
YEAR: 2024
LATITUDE: 37 39 N
LONGITUDE: 122 7 W
TEMPERATURE IN F: :PCPN: SNOW: WIND :SUNSHINE: SKY :PK WND
================================================================================
1 2 3 4 5 6A 6B 7 8 9 10 11 12 13 14 15 16 17 18
12Z AVG MX 2MIN
DY MAX MIN AVG DEP HDD CDD WTR SNW DPTH SPD SPD DIR MIN PSBL S-S WX SPD DR
================================================================================
1 60 47 54 3 11 0 0.00 M M 2.8 9 280 M M 0 1 12 280
2 64 46 55 4 10 0 0.80 M M 6.9 22 160 M M 6 18 33 150
3 60 46 53 2 12 0 0.08 M M 6.2 17 330 M M 6 1 24 340
4 61 42 52 1 13 0 0.00 M M 2.4 9 250 M M 0 13 250
5 64 46 55 4 10 0 0.00 M M 4.6 15 340 M M 2 21 340
6 57 42 50 -1 15 0 0.11 M M 8.4 20 290 M M 3 18 26 300
7 56 35 46 -5 19 0 0.00 M M 4.1 15 310 M M 0 19 290
8 59 37 48 -3 17 0 0.00 M M 2.7 8 280 M M 2 12 260
9 59 45 52 1 13 0 0.03 M M 6.8 18 280 M M 7 18 25 270
10 57 39 48 -3 17 0 0.26 M M 9.9 25 290 M M 6 18 39 290
11 55 37 46 -5 19 0 0.00 M M 3.3 10 350 M M 0 15 350
12 57 39 48 -3 17 0 0.00 M M 3.0 9 290 M M 2 12 140
13 58 47 53 2 12 0 0.78 M M 8.2 16 160 M M 10 1 22 150
14 61 51 56 5 9 0 0.35 M M 5.8 15 150 M M 5 1 19 150
15 62 47 55 4 10 0 0.00 M M 4.6 13 50 M M 3 16 40
16 59 47 53 2 12 0 0.55 M M 3.5 13 150 M M 8 1 16 150
17 61 48 55 4 10 0 0.02 M M 3.6 10 140 M M 5 1 14 150
18 63 46 55 4 10 0 0.00 M M 3.9 12 50 M M 0 15 50
19 59 50 55 4 10 0 0.10 M M 6.7 18 140 M M 5 18 26 140
20 61 56 59 8 6 0 0.31 M M 8.1 14 150 M M 10 1 20 140
21 64 54 59 8 6 0 0.49 M M 11.8 22 170 M M 9 1 31 160
22 63 56 60 9 5 0 1.22 M M 6.8 24 140 M M 10 1 33 140
23 62 54 58 6 7 0 T M M 4.5 17 280 M M 8 1 23 280
24 63 54 59 7 6 0 0.74 M M 7.6 18 150 M M 10 1 28 130
25 62 49 56 4 9 0 0.00 M M 4.3 15 280 M M 5 1 19 260
26 63 51 57 5 8 0 0.00 M M 3.1 9 240 M M 3 12 220
27 65 51 58 6 7 0 0.00 M M 4.9 14 40 M M 0 19 50
28 71 53 62 10 3 0 0.00 M M 4.1 14 60 M M 0 19 30
29 74 51 63 11 2 0 0.00 M M 3.9 12 290 M M 0 15 290
30 68 53 61 9 4 0 0.00 M M 4.9 13 300 M M 0 8 15 280
31 63 55 59 7 6 0 0.76 M M 12.9 28 150 M M 6 1 39 150
================================================================================
SM 1911 1474 315 0 6.60 M 174.3 M 131
================================================================================
AV 61.6 47.5 5.6 FASTST M M 4 MAX(MPH)
MISC ----> 28 150 # 39 290
================================================================================
NOTES:
# LAST OF SEVERAL OCCURRENCES
COLUMN 17 PEAK WIND IN M.P.H.
PRELIMINARY LOCAL CLIMATOLOGICAL DATA (WS FORM: F-6) , PAGE 2
STATION: HAYWARD AIRPORT
MONTH: JANUARY
YEAR: 2024
LATITUDE: 37 39 N
LONGITUDE: 122 7 W
[TEMPERATURE DATA] [PRECIPITATION DATA] SYMBOLS USED IN COLUMN 16
AVERAGE MONTHLY: 54.6 TOTAL FOR MONTH: 6.60 1 = FOG OR MIST
DPTR FM NORMAL: 3.4 DPTR FM NORMAL: 3.69 2 = FOG REDUCING VISIBILITY
HIGHEST: 74 ON 29 GRTST 24HR 1.22 ON 22-22 TO 1/4 MILE OR LESS
LOWEST: 35 ON 7 3 = THUNDER
SNOW, ICE PELLETS, HAIL 4 = ICE PELLETS
TOTAL MONTH: M 5 = HAIL
GRTST 24HR M ON M 6 = FREEZING RAIN OR DRIZZLE
GRTST DEPTH: M ON M 7 = DUSTSTORM OR SANDSTORM:
VSBY 1/2 MILE OR LESS
8 = SMOKE OR HAZE
[NO. OF DAYS WITH] [WEATHER - DAYS WITH] 9 = BLOWING SNOW
X = TORNADO
MAX 32 OR BELOW: 0 0.01 INCH OR MORE: 15
MAX 90 OR ABOVE: 0 0.10 INCH OR MORE: 12
MIN 32 OR BELOW: 0 0.50 INCH OR MORE: 6
MIN 0 OR BELOW: 0 1.00 INCH OR MORE: 1
[HDD (BASE 65) ]
TOTAL THIS MO. 315 CLEAR (SCALE 0-3) 15
DPTR FM NORMAL -113 PTCLDY (SCALE 4-7) 11
TOTAL FM JUL 1 898 CLOUDY (SCALE 8-10) 5
DPTR FM NORMAL -382
[CDD (BASE 65) ]
TOTAL THIS MO. 0
DPTR FM NORMAL 0 [PRESSURE DATA]
TOTAL FM JAN 1 0 HIGHEST SLP M ON M
DPTR FM NORMAL 0 LOWEST SLP 29.61 ON 31
[REMARKS]
#FINAL-01-24#