000
CXUS56 KMTR 010845
CF6HWD
PRELIMINARY LOCAL CLIMATOLOGICAL DATA (WS FORM: F-6)
STATION: HAYWARD AIRPORT
MONTH: NOVEMBER
YEAR: 2020
LATITUDE: 37 39 N
LONGITUDE: 122 7 W
TEMPERATURE IN F: :PCPN: SNOW: WIND :SUNSHINE: SKY :PK WND
================================================================================
1 2 3 4 5 6A 6B 7 8 9 10 11 12 13 14 15 16 17 18
12Z AVG MX 2MIN
DY MAX MIN AVG DEP HDD CDD WTR SNW DPTH SPD SPD DIR MIN PSBL S-S WX SPD DR
================================================================================
1 77 51 64 4 1 0 0.00 M M 2.8 8 60 M M 0 10 290
2 80 51 66 7 0 1 0.00 M M 3.0 14 290 M M 0 8 16 290
3 72 50 61 2 4 0 0.00 M M 4.3 17 310 M M 1 18 20 310
4 75 51 63 4 2 0 0.00 M M 3.0 10 290 M M 2 14 290
5 79 54 67 9 0 2 0.00 M M 3.8 12 280 M M 0 128 14 270
6 63 53 58 0 7 0 T M M 11.3 22 290 M M 4 28 290
7 62 49 56 -2 9 0 0.00 M M 6.9 17 270 M M 5 23 270
8 61 40 51 -7 14 0 0.03 M M 11.6 36 340 M M 1 49 310
9 60 38 49 -8 16 0 0.00 M M 5.1 12 250 M M 0 13 250
10 63 40 52 -5 13 0 T M M 4.6 10 330 M M 3 8 12 270
11 64 50 57 0 8 0 0.00 M M 4.4 10 340 M M 5 8 14 30
12 65 44 55 -1 10 0 0.00 M M 5.9 13 300 M M 0 16 300
13 62 45 54 -2 11 0 0.02 M M 6.2 18 190 M M 6 8 24 190
14 62 46 54 -2 11 0 0.00 M M 3.7 12 290 M M 3 128 14 290
15 66 44 55 -1 10 0 0.00 M M 2.7 7 70 M M 0 10 280
16 75 48 62 7 3 0 0.00 M M 3.1 13 50 M M 0 17 60
17 67 54 61 6 4 0 0.22 M M 7.1 26 160 M M 5 8 36 160
18 66 52 59 4 6 0 0.13 M M 5.9 14 240 M M 6 18 18 250
19 65 44 55 1 10 0 0.00 M M 5.7 15 290 M M 2 128 17 300
20 67 44 56 2 9 0 0.00 M M 4.6 13 280 M M 0 14 280
21 64 42 53 -1 12 0 0.00 M M 3.9 9 50 M M 0 12 70
22 62 41 52 -2 13 0 0.00 M M 4.9 16 290 M M 1 20 290
23 62 49 56 3 9 0 0.03 M M 3.9 13 280 M M 4 18 15 280
24 67 44 56 3 9 0 0.00 M M 5.7 14 280 M M 1 17 280
25 64 46 55 2 10 0 0.00 M M 7.1 16 290 M M 3 21 290
26 67 40 54 1 11 0 0.00 M M 6.0 20 10 M M 0 30 20
27 65 40 53 1 12 0 0.00 M M 3.2 9 290 M M 0 13 270
28 61 39 50 -2 15 0 0.00 M M 4.4 9 280 M M 0 11 270
29 62 39 51 -1 14 0 0.00 M M 3.3 9 270 M M 0 12 270
30 64 39 52 0 13 0 0.00 M M 3.1 12 280 M M 0 14 290
================================================================================
SM 1989 1367 266 3 0.43 M 151.2 M 52
================================================================================
AV 66.3 45.6 5.0 FASTST M M 2 MAX(MPH)
MISC ----> 36 340 49 310
================================================================================
NOTES:
# LAST OF SEVERAL OCCURRENCES
COLUMN 17 PEAK WIND IN M.P.H.
PRELIMINARY LOCAL CLIMATOLOGICAL DATA (WS FORM: F-6) , PAGE 2
STATION: HAYWARD AIRPORT
MONTH: NOVEMBER
YEAR: 2020
LATITUDE: 37 39 N
LONGITUDE: 122 7 W
[TEMPERATURE DATA] [PRECIPITATION DATA] SYMBOLS USED IN COLUMN 16
AVERAGE MONTHLY: 55.9 TOTAL FOR MONTH: 0.43 1 = FOG OR MIST
DPTR FM NORMAL: 0.4 DPTR FM NORMAL: -1.74 2 = FOG REDUCING VISIBILITY
HIGHEST: 80 ON 2 GRTST 24HR 0.28 ON 17-18 TO 1/4 MILE OR LESS
LOWEST: 38 ON 9 3 = THUNDER
SNOW, ICE PELLETS, HAIL 4 = ICE PELLETS
TOTAL MONTH: M 5 = HAIL
GRTST 24HR M ON M 6 = FREEZING RAIN OR DRIZZLE
GRTST DEPTH: M ON M 7 = DUSTSTORM OR SANDSTORM:
VSBY 1/2 MILE OR LESS
8 = SMOKE OR HAZE
[NO. OF DAYS WITH] [WEATHER - DAYS WITH] 9 = BLOWING SNOW
X = TORNADO
MAX 32 OR BELOW: 0 0.01 INCH OR MORE: 5
MAX 90 OR ABOVE: 0 0.10 INCH OR MORE: 2
MIN 32 OR BELOW: 0 0.50 INCH OR MORE: 0
MIN 0 OR BELOW: 0 1.00 INCH OR MORE: 0
[HDD (BASE 65) ]
TOTAL THIS MO. 266 CLEAR (SCALE 0-3) 22
DPTR FM NORMAL -20 PTCLDY (SCALE 4-7) 8
TOTAL FM JUL 1 290 CLOUDY (SCALE 8-10) 0
DPTR FM NORMAL -200
[CDD (BASE 65) ]
TOTAL THIS MO. 3
DPTR FM NORMAL 2 [PRESSURE DATA]
TOTAL FM JAN 1 757 HIGHEST SLP M ON M
DPTR FM NORMAL 464 LOWEST SLP 29.69 ON 7
[REMARKS]
#FINAL-11-20#