000
CXUS56 KMTR 142207
CF6HWD
PRELIMINARY LOCAL CLIMATOLOGICAL DATA (WS FORM: F-6)
STATION: HAYWARD AIRPORT
MONTH: JULY
YEAR: 2020
LATITUDE: 37 39 N
LONGITUDE: 122 7 W
TEMPERATURE IN F: :PCPN: SNOW: WIND :SUNSHINE: SKY :PK WND
================================================================================
1 2 3 4 5 6A 6B 7 8 9 10 11 12 13 14 15 16 17 18
12Z AVG MX 2MIN
DY MAX MIN AVG DEP HDD CDD WTR SNW DPTH SPD SPD DIR MIN PSBL S-S WX SPD DR
================================================================================
1 75 57 66 1 0 1 0.00 M M 7.7 18 300 M M 2 22 320
2 74 57 66 1 0 1 0.00 M M 9.7 17 280 M M 3 22 290
3 73 57 65 0 0 0 0.00 M M 7.4 18 290 M M 2 21 290
4 82 55 69 4 0 4 0.00 M M 6.1 15 280 M M 0 8 17 290
5 75 58 67 2 0 2 0.00 M M 5.9 16 280 M M 0 8 20 290
6 70 57 64 -1 1 0 0.00 M M 11.4 22 260 M M 1 26 260
7 76 56 66 1 0 1 0.00 M M 8.7 17 260 M M 2 21 260
8 78 56 67 2 0 2 0.00 M M 7.6 17 280 M M 0 21 290
9 79 56 68 3 0 3 0.00 M M 5.6 16 280 M M 0 20 290
10 79 55 67 2 0 2 0.00 M M 5.8 14 290 M M 0 23 250
11 82 58 70 5 0 5 0.00 M M 5.1 16 290 M M 0 19 280
12 85 59 72 7 0 7 0.00 M M 6.0 17 290 M M 0 20 290
13 73 58 66 1 0 1 0.00 M M 9.1 18 300 M M 2 22 280
14 74 59 67 2 0 2 0.00 M M 9.0 18 330 M M 3 23 330
15 76 59 68 3 0 3 0.00 M M 8.4 18 310 M M 3 22 310
16 73 59 66 1 0 1 0.00 M M 9.8 20 310 M M 5 25 300
17 76 60 68 3 0 3 0.00 M M 8.7 18 330 M M 4 22 330
18 77 59 68 3 0 3 0.00 M M 8.7 17 290 M M 2 22 290
19 73 59 66 1 0 1 0.00 M M 9.9 18 290 M M 5 23 290
20 70 59 65 0 0 0 0.00 M M 10.8 20 310 M M 7 26 320
21 72 58 65 0 0 0 0.00 M M 8.4 21 290 M M 7 23 290
22 76 60 68 3 0 3 0.00 M M 9.3 20 310 M M 6 23 290
23 75 59 67 2 0 2 0.00 M M 7.7 18 290 M M 6 23 300
24 70 58 64 -1 1 0 0.00 M M 9.5 18 290 M M 5 23 290
25 78 60 69 4 0 4 0.00 M M 7.0 18 320 M M 3 23 310
26 75 59 67 2 0 2 0.00 M M 8.7 17 300 M M 3 21 290
27 76 58 67 2 0 2 0.00 M M 8.6 18 300 M M 3 22 300
28 72 58 65 0 0 0 0.00 M M 7.7 17 290 M M 5 20 280
29 73 58 66 1 0 1 0.00 M M 7.9 17 290 M M 4 21 290
30 73 59 66 0 0 1 0.00 M M 8.6 18 290 M M 6 20 290
31 71 58 65 -1 0 0 0.00 M M 7.5 16 280 M M 6 20 280
================================================================================
SM 2331 1798 2 57 0.00 M 252.3 M 95
================================================================================
AV 75.2 58.0 8.1 FASTST M M 3 MAX(MPH)
MISC ----> 22 260 # 26 260
================================================================================
NOTES:
# LAST OF SEVERAL OCCURRENCES
COLUMN 17 PEAK WIND IN M.P.H.
PRELIMINARY LOCAL CLIMATOLOGICAL DATA (WS FORM: F-6) , PAGE 2
STATION: HAYWARD AIRPORT
MONTH: JULY
YEAR: 2020
LATITUDE: 37 39 N
LONGITUDE: 122 7 W
[TEMPERATURE DATA] [PRECIPITATION DATA] SYMBOLS USED IN COLUMN 16
AVERAGE MONTHLY: 66.6 TOTAL FOR MONTH: 0.00 1 = FOG OR MIST
DPTR FM NORMAL: 1.4 DPTR FM NORMAL: 0.00 2 = FOG REDUCING VISIBILITY
HIGHEST: 85 ON 12 GRTST 24HR 0.03 ON 22-22 TO 1/4 MILE OR LESS
LOWEST: 55 ON 10, 4 3 = THUNDER
SNOW, ICE PELLETS, HAIL 4 = ICE PELLETS
TOTAL MONTH: M 5 = HAIL
GRTST 24HR M ON M 6 = FREEZING RAIN OR DRIZZLE
GRTST DEPTH: M ON M 7 = DUSTSTORM OR SANDSTORM:
VSBY 1/2 MILE OR LESS
8 = SMOKE OR HAZE
[NO. OF DAYS WITH] [WEATHER - DAYS WITH] 9 = BLOWING SNOW
X = TORNADO
MAX 32 OR BELOW: 0 0.01 INCH OR MORE: 0
MAX 90 OR ABOVE: 0 0.10 INCH OR MORE: 0
MIN 32 OR BELOW: 0 0.50 INCH OR MORE: 0
MIN 0 OR BELOW: 0 1.00 INCH OR MORE: 0
[HDD (BASE 65) ]
TOTAL THIS MO. 2 CLEAR (SCALE 0-3) 16
DPTR FM NORMAL -43 PTCLDY (SCALE 4-7) 15
TOTAL FM JUL 1 2 CLOUDY (SCALE 8-10) 0
DPTR FM NORMAL -43
[CDD (BASE 65) ]
TOTAL THIS MO. 57
DPTR FM NORMAL 6 [PRESSURE DATA]
TOTAL FM JAN 1 192 HIGHEST SLP 30.09 ON 31
DPTR FM NORMAL 71 LOWEST SLP 29.82 ON 1
[REMARKS]
#FINAL-07-20#