000
CXUS56 KMTR 010900
CF6HWD
PRELIMINARY LOCAL CLIMATOLOGICAL DATA (WS FORM: F-6)
STATION: HAYWARD AIRPORT
MONTH: JULY
YEAR: 2023
LATITUDE: 37 39 N
LONGITUDE: 122 7 W
TEMPERATURE IN F: :PCPN: SNOW: WIND :SUNSHINE: SKY :PK WND
================================================================================
1 2 3 4 5 6A 6B 7 8 9 10 11 12 13 14 15 16 17 18
12Z AVG MX 2MIN
DY MAX MIN AVG DEP HDD CDD WTR SNW DPTH SPD SPD DIR MIN PSBL S-S WX SPD DR
================================================================================
1 93 56 75 9 0 10 0.00 M M 4.6 15 310 M M 0 18 300
2 88 62 75 9 0 10 0.00 M M 6.5 14 280 M M 0 20 230
3 75 57 66 0 0 1 0.00 M M 9.3 18 310 M M 0 26 310
4 72 58 65 -1 0 0 0.00 M M 9.1 18 310 M M 5 8 25 310
5 72 58 65 -1 0 0 0.00 M M 9.9 18 290 M M 6 24 300
6 68 58 63 -3 2 0 0.00 M M 10.5 17 290 M M 8 24 300
7 64 55 60 -6 5 0 T M M 11.9 18 260 M M 9 1 26 260
8 65 56 61 -5 4 0 0.00 M M 14.0 21 260 M M 9 28 250
9 62 55 59 -7 6 0 0.00 M M 11.0 18 290 M M 10 24 300
10 69 55 62 -4 3 0 T M M 7.8 15 290 M M 5 21 270
11 78 54 66 0 0 1 0.00 M M 6.8 16 290 M M 0 21 290
12 72 57 65 -1 0 0 0.00 M M 6.0 17 280 M M 4 21 290
13 76 56 66 0 0 1 0.00 M M 6.1 15 280 M M 2 18 280
14 79 56 68 2 0 3 0.00 M M 6.9 15 290 M M 3 19 290
15 84 57 71 5 0 6 0.00 M M 5.8 13 280 M M 3 15 260
16 85 59 72 6 0 7 0.00 M M 6.3 15 280 M M 1 19 280
17 85 61 73 7 0 8 0.00 M M 7.9 17 320 M M 0 20 290
18 76 58 67 1 0 2 0.00 M M 8.7 18 290 M M 2 24 290
19 74 58 66 0 0 1 0.00 M M 8.1 18 290 M M 5 23 290
20 81 59 70 4 0 5 0.00 M M 5.8 15 290 M M 4 20 280
21 81 59 70 4 0 5 0.00 M M 5.8 15 290 M M 0 18 280
22 86 56 71 5 0 6 0.00 M M 6.1 13 300 M M 0 16 290
23 76 59 68 2 0 3 0.00 M M 7.0 14 300 M M 0 21 270
24 72 57 65 -1 0 0 0.00 M M 7.1 14 280 M M 1 19 280
25 81 58 70 4 0 5 0.00 M M 6.1 14 290 M M 0 18 280
26 76 58 67 1 0 2 0.00 M M 8.0 16 310 M M 3 26 280
27 70 59 65 -1 0 0 0.00 M M 8.6 18 270 M M 5 25 270
28 74 57 66 0 0 1 0.00 M M 7.2 15 300 M M 2 20 280
29 74 57 66 0 0 1 0.00 M M 7.4 16 280 M M 5 21 290
30 77 57 67 1 0 2 0.00 M M 6.0 15 280 M M 3 20 280
31 75 59 67 1 0 2 0.00 M M 6.9 17 280 M M 2 23 280
================================================================================
SM 2360 1781 20 82 T M 239.2 M 97
================================================================================
AV 76.1 57.5 7.7 FASTST M M 3 MAX(MPH)
MISC ----> 21 260 28 250
================================================================================
NOTES:
# LAST OF SEVERAL OCCURRENCES
COLUMN 17 PEAK WIND IN M.P.H.
PRELIMINARY LOCAL CLIMATOLOGICAL DATA (WS FORM: F-6) , PAGE 2
STATION: HAYWARD AIRPORT
MONTH: JULY
YEAR: 2023
LATITUDE: 37 39 N
LONGITUDE: 122 7 W
[TEMPERATURE DATA] [PRECIPITATION DATA] SYMBOLS USED IN COLUMN 16
AVERAGE MONTHLY: 66.8 TOTAL FOR MONTH: T 1 = FOG OR MIST
DPTR FM NORMAL: 0.7 DPTR FM NORMAL: -0.00 2 = FOG REDUCING VISIBILITY
HIGHEST: 93 ON 1 GRTST 24HR T ON 7- 7 TO 1/4 MILE OR LESS
LOWEST: 54 ON 11 3 = THUNDER
SNOW, ICE PELLETS, HAIL 4 = ICE PELLETS
TOTAL MONTH: M 5 = HAIL
GRTST 24HR M ON M 6 = FREEZING RAIN OR DRIZZLE
GRTST DEPTH: M ON M 7 = DUSTSTORM OR SANDSTORM:
VSBY 1/2 MILE OR LESS
8 = SMOKE OR HAZE
[NO. OF DAYS WITH] [WEATHER - DAYS WITH] 9 = BLOWING SNOW
X = TORNADO
MAX 32 OR BELOW: 0 0.01 INCH OR MORE: 0
MAX 90 OR ABOVE: 1 0.10 INCH OR MORE: 0
MIN 32 OR BELOW: 0 0.50 INCH OR MORE: 0
MIN 0 OR BELOW: 0 1.00 INCH OR MORE: 0
[HDD (BASE 65) ]
TOTAL THIS MO. 20 CLEAR (SCALE 0-3) 17
DPTR FM NORMAL -9 PTCLDY (SCALE 4-7) 11
TOTAL FM JUL 1 20 CLOUDY (SCALE 8-10) 3
DPTR FM NORMAL -11
[CDD (BASE 65) ]
TOTAL THIS MO. 82
DPTR FM NORMAL 20 [PRESSURE DATA]
TOTAL FM JAN 1 97 HIGHEST SLP M ON M
DPTR FM NORMAL -48 LOWEST SLP 29.81 ON 22
[REMARKS]
#FINAL-07-23#