000
CXUS52 KMFL 011130
CF6HWO
PRELIMINARY LOCAL CLIMATOLOGICAL DATA (WS FORM: F-6)
STATION: NORTH PERRY ARPT
MONTH: JANUARY
YEAR: 2023
LATITUDE: 26 0 N
LONGITUDE: 80 14 W
TEMPERATURE IN F: :PCPN: SNOW: WIND :SUNSHINE: SKY :PK WND
================================================================================
1 2 3 4 5 6A 6B 7 8 9 10 11 12 13 14 15 16 17 18
12Z AVG MX 2MIN
DY MAX MIN AVG DEP HDD CDD WTR SNW DPTH SPD SPD DIR MIN PSBL S-S WX SPD DR
================================================================================
1 86 65 76 7 0 11 0.00 0.0 0 3.3 10 110 M M 2 128 14 120
2 84 66 75 6 0 10 0.00 0.0 M 6.5 16 80 M M 2 20 90
3 83 72 78 9 0 13 0.00 0.0 M 9.6 17 130 M M 4 21 130
4 84 70 77 9 0 12 0.00 0.0 M 7.3 16 170 M M 1 21 170
5 85 66 76 8 0 11 0.00 M M 5.1 13 140 M M 1 1 15 150
6 79 62 71 3 0 6 0.00 M M 9.1 18 10 M M 0 21 330
7 78 57 68 0 0 3 0.00 M M 7.2 15 60 M M 1 20 90
8 80 58 69 1 0 4 0.00 M M 5.4 15 80 M M 3 18 130
9 80 61 71 3 0 6 0.00 M M 5.7 16 340 M M 1 20 350
10 79 57 68 0 0 3 0.00 M M 5.7 13 280 M M 0 17 250
11 79 51 65 -3 0 0 0.00 0.0 0 4.4 13 70 M M 0 17 90
12 81 56 69 1 0 4 0.00 0.0 0 3.7 16 140 M M 1 20 120
13 82 56 69 1 0 4 0.02 0.0 0 11.5 26 250 M M 2 33 240
14 61 46 54 -14 11 0 0.00 M M 15.7 24 310 M M 0 31 310
15 63 40 52 -16 13 0 0.00 0.0 0 6.6 14 340 M M 0 17 320
16 74 43 59 -9 6 0 0.00 0.0 0 2.8 12 120 M M 0 14 120
17 76 50 63 -5 2 0 0.00 0.0 0 3.8 16 150 M M 1 22 150
18 80 55 68 0 0 3 0.00 0.0 0 3.7 17 130 M M 3 23 130
19 84 58 71 3 0 6 0.00 M M 5.1 16 150 M M 0 19 160
20 83 63 73 5 0 8 0.00 M M 3.2 12 150 M M 3 14 180
21 84 64 74 6 0 9 0.00 0.0 0 4.2 13 120 M M 1 20 100
22 85 67 76 8 0 11 0.00 0.0 0 9.2 21 170 M M 2 27 170
23 88 68 78 10 0 13 0.00 0.0 0 9.6 21 300 M M 2 26 310
24 80 66 73 5 0 8 T M M 11.9 20 100 M M 8 24 70
25 82 73 78 10 0 13 0.04 0.0 0 11.4 21 150 M M 2 30 140
26 80 67 74 6 0 9 0.00 0.0 0 7.0 17 330 M M 4 21 340
27 69 61 65 -3 0 0 0.00 0.0 0 11.5 17 340 M M 6 21 10
28 78 64 71 3 0 6 0.00 0.0 0 12.1 23 80 M M 9 29 80
29 82 72 77 9 0 12 0.00 0.0 0 12.5 21 70 M M 3 26 110
30 84 68 76 8 0 11 0.06 M M 5.8 14 140 M M 2 1 22 130
31 83 66 75 6 0 10 0.00 M M 6.1 14 130 M M 2 18 120
================================================================================
SM 2476 1888 32 206 0.12 0.0 226.7 M 66
================================================================================
AV 79.9 60.9 7.3 FASTST M M 2 MAX(MPH)
MISC ----> 26 250 33 240
================================================================================
NOTES:
# LAST OF SEVERAL OCCURRENCES
COLUMN 17 PEAK WIND IN M.P.H.
PRELIMINARY LOCAL CLIMATOLOGICAL DATA (WS FORM: F-6) , PAGE 2
STATION: NORTH PERRY ARPT
MONTH: JANUARY
YEAR: 2023
LATITUDE: 26 0 N
LONGITUDE: 80 14 W
[TEMPERATURE DATA] [PRECIPITATION DATA] SYMBOLS USED IN COLUMN 16
AVERAGE MONTHLY: 70.4 TOTAL FOR MONTH: 0.12 1 = FOG OR MIST
DPTR FM NORMAL: 2.3 DPTR FM NORMAL: -2.59 2 = FOG REDUCING VISIBILITY
HIGHEST: 88 ON 23 GRTST 24HR 0.06 ON 30-30 TO 1/4 MILE OR LESS
LOWEST: 40 ON 15 3 = THUNDER
SNOW, ICE PELLETS, HAIL 4 = ICE PELLETS
TOTAL MONTH: 0.0 INCH 5 = HAIL
GRTST 24HR 0.0 6 = FREEZING RAIN OR DRIZZLE
GRTST DEPTH: 0 7 = DUSTSTORM OR SANDSTORM:
VSBY 1/2 MILE OR LESS
8 = SMOKE OR HAZE
[NO. OF DAYS WITH] [WEATHER - DAYS WITH] 9 = BLOWING SNOW
X = TORNADO
MAX 32 OR BELOW: 0 0.01 INCH OR MORE: 3
MAX 90 OR ABOVE: 0 0.10 INCH OR MORE: 0
MIN 32 OR BELOW: 0 0.50 INCH OR MORE: 0
MIN 0 OR BELOW: 0 1.00 INCH OR MORE: 0
[HDD (BASE 65) ]
TOTAL THIS MO. 32 CLEAR (SCALE 0-3) 24
DPTR FM NORMAL -18 PTCLDY (SCALE 4-7) 6
TOTAL FM JUL 1 80 CLOUDY (SCALE 8-10) 1
DPTR FM NORMAL -10
[CDD (BASE 65) ]
TOTAL THIS MO. 206
DPTR FM NORMAL 58 [PRESSURE DATA]
TOTAL FM JAN 1 206 HIGHEST SLP 30.31 ON 28
DPTR FM NORMAL 58 LOWEST SLP 29.86 ON 13
[REMARKS]
#FINAL-01-23#