000
CXUS52 KMFL 011030
CF6HWO
PRELIMINARY LOCAL CLIMATOLOGICAL DATA (WS FORM: F-6)
STATION: NORTH PERRY ARPT
MONTH: JULY
YEAR: 2021
LATITUDE: 26 0 N
LONGITUDE: 80 14 W
TEMPERATURE IN F: :PCPN: SNOW: WIND :SUNSHINE: SKY :PK WND
================================================================================
1 2 3 4 5 6A 6B 7 8 9 10 11 12 13 14 15 16 17 18
12Z AVG MX 2MIN
DY MAX MIN AVG DEP HDD CDD WTR SNW DPTH SPD SPD DIR MIN PSBL S-S WX SPD DR
================================================================================
1 82 72 77 -7 0 12 0.29 M M 3.3 20 90 M M 3 3 23 100
2 89 71 80 -4 0 15 0.01 M M 4.9 16 260 M M 3 3 21 240
3 94 74 84 0 0 19 T M M 6.9 23 270 M M 1 35 280
4 90 78 84 0 0 19 0.00 0.0 0 6.5 16 110 M M 1 20 110
5 90 75 83 -1 0 18 0.24 M M 8.4 28 160 M M 3 138 36 160
6 85 74 80 -4 0 15 0.37 0.0 M 10.6 22 160 M M 4 13 30 180
7 86 78 82 -2 0 17 0.02 M M 8.1 17 160 M M 3 21 140
8 90 75 83 -1 0 18 0.21 0.0 M 5.8 18 130 M M 3 3 23 130
9 90 75 83 -1 0 18 0.03 M M 6.7 23 330 M M 2 28 310
10 87 75 81 -3 0 16 T 0.0 0 5.4 17 100 M M 2 3 22 100
11 88 74 81 -3 0 16 0.01 0.0 0 8.8 20 80 M M 3 13 25 80
12 85 69 77 -7 0 12 0.01 0.0 0 8.6 28 40 M M 5 13 34 40
13 86 74 80 -4 0 15 0.65 0.0 0 8.8 22 70 M M 4 13 25 160
14 87 74 81 -3 0 16 0.20 0.0 0 7.9 24 140 M M 4 1 28 140
15 88 76 82 -2 0 17 0.01 0.0 0 10.4 20 70 M M 3 25 70
16 88 77 83 -1 0 18 0.07 0.0 0 10.0 18 70 M M 3 3 23 100
17 88 76 82 -2 0 17 0.09 0.0 0 7.0 20 120 M M 2 3 22 120
18 90 79 85 1 0 20 0.00 0.0 0 9.4 17 100 M M 2 25 110
19 90 79 85 1 0 20 T 0.0 0 8.8 18 130 M M 2 23 110
20 88 76 82 -2 0 17 0.51 0.0 0 5.2 15 280 M M 4 13 22 140
21 M M M M M M 0.00 0.0 0 M M M M M M M M
22 M M M M M M 0.00 M M M M M M M M M M
23 92 78 85 0 0 20 0.13 M M 5.1 16 120 M M 2 3 21 190
24 91 79 85 0 0 20 0.00 M M 7.3 21 260 M M 4 3 25 260
25 91 78 85 0 0 20 0.02 M M 4.9 17 90 M M 2 3 21 90
26 91 77 84 -1 0 19 T 0.0 0 5.2 17 140 M M 2 3 21 130
27 91 78 85 0 0 20 0.12 0.0 0 4.2 18 260 M M 4 3 25 260
28 92 72 82 -3 0 17 0.68 M M 2.8 26 250 M M 2 138 34 20
29 91 76 84 -1 0 19 0.03 M M 4.6 17 150 M M 2 3 21 160
30 92 76 84 -1 0 19 T M M 4.6 15 190 M M 2 3 18 200
31 92 78 85 0 0 20 0.00 M M 5.9 15 120 M M 2 3 23 110
================================================================================
SM 2584 2193 0 509 3.70 0.0 196.1 M 79
================================================================================
AV 89.1 75.6 6.8 FASTST M M 3 MAX(MPH)
MISC ----> # 28 160 36 160
================================================================================
NOTES:
# LAST OF SEVERAL OCCURRENCES
COLUMN 17 PEAK WIND IN M.P.H.
PRELIMINARY LOCAL CLIMATOLOGICAL DATA (WS FORM: F-6) , PAGE 2
STATION: NORTH PERRY ARPT
MONTH: JULY
YEAR: 2021
LATITUDE: 26 0 N
LONGITUDE: 80 14 W
[TEMPERATURE DATA] [PRECIPITATION DATA] SYMBOLS USED IN COLUMN 16
AVERAGE MONTHLY: 82.4 TOTAL FOR MONTH: 3.70 1 = FOG OR MIST
DPTR FM NORMAL: -2.0 DPTR FM NORMAL: -3.12 2 = FOG REDUCING VISIBILITY
HIGHEST: 94 ON 3 GRTST 24HR 1.24 ON 30- 1 TO 1/4 MILE OR LESS
LOWEST: 69 ON 12 3 = THUNDER
SNOW, ICE PELLETS, HAIL 4 = ICE PELLETS
TOTAL MONTH: 0.0 INCH 5 = HAIL
GRTST 24HR 0.0 6 = FREEZING RAIN OR DRIZZLE
GRTST DEPTH: 0 7 = DUSTSTORM OR SANDSTORM:
VSBY 1/2 MILE OR LESS
8 = SMOKE OR HAZE
[NO. OF DAYS WITH] [WEATHER - DAYS WITH] 9 = BLOWING SNOW
X = TORNADO
MAX 32 OR BELOW: 0 0.01 INCH OR MORE: 20
MAX 90 OR ABOVE: 16 0.10 INCH OR MORE: 10
MIN 32 OR BELOW: 0 0.50 INCH OR MORE: 3
MIN 0 OR BELOW: 0 1.00 INCH OR MORE: 0
[HDD (BASE 65) ]
TOTAL THIS MO. 0 CLEAR (SCALE 0-3) 20
DPTR FM NORMAL 0 PTCLDY (SCALE 4-7) 9
TOTAL FM JUL 1 0 CLOUDY (SCALE 8-10) 2
DPTR FM NORMAL 0
[CDD (BASE 65) ]
TOTAL THIS MO. 509
DPTR FM NORMAL -92 [PRESSURE DATA]
TOTAL FM JAN 1 2469 HIGHEST SLP 30.28 ON 12
DPTR FM NORMAL -45 LOWEST SLP 29.89 ON 25
[REMARKS]
#FINAL-07-21#