000
CXUS54 KHGX 011410
CF6IAH
PRELIMINARY LOCAL CLIMATOLOGICAL DATA (WS FORM: F-6)
STATION: HOUSTON INTERCONTINENTAL
MONTH: MAY
YEAR: 2021
LATITUDE: 29 58 N
LONGITUDE: 95 21 W
TEMPERATURE IN F: :PCPN: SNOW: WIND :SUNSHINE: SKY :PK WND
================================================================================
1 2 3 4 5 6A 6B 7 8 9 10 11 12 13 14 15 16 17 18
12Z AVG MX 2MIN
DY MAX MIN AVG DEP HDD CDD WTR SNW DPTH SPD SPD DIR MIN PSBL S-S WX SPD DR
================================================================================
1 79 68 74 0 0 9 1.30 0.0 0 10.3 25 140 M M 9 13 33 130
2 88 70 79 5 0 14 0.08 0.0 0 9.3 17 150 M M 6 1 25 250
3 90 76 83 9 0 18 0.00 0.0 0 11.6 22 150 M M 7 8 27 140
4 88 64 76 2 0 11 0.78 0.0 0 8.1 22 340 M M 7 138 27 350
5 84 58 71 -3 0 6 0.00 0.0 0 7.9 17 30 M M 0 22 30
6 87 60 74 -1 0 9 0.00 0.0 0 5.7 16 40 M M 0 20 40
7 88 60 74 -1 0 9 0.00 0.0 0 6.6 20 160 M M 4 23 160
8 87 62 75 0 0 10 0.00 0.0 0 12.0 25 150 M M 6 32 150
9 89 77 83 7 0 18 T 0.0 0 11.5 21 160 M M 8 30 170
10 90 76 83 7 0 18 T 0.0 0 9.4 22 140 M M 8 18 27 140
11 90 67 79 3 0 14 0.08 0.0 0 12.9 33 10 M M 9 1 42 10
12 74 64 69 -7 0 4 0.02 0.0 0 12.3 22 10 M M 10 1 26 360
13 79 63 71 -6 0 6 T 0.0 0 7.0 17 20 M M 9 1 21 10
14 84 62 73 -4 0 8 0.00 0.0 0 7.4 15 140 M M 7 20 140
15 85 62 74 -3 0 9 0.00 0.0 0 9.1 21 140 M M 7 24 140
16 79 68 74 -3 0 9 0.18 0.0 0 7.9 20 160 M M 7 1 24 180
17 89 66 78 0 0 13 2.65 0.0 0 7.4 33 110 M M 8 13 43 60
18 83 65 74 -4 0 9 1.43 0.0 0 13.0 26 140 M M 8 13 36 290
19 71 65 68 -10 0 3 1.21 0.0 0 8.3 29 140 M M 10 13 36 140
20 82 66 74 -4 0 9 T 0.0 0 7.1 15 130 M M 9 1 18 120
21 83 71 77 -2 0 12 0.28 0.0 0 10.2 18 90 M M 10 1 24 80
22 83 73 78 -1 0 13 0.35 0.0 0 14.4 28 130 M M 9 1 33 150
23 80 71 76 -3 0 11 0.02 0.0 0 11.4 21 120 M M 10 1 24 120
24 81 70 76 -3 0 11 2.63 0.0 0 10.2 26 140 M M 9 13 33 150
25 84 74 79 -1 0 14 0.04 0.0 0 8.8 21 180 M M 7 13 27 170
26 88 71 80 0 0 15 0.00 0.0 0 6.9 18 130 M M 5 13 24 150
27 91 73 82 2 0 17 0.00 0.0 0 8.6 16 160 M M 6 20 180
28 87 70 79 -1 0 14 0.06 0.0 0 10.5 23 150 M M 8 3 29 270
29 91 69 80 0 0 15 0.03 0.0 0 6.1 26 350 M M 6 3 37 350
30 85 71 78 -3 0 13 0.03 0.0 0 9.9 18 80 M M 8 24 90
31 87 71 79 -2 0 14 0.00 0.0 0 11.2 22 130 M M 7 26 140
================================================================================
SM 2626 2103 0 355 11.17 0.0 293.0 M 224
================================================================================
AV 84.7 67.8 9.5 FASTST M M 7 MAX(MPH)
MISC ----> # 33 10 43 60
================================================================================
NOTES:
# LAST OF SEVERAL OCCURRENCES
COLUMN 17 PEAK WIND IN M.P.H.
PRELIMINARY LOCAL CLIMATOLOGICAL DATA (WS FORM: F-6) , PAGE 2
STATION: HOUSTON INTERCONTINENTAL
MONTH: MAY
YEAR: 2021
LATITUDE: 29 58 N
LONGITUDE: 95 21 W
[TEMPERATURE DATA] [PRECIPITATION DATA] SYMBOLS USED IN COLUMN 16
AVERAGE MONTHLY: 76.3 TOTAL FOR MONTH: 11.17 1 = FOG OR MIST
DPTR FM NORMAL: -1.1 DPTR FM NORMAL: 6.16 2 = FOG REDUCING VISIBILITY
HIGHEST: 91 ON 29,27 GRTST 24HR 2.65 ON 17-17 TO 1/4 MILE OR LESS
LOWEST: 58 ON 5 3 = THUNDER
SNOW, ICE PELLETS, HAIL 4 = ICE PELLETS
TOTAL MONTH: 0.0 INCH 5 = HAIL
GRTST 24HR 0.0 6 = FREEZING RAIN OR DRIZZLE
GRTST DEPTH: 0 7 = DUSTSTORM OR SANDSTORM:
VSBY 1/2 MILE OR LESS
8 = SMOKE OR HAZE
[NO. OF DAYS WITH] [WEATHER - DAYS WITH] 9 = BLOWING SNOW
X = TORNADO
MAX 32 OR BELOW: 0 0.01 INCH OR MORE: 17
MAX 90 OR ABOVE: 5 0.10 INCH OR MORE: 9
MIN 32 OR BELOW: 0 0.50 INCH OR MORE: 6
MIN 0 OR BELOW: 0 1.00 INCH OR MORE: 5
[HDD (BASE 65) ]
TOTAL THIS MO. 0 CLEAR (SCALE 0-3) 2
DPTR FM NORMAL -1 PTCLDY (SCALE 4-7) 17
TOTAL FM JUL 1 1265 CLOUDY (SCALE 8-10) 12
DPTR FM NORMAL 1
[CDD (BASE 65) ]
TOTAL THIS MO. 355
DPTR FM NORMAL -29 [PRESSURE DATA]
TOTAL FM JAN 1 658 HIGHEST SLP 30.26 ON 13
DPTR FM NORMAL -39 LOWEST SLP 29.58 ON 3
[REMARKS]
#FINAL-05-21#