000
CXUS53 KUNR 010930
CF6ICR
PRELIMINARY LOCAL CLIMATOLOGICAL DATA (WS FORM: F-6)
STATION: WINNER REGIONAL AIRPORT SD
MONTH: JUNE
YEAR: 2023
LATITUDE: 43 23 N
LONGITUDE: 99 50 W
TEMPERATURE IN F: :PCPN: SNOW: WIND :SUNSHINE: SKY :PK WND
================================================================================
1 2 3 4 5 6A 6B 7 8 9 10 11 12 13 14 15 16 17 18
12Z AVG MX 2MIN
DY MAX MIN AVG DEP HDD CDD WTR SNW DPTH SPD SPD DIR MIN PSBL S-S WX SPD DR
================================================================================
1 69 59 64 -1 1 0 M M M 4.9 8 150 M M 0 M M
2 M M M M M M M M M M M M M M M M M
3 M M M M M M M M M M M M M M M M M
4 M M M M M M M M M M M M M M M M M
5 88 56 72 6 0 7 0.00 M M 6.2 15 160 M M 1 18 21 150
6 89 60 75 8 0 10 0.00 M M 5.4 13 200 M M 1 17 130
7 93 66 80 13 0 15 0.00 M M 5.2 14 240 M M 1 19 250
8 94 62 78 11 0 13 0.00 M M 6.0 13 310 M M 1 16 260
9 87 63 75 7 0 10 0.00 M M 8.6 22 100 M M 1 29 110
10 75 61 68 0 0 3 0.55 M M 8.2 22 50 M M 8 138 31 50
11 74 53 64 -4 1 0 0.00 M M 7.6 15 60 M M 4 1 21 60
12 78 47 63 -6 2 0 0.00 M M 3.9 10 200 M M 0 15 200
13 83 49 66 -3 0 1 0.00 M M 4.4 12 330 M M 0 18 270
14 85 55 70 1 0 5 0.00 M M 6.1 14 180 M M 0 8 19 200
15 93 62 78 8 0 13 0.01 M M 9.1 28 260 M M 1 3 42 250
16 69 54 62 -8 3 0 T M M 13.2 21 300 M M 8 18 29 300
17 74 49 62 -8 3 0 0.00 M M 4.8 10 140 M M 0 18 14 210
18 90 51 71 0 0 6 0.00 M M 9.0 16 130 M M 0 18 24 140
19 102 69 86 15 0 21 0.00 M M 14.7 26 170 M M 0 39 180
20 96 73 85 14 0 20 0.00 M M 18.3 29 160 M M 0 42 160
21 82 67 75 3 0 10 0.10 M M 10.3 25 160 M M 3 13 37 150
22 88 63 76 4 0 11 0.05 M M 7.4 24 100 M M 2 138 34 100
23 88 65 77 5 0 12 0.15 M M 6.3 26 150 M M 4 138 38 160
24 79 56 68 -5 0 3 0.43 M M 15.7 40 310 M M 7 13 55 310
25 82 57 70 -3 0 5 0.00 M M 15.2 25 310 M M 1 38 280
26 82 53 68 -5 0 3 0.00 M M 6.4 15 130 M M 2 20 120
27 81 61 71 -3 0 6 0.09 M M 13.7 32 180 M M 5 138 45 180
28 88 62 75 1 0 10 0.00 M M 7.3 18 260 M M 1 18 26 200
29 92 63 78 4 0 13 0.02 M M 6.4 13 320 M M 0 18 330
30 84 64 74 0 0 9 0.01 M M 7.8 18 80 M M 4 3 26 70
================================================================================
SM 2285 1600 10 206 1.41 M 232.1 M 55
================================================================================
AV 84.6 59.3 8.6 FASTST M M 2 MAX(MPH)
MISC ----> 40 310 55 310
================================================================================
NOTES:
# LAST OF SEVERAL OCCURRENCES
COLUMN 17 PEAK WIND IN M.P.H.
PRELIMINARY LOCAL CLIMATOLOGICAL DATA (WS FORM: F-6) , PAGE 2
STATION: WINNER REGIONAL AIRPORT SD
MONTH: JUNE
YEAR: 2023
LATITUDE: 43 23 N
LONGITUDE: 99 50 W
[TEMPERATURE DATA] [PRECIPITATION DATA] SYMBOLS USED IN COLUMN 16
AVERAGE MONTHLY: 71.9 TOTAL FOR MONTH: 1.41 1 = FOG OR MIST
DPTR FM NORMAL: 2.1 DPTR FM NORMAL: -2.31 2 = FOG REDUCING VISIBILITY
HIGHEST: 102 ON 19 GRTST 24HR 0.58 ON 23-24 TO 1/4 MILE OR LESS
LOWEST: 47 ON 12 3 = THUNDER
SNOW, ICE PELLETS, HAIL 4 = ICE PELLETS
TOTAL MONTH: M 5 = HAIL
GRTST 24HR M ON M 6 = FREEZING RAIN OR DRIZZLE
GRTST DEPTH: M ON M 7 = DUSTSTORM OR SANDSTORM:
VSBY 1/2 MILE OR LESS
8 = SMOKE OR HAZE
[NO. OF DAYS WITH] [WEATHER - DAYS WITH] 9 = BLOWING SNOW
X = TORNADO
MAX 32 OR BELOW: 0 0.01 INCH OR MORE: 9
MAX 90 OR ABOVE: 7 0.10 INCH OR MORE: 4
MIN 32 OR BELOW: 0 0.50 INCH OR MORE: 1
MIN 0 OR BELOW: 0 1.00 INCH OR MORE: 0
[HDD (BASE 65) ]
TOTAL THIS MO. 10 CLEAR (SCALE 0-3) 19
DPTR FM NORMAL -29 PTCLDY (SCALE 4-7) 8
TOTAL FM JUL 1 6877 CLOUDY (SCALE 8-10) 3
DPTR FM NORMAL 458
[CDD (BASE 65) ]
TOTAL THIS MO. 206
DPTR FM NORMAL 22 [PRESSURE DATA]
TOTAL FM JAN 1 295 HIGHEST SLP 30.11 ON 5
DPTR FM NORMAL 65 LOWEST SLP 29.57 ON 19
[REMARKS]
#FINAL-06-23#