000
CXUS53 KUNR 010930
CF6ICR
PRELIMINARY LOCAL CLIMATOLOGICAL DATA (WS FORM: F-6)
STATION: WINNER REGIONAL AIRPORT SD
MONTH: MAY
YEAR: 2022
LATITUDE: 43 23 N
LONGITUDE: 99 50 W
TEMPERATURE IN F: :PCPN: SNOW: WIND :SUNSHINE: SKY :PK WND
================================================================================
1 2 3 4 5 6A 6B 7 8 9 10 11 12 13 14 15 16 17 18
12Z AVG MX 2MIN
DY MAX MIN AVG DEP HDD CDD WTR SNW DPTH SPD SPD DIR MIN PSBL S-S WX SPD DR
================================================================================
1 62 38 50 -3 15 0 0.00 M M 16.2 30 320 M M 0 40 320
2 52 34 43 -11 22 0 T M M 6.9 16 20 M M 2 1 22 30
3 55 33 44 -10 21 0 T M M 7.8 18 140 M M 6 24 150
4 54 35 45 -9 20 0 0.01 M M 9.6 15 140 M M 5 20 130
5 59 38 49 -6 16 0 T M M 8.1 14 100 M M 6 1 18 50
6 77 44 61 6 4 0 0.00 M M 16.3 26 140 M M 2 1 38 150
7 84 54 69 13 0 4 0.09 M M 15.4 35 180 M M 3 3 50 170
8 78 55 67 11 0 2 0.03 M M 10.0 22 160 M M 2 31 160
9 72 49 61 5 4 0 0.20 M M 13.7 39 260 M M 5 138 50 260
10 73 48 61 4 4 0 0.00 M M 6.3 17 100 M M 4 23 110
11 87 49 68 11 0 3 0.03 M M 11.3 24 110 M M 1 13 30 110
12 82 56 69 11 0 4 0.04 M M 12.9 35 260 M M 1 13 45 260
13 76 49 63 5 2 0 0.00 M M 13.8 26 260 M M 0 38 260
14 71 42 57 -1 8 0 T M M 7.9 18 270 M M 1 27 320
15 74 50 62 3 3 0 0.08 M M 8.1 17 300 M M 5 25 290
16 84 46 65 6 0 0 0.00 M M 8.3 22 110 M M 1 3 28 120
17 79 53 66 7 0 1 T M M 10.2 26 120 M M 1 37 120
18 79 50 65 5 0 0 0.00 M M 7.3 18 330 M M 0 27 330
19 84 48 66 6 0 1 0.02 M M 15.7 40 310 M M 2 8 52 330
20 55 38 47 -13 18 0 T M M 14.8 31 290 M M 6 42 260
21 57 35 46 -15 19 0 0.01 M M 9.9 23 320 M M 6 31 330
22 65 34 50 -11 15 0 0.00 M M 7.2 17 130 M M 2 25 130
23 62 44 53 -9 12 0 0.00 M M 12.5 23 170 M M 6 33 180
24 64 46 55 -7 10 0 0.00 M M 7.0 17 170 M M 6 24 160
25 68 44 56 -6 9 0 0.00 M M 7.9 20 10 M M 3 27 10
26 82 39 61 -2 4 0 0.00 M M 6.1 22 310 M M 0 27 320
27 89 49 69 6 0 4 T M M 9.2 43 180 M M 0 59 190
28 87 57 72 8 0 7 0.07 M M 10.9 36 270 M M 1 3 51 270
29 81 55 68 4 0 3 1.18 M M 11.2 35 160 M M 2 13 50 170
30 67 57 62 -2 3 0 0.59 M M 13.4 43 360 M M 8 13 58 10
31 63 47 55 -9 10 0 0.02 M M 15.0 28 310 M M 8 18 37 300
================================================================================
SM 2222 1416 219 29 2.37 M 330.9 M 95
================================================================================
AV 71.7 45.7 10.7 FASTST M M 3 MAX(MPH)
MISC ----> # 43 180 59 190
================================================================================
NOTES:
# LAST OF SEVERAL OCCURRENCES
COLUMN 17 PEAK WIND IN M.P.H.
PRELIMINARY LOCAL CLIMATOLOGICAL DATA (WS FORM: F-6) , PAGE 2
STATION: WINNER REGIONAL AIRPORT SD
MONTH: MAY
YEAR: 2022
LATITUDE: 43 23 N
LONGITUDE: 99 50 W
[TEMPERATURE DATA] [PRECIPITATION DATA] SYMBOLS USED IN COLUMN 16
AVERAGE MONTHLY: 58.7 TOTAL FOR MONTH: 2.37 1 = FOG OR MIST
DPTR FM NORMAL: -0.3 DPTR FM NORMAL: -1.02 2 = FOG REDUCING VISIBILITY
HIGHEST: 89 ON 27 GRTST 24HR 1.76 ON 29-30 TO 1/4 MILE OR LESS
LOWEST: 33 ON 3 3 = THUNDER
SNOW, ICE PELLETS, HAIL 4 = ICE PELLETS
TOTAL MONTH: M 5 = HAIL
GRTST 24HR M ON M 6 = FREEZING RAIN OR DRIZZLE
GRTST DEPTH: M ON M 7 = DUSTSTORM OR SANDSTORM:
VSBY 1/2 MILE OR LESS
8 = SMOKE OR HAZE
[NO. OF DAYS WITH] [WEATHER - DAYS WITH] 9 = BLOWING SNOW
X = TORNADO
MAX 32 OR BELOW: 0 0.01 INCH OR MORE: 13
MAX 90 OR ABOVE: 0 0.10 INCH OR MORE: 3
MIN 32 OR BELOW: 0 0.50 INCH OR MORE: 2
MIN 0 OR BELOW: 0 1.00 INCH OR MORE: 1
[HDD (BASE 65) ]
TOTAL THIS MO. 219 CLEAR (SCALE 0-3) 18
DPTR FM NORMAL -9 PTCLDY (SCALE 4-7) 12
TOTAL FM JUL 1 6102 CLOUDY (SCALE 8-10) 1
DPTR FM NORMAL -281
[CDD (BASE 65) ]
TOTAL THIS MO. 29
DPTR FM NORMAL -12 [PRESSURE DATA]
TOTAL FM JAN 1 39 HIGHEST SLP 30.44 ON 22
DPTR FM NORMAL -7 LOWEST SLP 29.16 ON 9
[REMARKS]
#FINAL-05-22#