000
CXUS53 KUNR 011621
CLMICR
CLIMATE REPORT
NATIONAL WEATHER SERVICE RAPID CITY SD
921 AM MST FRI MAR 01 2024
...................................
...THE WINNER REGIONAL AIRPORT SD CLIMATE SUMMARY FOR THE MONTH OF FEBRUARY 2024...
CLIMATE NORMAL PERIOD 1991 TO 2020
CLIMATE RECORD PERIOD 9999 TO 9999
WEATHER OBSERVED NORMAL DEPART LAST YEAR`S
VALUE DATE(S) VALUE FROM VALUE DATE(S)
NORMAL
................................................................
TEMPERATURE (F)
HIGHEST 71 02/26 45 02/26
LOWEST 02/28 -13 02/23
AVG. MAXIMUM 48.3 38.8 9.5 35.1
AVG. MINIMUM 26.4 17.0 9.4 15.9
MEAN 37.4 27.9 9.5 25.5
DAYS MAX >= 90 0 0
DAYS MAX <= 32 3 7
DAYS MIN <= 32 19 28
DAYS MIN <= 0 1 4
PRECIPITATION (INCHES)
TOTALS 0.29 0.30 -0.01 0.52
DAILY AVG. 0.01 NAN NAN 0.02
DAYS >= .01 4 4
DAYS >= .10 1 1
DAYS >= .50 0 0
DAYS >= 1.00 0 0
GREATEST
24 HR. TOTAL 0.19 02/07 TO 02/08 0.39
DEGREE DAYS
HEATING TOTAL 794 1039 -245 1099
SINCE 7/1 4319 4872 -553 MM
COOLING TOTAL 0 0 0 0
SINCE 1/1 0 0 0 MM
................................................................
WIND (MPH)
AVERAGE WIND SPEED 10.5
HIGHEST WIND SPEED/DIRECTION 40/300 DATE 02/27
HIGHEST GUST SPEED/DIRECTION 56/300 DATE 02/27
AVERAGE RH (PERCENT) 67
WEATHER CONDITIONS. NUMBER OF DAYS WITH
THUNDERSTORM 0 MIXED PRECIP 0
HEAVY RAIN 0 RAIN 0
LIGHT RAIN 5 FREEZING RAIN 0
LT FREEZING RAIN 0 HAIL 0
HEAVY SNOW 1 SNOW 2
LIGHT SNOW 8 SLEET 0
FOG 12 FOG W/VIS <= 1/4 MILE 8
HAZE 6
- INDICATES NEGATIVE NUMBERS.
R INDICATES RECORD WAS SET OR TIED.
MM INDICATES DATA IS MISSING.
T INDICATES TRACE AMOUNT.
$$