000
CXUS53 KUNR 011030
CF6IEN
PRELIMINARY LOCAL CLIMATOLOGICAL DATA (WS FORM: F-6)
STATION: PINE RIDGE SD
MONTH: DECEMBER
YEAR: 2021
LATITUDE: 43 1 N
LONGITUDE: 102 31 W
TEMPERATURE IN F: :PCPN: SNOW: WIND :SUNSHINE: SKY :PK WND
================================================================================
1 2 3 4 5 6A 6B 7 8 9 10 11 12 13 14 15 16 17 18
12Z AVG MX 2MIN
DY MAX MIN AVG DEP HDD CDD WTR SNW DPTH SPD SPD DIR MIN PSBL S-S WX SPD DR
================================================================================
1 66 29 48 19 17 0 0.00 M M 7.2 23 300 M M 0 31 300
2 72 30 51 23 14 0 0.00 M M 6.9 14 280 M M 0 21 260
3 53 24 39 11 26 0 0.00 M M 4.2 13 80 M M 3 18 90
4 44 27 36 8 29 0 0.00 M M 6.8 18 90 M M 3 1 26 90
5 37 12 25 -2 40 0 0.01 M M 9.8 28 330 M M 6 1 43 310
6 30 -2 14 -13 51 0 0.00 M M 8.7 26 190 M M 2 38 180
7 40 13 27 0 38 0 T M M 4.7 15 250 M M 4 20 250
8 60 17 39 13 26 0 0.00 M M 8.1 25 190 M M 0 35 240
9 44 25 35 9 30 0 T M M 8.4 20 360 M M 7 12 34 360
10 28 6 17 -9 48 0 M M M 8.1 18 70 M M 9 1 27 70
11 28 7 18 -8 47 0 0.00 M M 7.6 15 240 M M 0 21 260
12 44 16 30 4 35 0 0.00 M M 6.9 18 210 M M 0 22 200
13 45 18 32 7 33 0 0.00 M M 6.8 22 190 M M 0 30 190
14 48 24 36 11 29 0 0.00 M M 6.7 18 200 M M 0 23 180
15 44 18 31 6 34 0 T M M 9.6 26 350 M M 4 1 40 340
16 34 14 24 -1 41 0 0.00 M M 4.5 17 240 M M 1 22 250
17 28 1 15 -10 50 0 T M M 6.8 21 350 M M 4 1 29 340
18 27 -9 9 -15 56 0 0.00 M M 6.4 22 190 M M 1 27 190
19 44 21 33 9 32 0 0.00 M M 8.3 20 190 M M 0 26 270
20 29 19 24 0 41 0 0.00 M M 12.0 31 190 M M 7 41 190
21 38 14 26 2 39 0 0.00 M M 3.6 21 190 M M 1 26 200
22 52 14 33 9 32 0 0.00 M M 3.0 13 220 M M 0 15 220
23 49 24 37 13 28 0 0.00 M M 9.8 21 190 M M 0 28 200
24 47 25 36 12 29 0 0.00 M M 8.1 22 240 M M 1 31 240
25 46 25 36 12 29 0 T M M 8.1 20 250 M M 2 30 260
26 42 18 30 6 35 0 0.00 M M 10.6 29 280 M M 3 43 260
27 42 6 24 0 41 0 0.00 M M 11.6 31 180 M M 1 43 170
28 28 -1 14 -10 51 0 T M M 6.9 18 180 M M 4 1 28 170
29 24 7 16 -8 49 0 0.00 M M 7.4 20 180 M M 4 27 170
30 42 15 29 5 36 0 T M M 8.1 25 190 M M 2 1 32 200
31 22 -3 10 -14 55 0 T M M 8.7 16 40 M M 10 128 22 30
================================================================================
SM 1277 454 1141 0 0.01 M 234.4 M 79
================================================================================
AV 41.2 14.6 7.6 FASTST M M 3 MAX(MPH)
MISC ----> # 31 190 # 43 310
================================================================================
NOTES:
# LAST OF SEVERAL OCCURRENCES
COLUMN 17 PEAK WIND IN M.P.H.
PRELIMINARY LOCAL CLIMATOLOGICAL DATA (WS FORM: F-6) , PAGE 2
STATION: PINE RIDGE SD
MONTH: DECEMBER
YEAR: 2021
LATITUDE: 43 1 N
LONGITUDE: 102 31 W
[TEMPERATURE DATA] [PRECIPITATION DATA] SYMBOLS USED IN COLUMN 16
AVERAGE MONTHLY: 27.9 TOTAL FOR MONTH: 0.01 1 = FOG OR MIST
DPTR FM NORMAL: 2.6 DPTR FM NORMAL: -0.36 2 = FOG REDUCING VISIBILITY
HIGHEST: 72 ON 2 GRTST 24HR 0.01 ON 5- 5 TO 1/4 MILE OR LESS
LOWEST: -9 ON 18 3 = THUNDER
SNOW, ICE PELLETS, HAIL 4 = ICE PELLETS
TOTAL MONTH: M 5 = HAIL
GRTST 24HR M ON M 6 = FREEZING RAIN OR DRIZZLE
GRTST DEPTH: M ON M 7 = DUSTSTORM OR SANDSTORM:
VSBY 1/2 MILE OR LESS
8 = SMOKE OR HAZE
[NO. OF DAYS WITH] [WEATHER - DAYS WITH] 9 = BLOWING SNOW
X = TORNADO
MAX 32 OR BELOW: 9 0.01 INCH OR MORE: 1
MAX 90 OR ABOVE: 0 0.10 INCH OR MORE: 0
MIN 32 OR BELOW: 31 0.50 INCH OR MORE: 0
MIN 0 OR BELOW: 4 1.00 INCH OR MORE: 0
[HDD (BASE 65) ]
TOTAL THIS MO. 1141 CLEAR (SCALE 0-3) 19
DPTR FM NORMAL -89 PTCLDY (SCALE 4-7) 10
TOTAL FM JUL 1 2394 CLOUDY (SCALE 8-10) 2
DPTR FM NORMAL -477
[CDD (BASE 65) ]
TOTAL THIS MO. 0
DPTR FM NORMAL 0 [PRESSURE DATA]
TOTAL FM JAN 1 1050 HIGHEST SLP 30.52 ON 18
DPTR FM NORMAL 265 LOWEST SLP 29.28 ON 24
[REMARKS]
#FINAL-12-21#