000
CXUS51 KPHI 010815
CF6ILG
PRELIMINARY LOCAL CLIMATOLOGICAL DATA (WS FORM: F-6)
STATION: WILMINGTON DE
MONTH: AUGUST
YEAR: 2023
LATITUDE: 39 40 N
LONGITUDE: 75 36 W
TEMPERATURE IN F: :PCPN: SNOW: WIND :SUNSHINE: SKY :PK WND
================================================================================
1 2 3 4 5 6A 6B 7 8 9 10 11 12 13 14 15 16 17 18
12Z AVG MX 2MIN
DY MAX MIN AVG DEP HDD CDD WTR SNW DPTH SPD SPD DIR MIN PSBL S-S WX SPD DR
================================================================================
1 83 62 73 -4 0 8 0.00 0.0 0 6.6 14 340 M M 0 20 330
2 84 60 72 -5 0 7 0.00 0.0 0 5.6 12 170 M M 1 14 170
3 82 68 75 -2 0 10 T 0.0 0 8.9 20 150 M M 6 24 140
4 78 69 74 -3 0 9 0.01 0.0 0 6.4 14 150 M M 10 18 16 200
5 88 69 79 2 0 14 0.00 0.0 0 4.1 9 330 M M 5 1 13 50
6 87 68 78 1 0 13 0.47 0.0 0 8.0 17 160 M M 2 1 22 170
7 88 71 80 3 0 15 0.71 0.0 0 10.5 37 260 M M 8 138 52 270
8 84 69 77 0 0 12 0.12 0.0 0 10.3 23 300 M M 5 1 31 290
9 88 66 77 0 0 12 0.00 0.0 0 8.2 17 240 M M 1 24 280
10 80 70 75 -1 0 10 1.05 0.0 0 5.3 17 250 M M 4 138 26 250
11 87 68 78 2 0 13 0.00 0.0 0 6.9 15 290 M M 1 1 22 300
12 90 70 80 4 0 15 T 0.0 0 7.0 16 250 M M 3 3 20 270
13 90 72 81 5 0 16 T 0.0 0 8.2 21 290 M M 1 26 300
14 89 68 79 3 0 14 0.12 0.0 0 6.7 20 170 M M 3 1 26 170
15 91 77 84 8 0 19 T 0.0 0 8.1 23 210 M M 4 3 28 210
16 89 70 80 4 0 15 T 0.0 0 5.8 15 320 M M 4 19 320
17 87 69 78 2 0 13 0.00 0.0 0 7.0 18 150 M M 1 22 140
18 84 66 75 -1 0 10 T 0.0 0 11.4 22 310 M M 4 29 280
19 82 59 71 -5 0 6 0.00 0.0 0 7.2 20 310 M M 0 28 310
20 86 60 73 -3 0 8 0.00 0.0 0 4.6 15 220 M M 0 18 210
21 92 69 81 6 0 16 0.00 0.0 0 3.4 13 290 M M 2 128 16 280
22 84 64 74 -1 0 9 0.00 0.0 0 9.0 17 360 M M 2 22 10
23 83 58 71 -4 0 6 0.00 0.0 0 5.7 14 120 M M 5 17 120
24 80 71 76 1 0 11 0.01 0.0 0 9.5 20 160 M M 10 23 170
25 90 74 82 7 0 17 0.01 0.0 0 5.6 14 170 M M 6 18 170
26 91 71 81 6 0 16 0.00 0.0 0 5.8 14 350 M M 2 18 17 330
27 90 66 78 4 0 13 0.00 0.0 0 7.1 17 170 M M 2 21 180
28 81 70 76 2 0 11 0.00 0.0 0 8.3 14 140 M M 4 17 150
29 84 72 78 4 0 13 T 0.0 0 7.2 13 50 M M 10 1 17 60
30 87 70 79 5 0 14 0.27 0.0 0 8.8 21 320 M M 4 1 25 330
31 82 63 73 -1 0 8 0.00 0.0 0 10.6 21 30 M M 0 8 25 40
================================================================================
SM 2661 2099 0 373 2.77 0.0 227.8 M 110
================================================================================
AV 85.8 67.7 7.3 FASTST M M 4 MAX(MPH)
MISC ----> 37 260 52 270
================================================================================
NOTES:
# LAST OF SEVERAL OCCURRENCES
COLUMN 17 PEAK WIND IN M.P.H.
PRELIMINARY LOCAL CLIMATOLOGICAL DATA (WS FORM: F-6) , PAGE 2
STATION: WILMINGTON DE
MONTH: AUGUST
YEAR: 2023
LATITUDE: 39 40 N
LONGITUDE: 75 36 W
[TEMPERATURE DATA] [PRECIPITATION DATA] SYMBOLS USED IN COLUMN 16
AVERAGE MONTHLY: 76.8 TOTAL FOR MONTH: 2.77 1 = FOG OR MIST
DPTR FM NORMAL: 1.0 DPTR FM NORMAL: -1.21 2 = FOG REDUCING VISIBILITY
HIGHEST: 92 ON 21 GRTST 24HR 1.16 ON 6- 7 TO 1/4 MILE OR LESS
LOWEST: 58 ON 23 3 = THUNDER
SNOW, ICE PELLETS, HAIL 4 = ICE PELLETS
TOTAL MONTH: 0.0 INCH 5 = HAIL
GRTST 24HR 0.0 6 = FREEZING RAIN OR DRIZZLE
GRTST DEPTH: 0 7 = DUSTSTORM OR SANDSTORM:
VSBY 1/2 MILE OR LESS
8 = SMOKE OR HAZE
[NO. OF DAYS WITH] [WEATHER - DAYS WITH] 9 = BLOWING SNOW
X = TORNADO
MAX 32 OR BELOW: 0 0.01 INCH OR MORE: 9
MAX 90 OR ABOVE: 7 0.10 INCH OR MORE: 6
MIN 32 OR BELOW: 0 0.50 INCH OR MORE: 2
MIN 0 OR BELOW: 0 1.00 INCH OR MORE: 1
[HDD (BASE 65) ]
TOTAL THIS MO. 0 CLEAR (SCALE 0-3) 16
DPTR FM NORMAL -1 PTCLDY (SCALE 4-7) 11
TOTAL FM JUL 1 0 CLOUDY (SCALE 8-10) 4
DPTR FM NORMAL 0
[CDD (BASE 65) ]
TOTAL THIS MO. 373
DPTR FM NORMAL 39 [PRESSURE DATA]
TOTAL FM JAN 1 1118 HIGHEST SLP 30.24 ON 2
DPTR FM NORMAL 67 LOWEST SLP 29.59 ON 10
[REMARKS]
#FINAL-08-23#