000
CXUS53 KLBF 011604
CF6IML
PRELIMINARY LOCAL CLIMATOLOGICAL DATA (WS FORM: F-6)
STATION: IMPERIAL
MONTH: JULY
YEAR: 2023
LATITUDE: 40 31 N
LONGITUDE: 101 37 W
TEMPERATURE IN F: :PCPN: SNOW: WIND :SUNSHINE: SKY :PK WND
================================================================================
1 2 3 4 5 6A 6B 7 8 9 10 11 12 13 14 15 16 17 18
12Z AVG MX 2MIN
DY MAX MIN AVG DEP HDD CDD WTR SNW DPTH SPD SPD DIR MIN PSBL S-S WX SPD DR
================================================================================
1 81 56 69 -6 0 4 0.00 M M 9.5 15 340 M M 2 28 330
2 90 57 74 -1 0 9 0.00 M M 7.0 13 190 M M 0 22 190
3 89 60 75 0 0 10 0.00 M M 9.0 15 130 M M 0 22 130
4 86 60 73 -2 0 8 0.18 M M 11.3 36 350 M M 1 1 50 350
5 66 56 61 -15 4 0 0.06 M M 8.0 15 350 M M 10 13 22 350
6 70 56 63 -13 2 0 0.02 M M 10.7 21 110 M M 10 13 32 140
7 84 59 72 -4 0 7 0.00 M M 7.9 21 160 M M 4 1 29 150
8 75 54 65 -11 0 0 0.44 M M 7.8 25 150 M M 4 123 37 140
9 82 52 67 -9 0 2 0.00 M M 7.6 17 200 M M 0 1 23 200
10 94 62 78 2 0 13 0.00 M M 9.5 23 190 M M 0 13 35 190
11 96 61 79 3 0 14 0.00 M M 9.9 21 180 M M 0 32 150
12 91 67 79 2 0 14 0.00 M M 8.1 18 310 M M 0 1 31 50
13 89 62 76 -1 0 11 T M M 12.7 29 200 M M 2 12 42 200
14 87 62 75 -2 0 10 T M M 8.9 23 20 M M 3 1 39 40
15 89 61 75 -2 0 10 0.00 M M 5.8 17 290 M M 1 8 22 290
16 93 57 75 -2 0 10 0.00 M M 7.9 18 80 M M 0 25 80
17 91 60 76 -1 0 11 T M M 9.5 24 110 M M 1 138 39 120
18 86 63 75 -2 0 10 0.15 M M 10.5 17 110 M M 4 138 29 100
19 92 64 78 1 0 13 T M M 16.1 16 100 M M 0 1 M M
20 74 58 66 -11 0 1 0.60 M M M M M M M 0 3 M M
21 81 60 71 -6 0 6 0.00 M M M M M M M 0 8 M M
22 93 61 77 0 0 12 0.00 M M 5.7 18 90 M M 0 31 70
23 100 62 81 4 0 16 0.15 M M 6.7 22 30 M M 0 3 38 50
24 100 63 82 5 0 17 0.00 M M 6.9 17 140 M M 0 35 140
25 100 68 84 7 0 19 0.00 M M 4.8 18 250 M M 0 34 260
26 103 61 82 5 0 17 0.00 M M 6.6 21 270 M M 1 3 35 270
27 102 63 83 6 0 18 0.00 M M 7.5 15 340 M M 0 25 360
28 100 64 82 5 0 17 0.00 M M 7.2 17 30 M M 0 8 24 30
29 94 65 80 3 0 15 0.00 M M 10.7 26 40 M M 0 1 48 40
30 97 69 83 6 0 18 0.00 M M 10.4 23 120 M M 3 1 35 130
31 93 68 81 4 0 16 0.00 M M 9.1 22 50 M M 0 1 39 30
================================================================================
SM 2768 1891 6 328 1.60 M 253.3 M 46
================================================================================
AV 89.3 61.0 8.7 FASTST M M 1 MAX(MPH)
MISC ----> 36 350 50 350
================================================================================
NOTES:
# LAST OF SEVERAL OCCURRENCES
COLUMN 17 PEAK WIND IN M.P.H.
PRELIMINARY LOCAL CLIMATOLOGICAL DATA (WS FORM: F-6) , PAGE 2
STATION: IMPERIAL
MONTH: JULY
YEAR: 2023
LATITUDE: 40 31 N
LONGITUDE: 101 37 W
[TEMPERATURE DATA] [PRECIPITATION DATA] SYMBOLS USED IN COLUMN 16
AVERAGE MONTHLY: 75.1 TOTAL FOR MONTH: 1.60 1 = FOG OR MIST
DPTR FM NORMAL: -1.4 DPTR FM NORMAL: -1.24 2 = FOG REDUCING VISIBILITY
HIGHEST: 103 ON 26 GRTST 24HR 0.60 ON 20-20 TO 1/4 MILE OR LESS
LOWEST: 52 ON 9 3 = THUNDER
SNOW, ICE PELLETS, HAIL 4 = ICE PELLETS
TOTAL MONTH: M 5 = HAIL
GRTST 24HR M ON M 6 = FREEZING RAIN OR DRIZZLE
GRTST DEPTH: M ON M 7 = DUSTSTORM OR SANDSTORM:
VSBY 1/2 MILE OR LESS
8 = SMOKE OR HAZE
[NO. OF DAYS WITH] [WEATHER - DAYS WITH] 9 = BLOWING SNOW
X = TORNADO
MAX 32 OR BELOW: 0 0.01 INCH OR MORE: 7
MAX 90 OR ABOVE: 17 0.10 INCH OR MORE: 5
MIN 32 OR BELOW: 0 0.50 INCH OR MORE: 1
MIN 0 OR BELOW: 0 1.00 INCH OR MORE: 0
[HDD (BASE 65) ]
TOTAL THIS MO. 6 CLEAR (SCALE 0-3) 26
DPTR FM NORMAL 4 PTCLDY (SCALE 4-7) 3
TOTAL FM JUL 1 6 CLOUDY (SCALE 8-10) 2
DPTR FM NORMAL 6
[CDD (BASE 65) ]
TOTAL THIS MO. 328
DPTR FM NORMAL -32 [PRESSURE DATA]
TOTAL FM JAN 1 469 HIGHEST SLP 30.21 ON 5
DPTR FM NORMAL -142 LOWEST SLP 29.71 ON 12
[REMARKS]
#FINAL-07-23#