000
CXUS55 KLBF 020448
CF6IML
PRELIMINARY LOCAL CLIMATOLOGICAL DATA (WS FORM: F-6)
STATION: IMPERIAL
MONTH: JULY
YEAR: 2021
LATITUDE: 40 31 N
LONGITUDE: 101 37 W
TEMPERATURE IN F: :PCPN: SNOW: WIND :SUNSHINE: SKY :PK WND
================================================================================
1 2 3 4 5 6A 6B 7 8 9 10 11 12 13 14 15 16 17 18
12Z AVG MX 2MIN
DY MAX MIN AVG DEP HDD CDD WTR SNW DPTH SPD SPD DIR MIN PSBL S-S WX SPD DR
================================================================================
1 81 63 72 -3 0 7 0.00 M M 8.8 25 170 M M 4 34 180
2 85 58 72 -3 0 7 0.00 M M 10.4 16 150 M M 2 25 180
3 91 62 77 2 0 12 0.05 M M 11.0 23 180 M M 1 3 39 150
4 95 62 79 4 0 14 0.00 M M 6.0 10 150 M M 0 33 130
5 93 60 77 1 0 12 0.00 M M 8.8 20 140 M M 0 33 140
6 87 64 76 0 0 11 0.15 M M 9.6 20 10 M M 3 1 27 350
7 88 61 75 -1 0 10 0.00 M M 6.0 14 150 M M 3 1 M M
8 100 61 81 5 0 16 0.00 M M 15.0 23 200 M M 0 43 210
9 96 66 81 5 0 16 0.01 M M 8.2 28 350 M M 1 3 45 350
10 85 58 72 -4 0 7 0.00 M M 12.3 18 360 M M 2 37 50
11 84 56 70 -6 0 5 0.00 M M 6.2 13 200 M M 0 21 10
12 92 53 73 -4 0 8 0.00 M M 7.2 17 190 M M 0 23 190
13 88 58 73 -4 0 8 T M M 10.3 23 110 M M 1 3 36 120
14 82 65 74 -3 0 9 0.00 M M 9.3 15 30 M M 1 28 20
15 84 60 72 -5 0 7 0.00 M M 6.9 15 130 M M 4 1 20 80
16 90 66 78 1 0 13 0.00 M M 12.0 24 40 M M 5 1 41 50
17 92 59 76 -1 0 11 0.00 M M 8.7 23 40 M M 1 39 50
18 92 65 79 2 0 14 0.00 M M 9.2 16 120 M M 2 30 70
19 92 61 77 0 0 12 0.00 M M 9.0 18 120 M M 0 25 120
20 88 60 74 -3 0 9 0.00 M M 12.4 20 160 M M 1 35 140
21 92 61 77 0 0 12 0.00 M M 15.2 22 160 M M 0 35 140
22 97 65 81 4 0 16 0.00 M M 11.4 17 150 M M 0 28 190
23 100 66 83 6 0 18 0.00 M M 9.4 16 180 M M 0 24 190
24 94 67 81 4 0 16 0.00 M M 9.2 20 40 M M 2 34 70
25 87 62 75 -2 0 10 0.00 M M 10.3 26 130 M M 1 43 140
26 96 58 77 0 0 12 0.00 M M 7.9 15 200 M M 1 25 170
27 98 60 79 2 0 14 0.00 M M 8.9 17 140 M M 0 26 170
28 103 67 85 8 0 20 0.00 M M 10.9 20 190 M M 1 32 180
29 101 67 84 7 0 19 0.00 M M 8.8 17 120 M M 1 37 140
30 99 71 85 8 0 20 0.00 M M 7.2 16 120 M M 2 1 22 130
31 76 62 69 -8 0 4 0.01 M M 9.5 22 60 M M 7 1 37 50
================================================================================
SM 2828 1924 0 369 0.22 M 296.0 M 46
================================================================================
AV 91.2 62.1 9.5 FASTST M M 1 MAX(MPH)
MISC ----> 28 350 45 350
================================================================================
NOTES:
# LAST OF SEVERAL OCCURRENCES
COLUMN 17 PEAK WIND IN M.P.H.
PRELIMINARY LOCAL CLIMATOLOGICAL DATA (WS FORM: F-6) , PAGE 2
STATION: IMPERIAL
MONTH: JULY
YEAR: 2021
LATITUDE: 40 31 N
LONGITUDE: 101 37 W
[TEMPERATURE DATA] [PRECIPITATION DATA] SYMBOLS USED IN COLUMN 16
AVERAGE MONTHLY: 76.6 TOTAL FOR MONTH: 0.22 1 = FOG OR MIST
DPTR FM NORMAL: 0.1 DPTR FM NORMAL: -2.62 2 = FOG REDUCING VISIBILITY
HIGHEST: 103 ON 28 GRTST 24HR 0.20 ON 30- 1 TO 1/4 MILE OR LESS
LOWEST: 53 ON 12 3 = THUNDER
SNOW, ICE PELLETS, HAIL 4 = ICE PELLETS
TOTAL MONTH: M 5 = HAIL
GRTST 24HR M ON M 6 = FREEZING RAIN OR DRIZZLE
GRTST DEPTH: M ON M 7 = DUSTSTORM OR SANDSTORM:
VSBY 1/2 MILE OR LESS
8 = SMOKE OR HAZE
[NO. OF DAYS WITH] [WEATHER - DAYS WITH] 9 = BLOWING SNOW
X = TORNADO
MAX 32 OR BELOW: 0 0.01 INCH OR MORE: 4
MAX 90 OR ABOVE: 19 0.10 INCH OR MORE: 1
MIN 32 OR BELOW: 0 0.50 INCH OR MORE: 0
MIN 0 OR BELOW: 0 1.00 INCH OR MORE: 0
[HDD (BASE 65) ]
TOTAL THIS MO. 0 CLEAR (SCALE 0-3) 26
DPTR FM NORMAL -2 PTCLDY (SCALE 4-7) 5
TOTAL FM JUL 1 0 CLOUDY (SCALE 8-10) 0
DPTR FM NORMAL 0
[CDD (BASE 65) ]
TOTAL THIS MO. 369
DPTR FM NORMAL 9 [PRESSURE DATA]
TOTAL FM JAN 1 697 HIGHEST SLP 30.24 ON 31
DPTR FM NORMAL 86 LOWEST SLP 29.69 ON 8
[REMARKS]
#FINAL-07-21#