000
CXUS53 KDLH 020259
CF6INL
PRELIMINARY LOCAL CLIMATOLOGICAL DATA (WS FORM: F-6)
STATION: INTERNATIONAL FALLS
MONTH: APRIL
YEAR: 2022
LATITUDE: 48 34 N
LONGITUDE: 93 23 W
TEMPERATURE IN F: :PCPN: SNOW: WIND :SUNSHINE: SKY :PK WND
================================================================================
1 2 3 4 5 6A 6B 7 8 9 10 11 12 13 14 15 16 17 18
12Z AVG MX 2MIN
DY MAX MIN AVG DEP HDD CDD WTR SNW DPTH SPD SPD DIR MIN PSBL S-S WX SPD DR
================================================================================
1 46 10 28 -4 37 0 0.00 0.0 15 6.7 16 210 M M 2 26 200
2 38 31 35 3 30 0 T T 15 8.9 21 320 M M 10 8 27 320
3 39 26 33 1 32 0 0.00 0.0 14 2.7 8 20 M M 8 13 40
4 47 23 35 2 30 0 0.00 0.0 14 3.4 12 100 M M 2 15 110
5 38 29 34 1 31 0 0.24 1.1 14 11.8 25 100 M M 8 12 37 100
6 35 33 34 0 31 0 0.61 2.0 15 9.4 16 40 M M 10 12 24 40
7 36 26 31 -3 34 0 0.06 0.2 15 15.5 26 20 M M 9 18 42 20
8 43 24 34 -1 31 0 0.00 0.0 15 12.8 21 350 M M 0 29 360
9 50 15 33 -2 32 0 0.00 0.0 14 2.2 10 200 M M 1 17 210
10 47 34 41 5 24 0 0.20 0.0 12 7.1 13 10 M M 7 1 21 180
11 48 27 38 2 27 0 0.14 0.3 13 9.5 21 300 M M 5 1 30 260
12 43 23 33 -4 32 0 0.11 T 11 5.9 17 70 M M 5 1 28 70
13 37 31 34 -3 31 0 0.81 4.9 11 11.3 22 110 M M 10 12 34 70
14 33 20 27 -11 38 0 0.08 0.6 15 7.4 21 290 M M 10 168 30 280
15 20 16 18 -20 47 0 0.01 0.6 15 12.9 21 280 M M 10 18 29 280
16 31 14 23 -15 42 0 T T 15 9.7 21 320 M M 4 1 26 320
17 33 11 22 -17 43 0 0.19 3.0 18 6.9 14 90 M M 6 12 19 90
18 35 16 26 -13 39 0 0.08 0.8 18 10.5 21 350 M M 9 18 28 350
19 41 8 25 -15 40 0 0.00 0.0 17 5.5 15 110 M M 1 20 140
20 37 33 35 -5 30 0 0.47 3.2 14 10.0 20 140 M M 10 12 30 150
21 42 30 36 -4 29 0 T 0.0 14 8.4 21 300 M M 7 1 31 290
22 40 31 36 -5 29 0 2.50 0.1 12 13.3 28 120 M M 9 13 36 120
23 47 36 42 1 23 0 1.49 0.0 12 16.0 35 120 M M 10 123 49 130
24 47 33 40 -2 25 0 0.09 0.0 11 8.8 17 330 M M 8 128 24 350
25 33 22 28 -14 37 0 0.03 0.9 10 13.8 22 330 M M 10 18 30 340
26 35 18 27 -16 38 0 T T 6 8.1 17 350 M M 4 18 24 360
27 45 19 32 -11 33 0 0.00 0.0 4 6.7 15 110 M M 0 20 70
28 52 24 38 -6 27 0 T 0.0 2 8.9 18 110 M M 3 24 110
29 48 36 42 -2 23 0 0.11 0.0 T 8.9 15 110 M M 10 21 90
30 45 38 42 -2 23 0 0.39 0.0 T 9.9 16 110 M M 10 1 25 90
================================================================================
SM 1211 737 968 0 7.61 17.7 272.9 M 198
================================================================================
AV 40.4 24.6 9.1 FASTST M M 7 MAX(MPH)
MISC ----> 35 120 49 130
================================================================================
NOTES:
# LAST OF SEVERAL OCCURRENCES
COLUMN 17 PEAK WIND IN M.P.H.
PRELIMINARY LOCAL CLIMATOLOGICAL DATA (WS FORM: F-6) , PAGE 2
STATION: INTERNATIONAL FALLS
MONTH: APRIL
YEAR: 2022
LATITUDE: 48 34 N
LONGITUDE: 93 23 W
[TEMPERATURE DATA] [PRECIPITATION DATA] SYMBOLS USED IN COLUMN 16
AVERAGE MONTHLY: 32.5 TOTAL FOR MONTH: 7.61 1 = FOG OR MIST
DPTR FM NORMAL: -5.6 DPTR FM NORMAL: 5.97 2 = FOG REDUCING VISIBILITY
HIGHEST: 52 ON 28 GRTST 24HR 3.91 ON 22-23 TO 1/4 MILE OR LESS
LOWEST: 8 ON 19 3 = THUNDER
SNOW, ICE PELLETS, HAIL 4 = ICE PELLETS
TOTAL MONTH: 17.7 INCHES 5 = HAIL
GRTST 24HR 4.9 ON 13-13 6 = FREEZING RAIN OR DRIZZLE
GRTST DEPTH: 18 ON 18,17 7 = DUSTSTORM OR SANDSTORM:
VSBY 1/2 MILE OR LESS
8 = SMOKE OR HAZE
[NO. OF DAYS WITH] [WEATHER - DAYS WITH] 9 = BLOWING SNOW
X = TORNADO
MAX 32 OR BELOW: 2 0.01 INCH OR MORE: 18
MAX 90 OR ABOVE: 0 0.10 INCH OR MORE: 12
MIN 32 OR BELOW: 23 0.50 INCH OR MORE: 4
MIN 0 OR BELOW: 0 1.00 INCH OR MORE: 2
[HDD (BASE 65) ]
TOTAL THIS MO. 968 CLEAR (SCALE 0-3) 7
DPTR FM NORMAL 161 PTCLDY (SCALE 4-7) 9
TOTAL FM JUL 1 9721 CLOUDY (SCALE 8-10) 14
DPTR FM NORMAL 139
[CDD (BASE 65) ]
TOTAL THIS MO. 0
DPTR FM NORMAL 0 [PRESSURE DATA]
TOTAL FM JAN 1 0 HIGHEST SLP 30.46 ON 27
DPTR FM NORMAL 0 LOWEST SLP 29.27 ON 14
[REMARKS]
#FINAL-04-22#