000
CXUS53 KDLH 010722
CF6INL
PRELIMINARY LOCAL CLIMATOLOGICAL DATA (WS FORM: F-6)
STATION: INTERNATIONAL FALLS
MONTH: MARCH
YEAR: 2020
LATITUDE: 48 34 N
LONGITUDE: 93 23 W
TEMPERATURE IN F: :PCPN: SNOW: WIND :SUNSHINE: SKY :PK WND
================================================================================
1 2 3 4 5 6A 6B 7 8 9 10 11 12 13 14 15 16 17 18
12Z AVG MX 2MIN
DY MAX MIN AVG DEP HDD CDD WTR SNW DPTH SPD SPD DIR MIN PSBL S-S WX SPD DR
================================================================================
1 44 17 31 15 34 0 T T 18 10.7 31 300 M M 7 18 45 290
2 36 21 29 12 36 0 T T 17 11.5 22 300 M M 8 32 270
3 32 17 25 8 40 0 0.07 1.4 18 12.5 22 290 M M 10 18 33 260
4 34 -1 17 -1 48 0 0.03 1.0 17 5.6 15 100 M M 4 1 20 140
5 30 -2 14 -4 51 0 0.26 3.6 20 9.6 20 20 M M 7 12 27 40
6 38 -10 14 -5 51 0 0.00 0.0 22 5.0 13 190 M M 1 128 24 170
7 48 27 38 19 27 0 0.00 0.0 20 6.2 13 200 M M 0 20 190
8 51 22 37 17 28 0 0.00 0.0 19 8.3 16 20 M M 0 24 60
9 29 12 21 1 44 0 0.00 0.0 17 8.2 17 330 M M 2 21 320
10 32 9 21 1 44 0 0.00 0.0 16 2.8 10 280 M M 7 14 220
11 37 3 20 -1 45 0 0.04 T 16 6.2 14 140 M M 4 128 22 160
12 38 25 32 10 33 0 0.01 T 17 9.1 22 300 M M 7 18 33 310
13 25 9 17 -5 48 0 0.01 T 17 14.5 25 290 M M 9 8 36 300
14 27 2 15 -7 50 0 0.00 0.0 17 4.4 9 360 M M 0 14 50
15 34 7 21 -2 44 0 0.14 2.6 17 5.2 13 210 M M 5 1 18 210
16 30 14 22 -2 43 0 0.04 1.0 21 10.2 20 300 M M 5 1 28 290
17 32 9 21 -3 44 0 0.00 0.0 19 5.3 15 290 M M 1 22 290
18 33 7 20 -4 45 0 0.01 1.3 19 6.1 13 100 M M 8 18 18 90
19 31 18 25 0 40 0 0.07 1.0 20 11.0 22 350 M M 9 18 33 10
20 25 -8 9 -17 56 0 0.00 0.0 20 7.1 20 350 M M 1 27 350
21 33 -14 10 -16 55 0 0.00 0.0 20 5.8 14 140 M M 0 20 140
22 32 14 23 -4 42 0 0.08 1.0 20 6.6 13 140 M M 9 1268 19 150
23 45 20 33 6 32 0 0.00 0.0 20 4.9 12 300 M M 5 18 16 240
24 48 19 34 6 31 0 0.02 0.0 20 8.4 18 140 M M 5 18 30 140
25 39 25 32 4 33 0 T 0.0 16 8.2 18 300 M M 6 18 28 290
26 44 14 29 0 36 0 0.00 0.0 15 4.5 14 290 M M 2 18 290
27 51 17 34 5 31 0 0.00 0.0 15 6.3 18 210 M M 0 28 220
28 50 19 35 5 30 0 0.00 0.0 12 6.2 17 120 M M 0 18 22 100
29 52 30 41 11 24 0 0.00 0.0 10 10.0 21 20 M M 0 30 20
30 53 24 39 8 26 0 0.00 0.0 8 5.6 13 110 M M 0 18 80
31 53 21 37 6 28 0 0.00 0.0 8 6.6 14 30 M M 0 18 30
================================================================================
SM 1186 387 1219 0 0.78 12.9 232.6 M 122
================================================================================
AV 38.3 12.5 7.5 FASTST M M 4 MAX(MPH)
MISC ----> # 31 300 # 45 290
================================================================================
NOTES:
# LAST OF SEVERAL OCCURRENCES
COLUMN 17 PEAK WIND IN M.P.H.
PRELIMINARY LOCAL CLIMATOLOGICAL DATA (WS FORM: F-6) , PAGE 2
STATION: INTERNATIONAL FALLS
MONTH: MARCH
YEAR: 2020
LATITUDE: 48 34 N
LONGITUDE: 93 23 W
[TEMPERATURE DATA] [PRECIPITATION DATA] SYMBOLS USED IN COLUMN 16
AVERAGE MONTHLY: 25.4 TOTAL FOR MONTH: 0.78 1 = FOG OR MIST
DPTR FM NORMAL: 1.8 DPTR FM NORMAL: -0.17 2 = FOG REDUCING VISIBILITY
HIGHEST: 53 ON 31,30 GRTST 24HR 0.26 ON 5- 5 TO 1/4 MILE OR LESS
LOWEST: -14 ON 21 3 = THUNDER
SNOW, ICE PELLETS, HAIL 4 = ICE PELLETS
TOTAL MONTH: 12.9 INCHES 5 = HAIL
GRTST 24HR 3.6 ON 5- 5 6 = FREEZING RAIN OR DRIZZLE
GRTST DEPTH: 22 ON 6 7 = DUSTSTORM OR SANDSTORM:
VSBY 1/2 MILE OR LESS
8 = SMOKE OR HAZE
[NO. OF DAYS WITH] [WEATHER - DAYS WITH] 9 = BLOWING SNOW
X = TORNADO
MAX 32 OR BELOW: 11 0.01 INCH OR MORE: 12
MAX 90 OR ABOVE: 0 0.10 INCH OR MORE: 2
MIN 32 OR BELOW: 31 0.50 INCH OR MORE: 0
MIN 0 OR BELOW: 5 1.00 INCH OR MORE: 0
[HDD (BASE 65) ]
TOTAL THIS MO. 1219 CLEAR (SCALE 0-3) 14
DPTR FM NORMAL -64 PTCLDY (SCALE 4-7) 13
TOTAL FM JUL 1 8478 CLOUDY (SCALE 8-10) 4
DPTR FM NORMAL -388
[CDD (BASE 65) ]
TOTAL THIS MO. 0
DPTR FM NORMAL 0 [PRESSURE DATA]
TOTAL FM JAN 1 0 HIGHEST SLP M ON M
DPTR FM NORMAL 0 LOWEST SLP 29.37 ON 3
[REMARKS]
#FINAL-03-20#