000
CXUS53 KDLH 020437
CLMINL
CLIMATE REPORT
NATIONAL WEATHER SERVICE DULUTH MN
1137 PM CDT FRI SEP 01 2023
...................................
...THE INTERNATIONAL FALLS CLIMATE SUMMARY FOR THE MONTH OF AUGUST 2023...
CLIMATE NORMAL PERIOD: 1991 TO 2020
CLIMATE RECORD PERIOD: 1895 TO 2023
WEATHER OBSERVED NORMAL DEPART LAST YEAR`S
VALUE DATE(S) VALUE FROM VALUE DATE(S)
NORMAL
................................................................
TEMPERATURE (F)
RECORD
HIGH 96 08/09/1920
LOW 27 08/31/1906
HIGHEST 87 08/02 MM MM 84 08/22
LOWEST 41 08/30 MM MM 45 08/04
08/11
AVG. MAXIMUM 74.6 76.0 -1.4 76.8
AVG. MINIMUM 52.4 49.7 2.7 54.5
MEAN 63.5 62.8 0.7 65.7
DAYS MAX >= 90 0 0.5 -0.5 0
DAYS MAX <= 32 0 0.0 0.0 0
DAYS MIN <= 32 0 0.1 -0.1 0
DAYS MIN <= 0 0 0.0 0.0 0
PRECIPITATION (INCHES)
RECORD
MAXIMUM 11.26 1942
MINIMUM 0.53 1906
TOTALS 2.35 2.82 -0.47 3.20
DAILY AVG. 0.08 0.09 -0.01 0.10
DAYS >= .01 12 11.0 1.0 11
DAYS >= .10 7 5.9 1.1 9
DAYS >= .50 1 2.0 -1.0 1
DAYS >= 1.00 0 0.5 -0.5 0
GREATEST
24 HR. TOTAL 1.02 08/10 TO 08/11
SNOWFALL (INCHES)
RECORDS
TOTAL T 1996
TOTALS 0.0 0.0 0.0 0.0
SINCE 7/1 0.0 0.0 0.0 MM
SNOWDEPTH AVG. 0 0
DAYS >= 1.0 0 0.0 0.0 0
GREATEST
SNOW DEPTH 0 0 MM
24 HR TOTAL MM
DEGREE DAYS
HEATING TOTAL 81 115 -34 32
SINCE 7/1 154 189 -35 MM
COOLING TOTAL 44 49 -5 58
SINCE 1/1 193 162 31 MM
................................................................
WIND (MPH)
AVERAGE WIND SPEED 5.0
HIGHEST WIND SPEED/DIRECTION 24/310 DATE 08/17
HIGHEST GUST SPEED/DIRECTION 32/320 DATE 08/17
32/320 08/24
SKY COVER
POSSIBLE SUNSHINE (PERCENT) MM
AVERAGE SKY COVER 0.42
NUMBER OF DAYS FAIR 14
NUMBER OF DAYS PC 11
NUMBER OF DAYS CLOUDY 6
AVERAGE RH (PERCENT) 75
WEATHER CONDITIONS. NUMBER OF DAYS WITH
THUNDERSTORM 4 MIXED PRECIP 0
HEAVY RAIN 4 RAIN 7
LIGHT RAIN 20 FREEZING RAIN 0
LT FREEZING RAIN 0 HAIL 0
HEAVY SNOW 0 SNOW 0
LIGHT SNOW 0 SLEET 0
FOG 22 FOG W/VIS <= 1/4 MILE 2
HAZE 6
- INDICATES NEGATIVE NUMBERS.
R INDICATES RECORD WAS SET OR TIED.
MM INDICATES DATA IS MISSING.
T INDICATES TRACE AMOUNT.
$$