000
CXUS55 KDVN 011100
CF6IOW
PRELIMINARY LOCAL CLIMATOLOGICAL DATA (WS FORM: F-6)
STATION: IOWA CITY IA
MONTH: NOVEMBER
YEAR: 2022
LATITUDE: 41 37 N
LONGITUDE: 91 33 W
TEMPERATURE IN F: :PCPN: SNOW: WIND :SUNSHINE: SKY :PK WND
================================================================================
1 2 3 4 5 6A 6B 7 8 9 10 11 12 13 14 15 16 17 18
12Z AVG MX 2MIN
DY MAX MIN AVG DEP HDD CDD WTR SNW DPTH SPD SPD DIR MIN PSBL S-S WX SPD DR
================================================================================
1 74 33 54 8 11 0 0.00 M M 3.5 16 180 M M 0 12 22 180
2 77 39 58 12 7 0 0.00 M M 6.3 21 170 M M 0 27 180
3 75 51 63 18 2 0 0.00 M M 12.4 24 170 M M 2 32 170
4 67 47 57 12 8 0 1.64 M M 9.0 20 320 M M 9 13 32 290
5 52 41 47 3 18 0 0.57 M M 12.4 28 190 M M 7 1 37 210
6 60 37 49 5 16 0 0.00 M M 9.8 21 300 M M 0 27 310
7 53 35 44 1 21 0 0.00 M M 7.8 14 30 M M 0 21 80
8 59 37 48 5 17 0 0.00 M M 10.4 21 120 M M 3 30 130
9 78 50 64 21 1 0 0.00 M M 9.6 18 200 M M 3 28 200
10 73 35 54 12 11 0 1.40 M M 14.3 28 290 M M 6 13 45 280
11 35 24 30 -12 35 0 0.16 M M 15.8 24 310 M M 8 6 37 320
12 34 27 31 -10 34 0 T M M 12.4 20 300 M M 10 29 330
13 33 20 27 -14 38 0 0.00 M M 3.7 10 240 M M 3 15 250
14 40 22 31 -9 34 0 0.00 M M 6.8 14 160 M M 7 20 140
15 35 31 33 -7 32 0 0.11 M M 5.2 15 290 M M 10 1 21 290
16 32 27 30 -10 35 0 0.02 M M 13.3 20 290 M M 10 18 26 320
17 36 20 28 -11 37 0 T M M 13.5 24 290 M M 8 1 35 280
18 25 17 21 -18 44 0 T M M 14.7 22 260 M M 8 1 31 270
19 30 11 21 -17 44 0 T M M 15.3 33 280 M M 4 8 45 280
20 43 11 27 -11 38 0 0.00 M M 9.5 22 190 M M 0 30 200
21 47 24 36 -1 29 0 0.00 M M 7.4 16 280 M M 0 23 280
22 53 20 37 0 28 0 0.00 M M 1.9 9 200 M M 0 13 200
23 59 23 41 4 24 0 0.00 M M 2.9 15 160 M M 0 1 19 170
24 56 30 43 7 22 0 T M M 7.1 22 340 M M 6 12 32 340
25 53 25 39 3 26 0 0.00 M M 4.9 17 260 M M 0 22 260
26 55 23 39 4 26 0 0.00 M M 5.3 21 210 M M 0 27 210
27 48 27 38 3 27 0 0.12 M M 8.1 20 10 M M 4 1 27 10
28 49 20 35 1 30 0 0.00 M M 5.2 17 180 M M 0 21 180
29 59 24 42 8 23 0 0.00 M M 15.0 29 310 M M 7 1 41 310
30 28 14 21 -13 44 0 0.00 M M 16.5 30 270 M M 0 42 290
================================================================================
SM 1518 845 762 0 4.02 M 280.0 M 115
================================================================================
AV 50.6 28.2 9.3 FASTST M M 4 MAX(MPH)
MISC ----> 33 280 # 45 280
================================================================================
NOTES:
# LAST OF SEVERAL OCCURRENCES
COLUMN 17 PEAK WIND IN M.P.H.
PRELIMINARY LOCAL CLIMATOLOGICAL DATA (WS FORM: F-6) , PAGE 2
STATION: IOWA CITY IA
MONTH: NOVEMBER
YEAR: 2022
LATITUDE: 41 37 N
LONGITUDE: 91 33 W
[TEMPERATURE DATA] [PRECIPITATION DATA] SYMBOLS USED IN COLUMN 16
AVERAGE MONTHLY: 39.4 TOTAL FOR MONTH: 4.02 1 = FOG OR MIST
DPTR FM NORMAL: -0.4 DPTR FM NORMAL: 1.85 2 = FOG REDUCING VISIBILITY
HIGHEST: 78 ON 9 GRTST 24HR 2.18 ON 4- 5 TO 1/4 MILE OR LESS
LOWEST: 11 ON 20,19 3 = THUNDER
SNOW, ICE PELLETS, HAIL 4 = ICE PELLETS
TOTAL MONTH: M 5 = HAIL
GRTST 24HR M ON M 6 = FREEZING RAIN OR DRIZZLE
GRTST DEPTH: M ON M 7 = DUSTSTORM OR SANDSTORM:
VSBY 1/2 MILE OR LESS
8 = SMOKE OR HAZE
[NO. OF DAYS WITH] [WEATHER - DAYS WITH] 9 = BLOWING SNOW
X = TORNADO
MAX 32 OR BELOW: 4 0.01 INCH OR MORE: 7
MAX 90 OR ABOVE: 0 0.10 INCH OR MORE: 6
MIN 32 OR BELOW: 20 0.50 INCH OR MORE: 3
MIN 0 OR BELOW: 0 1.00 INCH OR MORE: 2
[HDD (BASE 65) ]
TOTAL THIS MO. 762 CLEAR (SCALE 0-3) 14
DPTR FM NORMAL 6 PTCLDY (SCALE 4-7) 9
TOTAL FM JUL 1 1230 CLOUDY (SCALE 8-10) 7
DPTR FM NORMAL 0
[CDD (BASE 65) ]
TOTAL THIS MO. 0
DPTR FM NORMAL 0 [PRESSURE DATA]
TOTAL FM JAN 1 1192 HIGHEST SLP 30.60 ON 7
DPTR FM NORMAL 148 LOWEST SLP 29.30 ON 5
[REMARKS]
#FINAL-11-22#