000
CXUS53 KDVN 010656
CLMIOW
CLIMATE REPORT
NATIONAL WEATHER SERVICE QUAD CITIES IA IL
200 AM CDT FRI SEP 01 2023
...................................
...THE IOWA CITY IA CLIMATE SUMMARY FOR THE MONTH OF AUGUST 2023...
CLIMATE NORMAL PERIOD 1991 TO 2020
CLIMATE RECORD PERIOD 9999 TO 9999
WEATHER OBSERVED NORMAL DEPART LAST YEAR`S
VALUE DATE(S) VALUE FROM VALUE
NORMAL
..............................................................
TEMPERATURE (F)
HIGHEST 100 08/23 84 16
08/24
LOWEST 50 08/31 59 -9
AVG. MAXIMUM 85.4 83.8 1.6
AVG. MINIMUM 63.7 63.3 0.4
MEAN 74.5 73.5 1.0
DAYS MAX >= 90 8
DAYS MAX <= 32 0
DAYS MIN <= 32 0
DAYS MIN <= 0 0
PRECIPITATION (INCHES)
TOTALS 2.11 3.94 -1.83
DAILY AVG. 0.07 0.13 -0.06
DAYS >= .01 6
DAYS >= .10 4
DAYS >= .50 2
DAYS >= 1.00 1
GREATEST
24 HR. TOTAL 1.05 08/11 TO 08/11
DEGREE DAYS
HEATING TOTAL 0 4 -4
SINCE 7/1 1 2 -1
COOLING TOTAL 304 269 35
SINCE 1/1 961 919 42
..............................................................
WIND (MPH)
AVERAGE WIND SPEED 6.3
HIGHEST WIND SPEED/DIRECTION 24/310 DATE 08/17
HIGHEST GUST SPEED/DIRECTION 34/300 DATE 08/17
SKY COVER
POSSIBLE SUNSHINE (PERCENT) MM
AVERAGE SKY COVER 0.22
NUMBER OF DAYS FAIR 24
NUMBER OF DAYS PC 7
NUMBER OF DAYS CLOUDY 0
AVERAGE RH (PERCENT) 72
WEATHER CONDITIONS. NUMBER OF DAYS WITH
THUNDERSTORM 3 HAIL 0
SLEET 0 FOG 13
FOG W/VIS <= 1/4 MILE 5 HAZE 0
- INDICATES NEGATIVE NUMBERS.
R INDICATES RECORD WAS SET OR TIED.
MM INDICATES DATA IS MISSING.
T INDICATES TRACE AMOUNT.
$$