000
CXUS55 KPSR 290320
CF6IPL
PRELIMINARY LOCAL CLIMATOLOGICAL DATA (WS FORM: F-6)
STATION: IMPERIAL CA
MONTH: MARCH
YEAR: 2020
LATITUDE: 32 50 N
LONGITUDE: 115 35 W
TEMPERATURE IN F: :PCPN: SNOW: WIND :SUNSHINE: SKY :PK WND
================================================================================
1 2 3 4 5 6A 6B 7 8 9 10 11 12 13 14 15 16 17 18
12Z AVG MX 2MIN
DY MAX MIN AVG DEP HDD CDD WTR SNW DPTH SPD SPD DIR MIN PSBL S-S WX SPD DR
================================================================================
1 73 55 64 2 1 0 0.00 M M 22.1 35 270 M M 0 43 260
2 68 46 57 -5 8 0 T M M 9.0 23 350 M M 5 30 350
3 80 44 62 0 3 0 0.00 M M 8.6 26 360 M M 0 33 360
4 78 48 63 0 2 0 0.00 M M 3.4 12 120 M M 0 14 120
5 80 47 64 1 1 0 0.00 M M 2.6 6 99 M M 0 M M
6 86 50 68 5 0 3 0.00 M M 5.8 15 240 M M 0 17 240
7 78 51 65 2 0 0 0.00 M M 10.3 24 270 M M 0 30 270
8 76 53 65 2 0 0 0.00 M M 11.8 24 260 M M 0 31 270
9 74 53 64 0 1 0 0.14 M M 7.3 17 170 M M 3 1 20 170
10 64 56 60 -4 5 0 0.95 M M 4.3 13 260 M M 9 1 15 30
11 70 55 63 -1 2 0 0.03 M M 2.3 7 220 M M 8 12 10 300
12 67 57 62 -2 3 0 0.31 M M 8.9 25 270 M M 8 13 33 280
13 71 51 61 -3 4 0 0.00 M M 7.2 21 280 M M 3 26 280
14 73 50 62 -2 3 0 0.00 M M 6.0 13 270 M M 1 18 17 270
15 73 54 64 0 1 0 0.00 M M 9.1 18 260 M M 3 23 260
16 72 50 61 -4 4 0 0.00 M M 8.3 20 270 M M 2 33 270
17 73 51 62 -3 3 0 0.00 M M 5.2 18 250 M M 1 22 250
18 60 51 56 -9 9 0 0.08 M M 9.3 21 240 M M 7 1 26 240
19 66 51 59 -6 6 0 T M M 10.8 24 250 M M 3 32 250
20 69 45 57 -8 8 0 0.00 M M 2.3 10 340 M M 1 15 330
21 74 46 60 -5 5 0 0.00 M M 4.9 10 230 M M 0 14 280
22 77 52 65 -1 0 0 0.00 M M 5.1 16 270 M M 0 21 270
23 75 58 67 1 0 2 0.00 M M 16.1 30 260 M M 1 39 270
24 78 51 65 -1 0 0 0.00 M M 11.1 24 280 M M 0 8 31 280
25 75 57 66 0 0 1 0.00 M M 19.9 37 250 M M 0 44 260
26 69 51 60 -6 5 0 0.00 M M 14.0 32 250 M M 1 40 260
27 70 48 59 -7 6 0 0.00 M M 10.5 20 260 M M 0 24 280
28 74 45 60 -6 5 0 0.00 M M 4.9 14 140 M M 0 21 120
29 78 50 64 -2 1 0 0.00 M M 10.0 23 290 M M 0 29 290
30 80 50 65 -2 0 0 0.00 M M 3.6 12 260 M M 0 16 320
31 79 53 66 -1 0 1 0.00 M M 2.4 7 300 M M 0 8 9 10
================================================================================
SM 2280 1579 86 7 1.51 M 257.1 M 56
================================================================================
AV 73.5 50.9 8.3 FASTST M M 2 MAX(MPH)
MISC ----> 37 250 44 260
================================================================================
NOTES:
# LAST OF SEVERAL OCCURRENCES
COLUMN 17 PEAK WIND IN M.P.H.
PRELIMINARY LOCAL CLIMATOLOGICAL DATA (WS FORM: F-6) , PAGE 2
STATION: IMPERIAL CA
MONTH: MARCH
YEAR: 2020
LATITUDE: 32 50 N
LONGITUDE: 115 35 W
[TEMPERATURE DATA] [PRECIPITATION DATA] SYMBOLS USED IN COLUMN 16
AVERAGE MONTHLY: 62.2 TOTAL FOR MONTH: 1.51 1 = FOG OR MIST
DPTR FM NORMAL: -2.3 DPTR FM NORMAL: 1.15 2 = FOG REDUCING VISIBILITY
HIGHEST: 86 ON 6 GRTST 24HR 0.95 ON 10-10 TO 1/4 MILE OR LESS
LOWEST: 44 ON 3 3 = THUNDER
SNOW, ICE PELLETS, HAIL 4 = ICE PELLETS
TOTAL MONTH: M 5 = HAIL
GRTST 24HR M ON M 6 = FREEZING RAIN OR DRIZZLE
GRTST DEPTH: M ON M 7 = DUSTSTORM OR SANDSTORM:
VSBY 1/2 MILE OR LESS
8 = SMOKE OR HAZE
[NO. OF DAYS WITH] [WEATHER - DAYS WITH] 9 = BLOWING SNOW
X = TORNADO
MAX 32 OR BELOW: 0 0.01 INCH OR MORE: 5
MAX 90 OR ABOVE: 0 0.10 INCH OR MORE: 3
MIN 32 OR BELOW: 0 0.50 INCH OR MORE: 1
MIN 0 OR BELOW: 0 1.00 INCH OR MORE: 0
[HDD (BASE 65) ]
TOTAL THIS MO. 86 CLEAR (SCALE 0-3) 25
DPTR FM NORMAL 6 PTCLDY (SCALE 4-7) 5
TOTAL FM JUL 1 902 CLOUDY (SCALE 8-10) 1
DPTR FM NORMAL -109
[CDD (BASE 65) ]
TOTAL THIS MO. 7
DPTR FM NORMAL -59 [PRESSURE DATA]
TOTAL FM JAN 1 9 HIGHEST SLP 30.22 ON 20
DPTR FM NORMAL -65 LOWEST SLP 29.67 ON 12
[REMARKS]
#FINAL-03-20#
MAR 17 MINT AND MAXT AND MAR 10 PRECIP TAKEN FROM USCRN044223 LOCATED 1 NNE