000
CXUS55 KGLD 011017
CF6ITR
PRELIMINARY LOCAL CLIMATOLOGICAL DATA (WS FORM: F-6)
STATION: BURLINGTON CO
MONTH: APRIL
YEAR: 2023
LATITUDE: 39 15 N
LONGITUDE: 102 17 W
TEMPERATURE IN F: :PCPN: SNOW: WIND :SUNSHINE: SKY :PK WND
================================================================================
1 2 3 4 5 6A 6B 7 8 9 10 11 12 13 14 15 16 17 18
12Z AVG MX 2MIN
DY MAX MIN AVG DEP HDD CDD WTR SNW DPTH SPD SPD DIR MIN PSBL S-S WX SPD DR
================================================================================
1 69 22 46 0 19 0 0.00 M M 15.6 29 180 M M 0 44 190
2 76 29 53 7 12 0 0.00 M M 13.5 28 30 M M 0 43 150
3 68 28 48 2 17 0 0.00 M M 18.4 31 100 M M 1 42 100
4 39 22 31 -15 34 0 0.00 M M 16.8 28 350 M M 6 37 330
5 48 16 32 -15 33 0 0.00 M M 12.0 25 330 M M 3 34 330
6 55 19 37 -10 28 0 0.00 M M 9.4 21 210 M M 2 32 200
7 68 31 50 3 15 0 0.00 M M 21.2 36 180 M M 0 8 46 190
8 79 35 57 10 8 0 0.00 M M 11.9 28 210 M M 0 36 200
9 78 40 59 12 6 0 0.00 M M 8.5 17 340 M M 1 28 320
10 81 34 58 10 7 0 0.00 M M 7.7 16 170 M M 0 20 170
11 86 43 65 17 0 0 0.00 M M 18.3 29 180 M M 0 46 180
12 91 44 68 20 0 3 0.00 M M 17.1 33 180 M M 0 46 180
13 85 57 71 23 0 6 T M M 20.3 45 210 M M 1 8 65 210
14 62 31 47 -1 18 0 0.13 M M 16.4 24 10 M M 7 36 10
15 47 27 37 -11 28 0 0.01 M M 14.3 29 350 M M 7 8 40 340
16 66 27 47 -2 18 0 0.00 M M 10.0 18 310 M M 0 30 330
17 80 34 57 8 8 0 0.00 M M 9.8 16 190 M M 0 19 200
18 84 39 62 13 3 0 0.00 M M 12.6 30 200 M M 0 44 200
19 70 36 53 4 12 0 0.00 M M 17.9 45 340 M M 2 8 66 340
20 57 25 41 -9 24 0 0.00 M M 16.5 35 320 M M 2 50 320
21 57 22 40 -10 25 0 0.00 M M 11.9 23 320 M M 1 36 330
22 51 23 37 -13 28 0 0.00 M M 9.4 21 30 M M 5 8 27 20
23 61 21 41 -9 24 0 0.00 M M 8.5 17 190 M M 3 23 190
24 65 36 51 0 14 0 0.00 M M 14.2 24 140 M M 1 33 140
25 46 42 44 -7 21 0 0.06 M M 15.0 22 100 M M 10 12 29 100
26 55 38 47 -4 18 0 0.24 M M 10.4 20 70 M M 7 1 27 70
27 72 36 54 2 11 0 0.06 M M 14.2 36 300 M M 4 1 48 360
28 55 30 43 -9 22 0 0.02 M M 17.3 30 360 M M 5 1 45 340
29 74 31 53 1 12 0 0.00 M M 14.8 32 330 M M 1 49 330
30 66 38 52 0 13 0 0.00 M M 8.7 15 10 M M 3 23 360
================================================================================
SM 1991 956 478 9 0.52 M 412.6 M 72
================================================================================
AV 66.4 31.9 13.8 FASTST M M 2 MAX(MPH)
MISC ----> # 45 210 66 340
================================================================================
NOTES:
# LAST OF SEVERAL OCCURRENCES
COLUMN 17 PEAK WIND IN M.P.H.
PRELIMINARY LOCAL CLIMATOLOGICAL DATA (WS FORM: F-6) , PAGE 2
STATION: BURLINGTON CO
MONTH: APRIL
YEAR: 2023
LATITUDE: 39 15 N
LONGITUDE: 102 17 W
[TEMPERATURE DATA] [PRECIPITATION DATA] SYMBOLS USED IN COLUMN 16
AVERAGE MONTHLY: 49.1 TOTAL FOR MONTH: 0.52 1 = FOG OR MIST
DPTR FM NORMAL: 0.3 DPTR FM NORMAL: -1.05 2 = FOG REDUCING VISIBILITY
HIGHEST: 91 ON 12 GRTST 24HR 0.28 ON 25-26 TO 1/4 MILE OR LESS
LOWEST: 16 ON 5 3 = THUNDER
SNOW, ICE PELLETS, HAIL 4 = ICE PELLETS
TOTAL MONTH: M 5 = HAIL
GRTST 24HR M ON M 6 = FREEZING RAIN OR DRIZZLE
GRTST DEPTH: M ON M 7 = DUSTSTORM OR SANDSTORM:
VSBY 1/2 MILE OR LESS
8 = SMOKE OR HAZE
[NO. OF DAYS WITH] [WEATHER - DAYS WITH] 9 = BLOWING SNOW
X = TORNADO
MAX 32 OR BELOW: 0 0.01 INCH OR MORE: 6
MAX 90 OR ABOVE: 1 0.10 INCH OR MORE: 2
MIN 32 OR BELOW: 16 0.50 INCH OR MORE: 0
MIN 0 OR BELOW: 0 1.00 INCH OR MORE: 0
[HDD (BASE 65) ]
TOTAL THIS MO. 478 CLEAR (SCALE 0-3) 22
DPTR FM NORMAL -11 PTCLDY (SCALE 4-7) 7
TOTAL FM JUL 1 5960 CLOUDY (SCALE 8-10) 1
DPTR FM NORMAL 359
[CDD (BASE 65) ]
TOTAL THIS MO. 9
DPTR FM NORMAL 7 [PRESSURE DATA]
TOTAL FM JAN 1 9 HIGHEST SLP 30.39 ON 6
DPTR FM NORMAL 7 LOWEST SLP 29.28 ON 4
[REMARKS]
#FINAL-04-23#
HIGH TEMPERATURES FOR APRIL 7TH THROUGH APRIL 17TH WERE USED FROM COOP SITE. LOW TEMPERATURES FROM APRIL 14-16 WERE FROM COOP SITE. KITR ASOS WAS HAVING TEMPERATURES ISSUES DURING THIS TIME.