000
CXUS53 KGLD 011827
CLMITR
CLIMATE REPORT
NATIONAL WEATHER SERVICE
1227 PM MDT MON MAY 01 2023
...................................
...THE BURLINGTON CO CLIMATE SUMMARY FOR THE MONTH OF APRIL 2023...
CLIMATE NORMAL PERIOD: 1991 TO 2020
CLIMATE RECORD PERIOD: 1896 TO 2023
WEATHER OBSERVED NORMAL DEPART LAST YEAR`S
VALUE DATE(S) VALUE FROM VALUE DATE(S)
NORMAL
................................................................
TEMPERATURE (F)
RECORD
HIGH 95 04/25/2012
LOW -3 04/02/1936
HIGHEST 91 04/12 85 6 92 04/22
LOWEST 16 04/05 19 -3 15 04/14
AVG. MAXIMUM 66.4 63.5 2.9 67.7
AVG. MINIMUM 31.9 34.0 -2.1 31.4
MEAN 49.1 48.8 0.3 49.6
DAYS MAX >= 90 1 0.1 0.9 1
DAYS MAX <= 32 0 0.5 -0.5 0
DAYS MIN <= 32 16 12.6 3.4 16
DAYS MIN <= 0 0 0.0 0.0 0
PRECIPITATION (INCHES)
RECORD
MAXIMUM 5.70 1944
MINIMUM 0.00 1963
TOTALS 0.52 1.57 -1.05 0.04
DAILY AVG. 0.02 0.05 -0.03 0.00
DAYS >= .01 6 7.1 -1.1 2
DAYS >= .10 2 3.5 -1.5 0
DAYS >= .50 0 1.0 -1.0 0
DAYS >= 1.00 0 0.3 -0.3 0
GREATEST
24 HR. TOTAL 0.28 04/25 TO 04/26 0.03
STORM TOTAL 0.24
(MM/DD(HH))
................................................................
- INDICATES NEGATIVE NUMBERS.
R INDICATES RECORD WAS SET OR TIED.
MM INDICATES DATA IS MISSING.
T INDICATES TRACE AMOUNT.
$$