000
CXUS53 KGLD 011617
CLMITR
CLIMATE REPORT
NATIONAL WEATHER SERVICE
917 AM MST MON JAN 01 2024
...................................
...THE BURLINGTON CO CLIMATE SUMMARY FOR THE MONTH OF DECEMBER 2023...
CLIMATE NORMAL PERIOD: 1991 TO 2020
CLIMATE RECORD PERIOD: 1896 TO 2023
WEATHER OBSERVED NORMAL DEPART LAST YEAR`S
VALUE DATE(S) VALUE FROM VALUE DATE(S)
NORMAL
................................................................
TEMPERATURE (F)
RECORD
HIGH 81 12/06/1939
LOW -22 12/09/1919
HIGHEST 71 12/06 66 5 71 12/02
LOWEST 9 12/01 10 -15 12/22
AVG. MAXIMUM 48.3 43.9 4.4 45.5
AVG. MINIMUM 21.1 17.3 3.8 13.7
MEAN 34.7 30.6 4.1 29.6
DAYS MAX >= 90 0 0.0 0.0 0
DAYS MAX <= 32 3 5.8 -2.8 5
DAYS MIN <= 32 30 30.6 -0.6 30
DAYS MIN <= 0 0 1.7 -1.7 3
PRECIPITATION (INCHES)
RECORD
MAXIMUM 3.83 1913
MINIMUM 0.00 2002
TOTALS 0.58 0.36 0.22 T
DAILY AVG. 0.02 0.01 0.01 T
DAYS >= .01 5 3.2 1.8 0
DAYS >= .10 2 1.1 0.9 0
DAYS >= .50 0 0.1 -0.1 0
DAYS >= 1.00 0 0.0 0.0 0
GREATEST
24 HR. TOTAL 0.32 12/24 TO 12/24 T
STORM TOTAL 0.32
(MM/DD(HH))
................................................................
- INDICATES NEGATIVE NUMBERS.
R INDICATES RECORD WAS SET OR TIED.
MM INDICATES DATA IS MISSING.
T INDICATES TRACE AMOUNT.
$$