000
CXUS53 KGLD 030103
CLMITR
CLIMATE REPORT
NATIONAL WEATHER SERVICE
703 PM MDT WED AUG 02 2023
...................................
...THE BURLINGTON CO CLIMATE SUMMARY FOR THE MONTH OF JULY 2023...
CLIMATE NORMAL PERIOD: 1991 TO 2020
CLIMATE RECORD PERIOD: 1896 TO 2023
WEATHER OBSERVED NORMAL DEPART LAST YEAR`S
VALUE DATE(S) VALUE FROM VALUE DATE(S)
NORMAL
................................................................
TEMPERATURE (F)
RECORD
HIGH 108 07/07/2001
LOW 36 07/03/1905
HIGHEST 100 07/25 101 -1 106 07/23
LOWEST 50 07/09 52 -2 59 07/01
AVG. MAXIMUM 88.0 89.6 -1.6 93.5
AVG. MINIMUM 60.1 61.3 -1.2 64.2
MEAN 74.0 75.4 -1.4 78.8
DAYS MAX >= 90 18 18.6 -0.6 22
DAYS MAX <= 32 0 0.0 0.0 0
DAYS MIN <= 32 0 0.0 0.0 0
DAYS MIN <= 0 0 0.0 0.0 0
PRECIPITATION (INCHES)
RECORD
MAXIMUM 7.13 1958
MINIMUM 0.29 1955
TOTALS 3.48 2.95 0.53 2.88
DAILY AVG. 0.11 0.10 0.01 0.09
DAYS >= .01 9 9.4 -0.4 12
DAYS >= .10 6 5.0 1.0 5
DAYS >= .50 1 1.8 -0.8 3
DAYS >= 1.00 1 0.6 0.4 0
GREATEST
24 HR. TOTAL 2.54 07/20 TO 07/21 0.91
STORM TOTAL 2.53
(MM/DD(HH))
................................................................
- INDICATES NEGATIVE NUMBERS.
R INDICATES RECORD WAS SET OR TIED.
MM INDICATES DATA IS MISSING.
T INDICATES TRACE AMOUNT.
$$