161
CXUS55 KEAX 010736
CF6IXD
PRELIMINARY LOCAL CLIMATOLOGICAL DATA (WS FORM: F-6)
STATION: NEW CENTURY AIR CENTER KS
MONTH: AUGUST
YEAR: 2020
LATITUDE: 38 49 N
LONGITUDE: 94 54 W
TEMPERATURE IN F: :PCPN: SNOW: WIND :SUNSHINE: SKY :PK WND
================================================================================
1 2 3 4 5 6A 6B 7 8 9 10 11 12 13 14 15 16 17 18
12Z AVG MX 2MIN
DY MAX MIN AVG DEP HDD CDD WTR SNW DPTH SPD SPD DIR MIN PSBL S-S WX SPD DR
================================================================================
1 84 63 74 -5 0 9 0.00 M M 5.1 14 330 M M 2 1 19 300
2 82 65 74 -5 0 9 0.00 M M 10.0 17 330 M M 3 27 340
3 78 57 68 -11 0 3 0.00 M M 10.0 20 340 M M 1 26 340
4 77 53 65 -14 0 0 0.00 M M 4.5 14 350 M M 2 19 360
5 80 57 69 -10 0 4 0.00 M M 5.6 13 110 M M 2 8 19 110
6 83 64 74 -5 0 9 0.00 M M 8.3 17 150 M M 1 22 170
7 88 69 79 0 0 14 0.11 M M 12.5 25 160 M M 4 13 36 170
8 90 72 81 2 0 16 0.22 M M 11.4 38 190 M M 5 13 51 180
9 84 71 78 -1 0 13 0.40 M M 10.2 25 160 M M 1 138 35 150
10 88 70 79 0 0 14 0.01 M M 6.9 17 140 M M 1 3 23 190
11 87 71 79 0 0 14 0.00 M M 5.6 17 140 M M 3 3 21 140
12 87 69 78 -1 0 13 T M M 6.9 15 120 M M 1 19 110
13 88 71 80 2 0 15 0.00 M M 6.8 14 140 M M 1 19 130
14 90 72 81 3 0 16 0.00 M M 7.4 18 150 M M 1 1 25 140
15 86 65 76 -2 0 11 0.00 M M 6.8 18 350 M M 3 23 10
16 82 59 71 -7 0 6 0.00 M M 5.1 14 190 M M 1 19 190
17 86 64 75 -3 0 10 0.00 M M 10.9 23 340 M M 0 28 330
18 82 58 70 -8 0 5 0.00 M M 5.8 15 30 M M 0 20 340
19 83 57 70 -8 0 5 0.00 M M 3.9 12 120 M M 0 19 130
20 85 59 72 -5 0 7 0.00 M M 5.4 10 160 M M 0 15 150
21 88 60 74 -3 0 9 0.00 M M 6.1 14 220 M M 0 18 250
22 90 63 77 0 0 12 0.00 M M 6.0 14 210 M M 0 18 200
23 93 66 80 3 0 15 0.00 M M 7.5 14 240 M M 0 18 210
24 93 67 80 4 0 15 0.00 M M 5.5 13 190 M M 0 17 220
25 95 65 80 4 0 15 0.00 M M 6.2 13 200 M M 0 17 190
26 95 68 82 6 0 17 0.00 M M 9.4 16 150 M M 1 22 220
27 92 69 81 5 0 16 0.00 M M 7.3 20 130 M M 0 26 130
28 94 66 80 5 0 15 0.00 M M 3.5 14 330 M M 0 19 350
29 79 63 71 -4 0 6 0.37 M M 6.2 26 350 M M 4 13 31 340
30 83 60 72 -2 0 7 0.00 M M 7.6 15 150 M M 2 1 20 140
31 73 65 69 -5 0 4 1.42 M M 10.0 31 10 M M 8 13 42 10
================================================================================
SM 2665 1998 0 324 2.53 M 224.4 M 47
================================================================================
AV 86.0 64.5 7.2 FASTST M M 2 MAX(MPH)
MISC ----> 38 190 51 180
================================================================================
NOTES:
# LAST OF SEVERAL OCCURRENCES
COLUMN 17 PEAK WIND IN M.P.H.
PRELIMINARY LOCAL CLIMATOLOGICAL DATA (WS FORM: F-6) , PAGE 2
STATION: NEW CENTURY AIR CENTER KS
MONTH: AUGUST
YEAR: 2020
LATITUDE: 38 49 N
LONGITUDE: 94 54 W
[TEMPERATURE DATA] [PRECIPITATION DATA] SYMBOLS USED IN COLUMN 16
AVERAGE MONTHLY: 75.2 TOTAL FOR MONTH: 2.53 1 = FOG OR MIST
DPTR FM NORMAL: -2.4 DPTR FM NORMAL: -1.11 2 = FOG REDUCING VISIBILITY
HIGHEST: 95 ON 26,25 GRTST 24HR 1.42 ON 31-31 TO 1/4 MILE OR LESS
LOWEST: 53 ON 4 3 = THUNDER
SNOW, ICE PELLETS, HAIL 4 = ICE PELLETS
TOTAL MONTH: M 5 = HAIL
GRTST 24HR M ON M 6 = FREEZING RAIN OR DRIZZLE
GRTST DEPTH: M ON M 7 = DUSTSTORM OR SANDSTORM:
VSBY 1/2 MILE OR LESS
8 = SMOKE OR HAZE
[NO. OF DAYS WITH] [WEATHER - DAYS WITH] 9 = BLOWING SNOW
X = TORNADO
MAX 32 OR BELOW: 0 0.01 INCH OR MORE: 6
MAX 90 OR ABOVE: 9 0.10 INCH OR MORE: 5
MIN 32 OR BELOW: 0 0.50 INCH OR MORE: 1
MIN 0 OR BELOW: 0 1.00 INCH OR MORE: 1
[HDD (BASE 65) ]
TOTAL THIS MO. 0 CLEAR (SCALE 0-3) 26
DPTR FM NORMAL -2 PTCLDY (SCALE 4-7) 4
TOTAL FM JUL 1 0 CLOUDY (SCALE 8-10) 1
DPTR FM NORMAL 0
[CDD (BASE 65) ]
TOTAL THIS MO. 324
DPTR FM NORMAL -68 [PRESSURE DATA]
TOTAL FM JAN 1 1233 HIGHEST SLP M ON M
DPTR FM NORMAL 51 LOWEST SLP 29.66 ON 31
[REMARKS]
#FINAL-08-20#