000
CXUS54 KJAN 040816
CF6JAN
PRELIMINARY LOCAL CLIMATOLOGICAL DATA (WS FORM: F-6)
STATION: JACKSON
MONTH: DECEMBER
YEAR: 2023
LATITUDE: 32 19 N
LONGITUDE: 90 5 W
TEMPERATURE IN F: :PCPN: SNOW: WIND :SUNSHINE: SKY :PK WND
================================================================================
1 2 3 4 5 6A 6B 7 8 9 10 11 12 13 14 15 16 17 18
12Z AVG MX 2MIN
DY MAX MIN AVG DEP HDD CDD WTR SNW DPTH SPD SPD DIR MIN PSBL S-S WX SPD DR
================================================================================
1 77 57 67 15 0 2 0.50 0.0 0 5.1 20 170 M M 7 1 27 170
2 69 60 65 14 0 0 0.05 0.0 0 4.3 20 160 M M 9 1 26 160
3 71 49 60 9 5 0 0.00 0.0 0 4.5 8 170 M M 5 13 260
4 66 46 56 5 9 0 0.00 0.0 0 6.0 18 330 M M 0 29 330
5 67 34 51 0 14 0 0.00 0.0 0 4.4 16 350 M M 0 1 22 350
6 58 34 46 -5 19 0 0.00 0.0 0 5.2 16 10 M M 0 24 360
7 62 30 46 -4 19 0 0.00 0.0 0 5.8 15 200 M M 2 19 210
8 72 41 57 7 8 0 0.03 0.0 0 8.5 21 200 M M 7 1 27 170
9 78 54 66 16 0 1 1.07 0.0 0 11.7 22 340 M M 7 13 32 340
10 55 32 44 -6 21 0 T 0.0 0 9.7 20 340 M M 2 30 340
11 57 27 42 -8 23 0 0.00 0.0 0 1.4 10 250 M M 0 17 250
12 64 30 47 -3 18 0 0.00 0.0 0 2.7 12 20 M M 2 14 40
13 63 34 49 -1 16 0 0.00 0.0 0 5.2 12 50 M M 3 17 40
14 69 39 54 5 11 0 0.00 0.0 0 6.2 17 120 M M 3 26 100
15 70 46 58 9 7 0 0.00 0.0 0 8.1 21 130 M M 1 29 150
16 56 51 54 5 11 0 0.14 0.0 0 3.0 13 120 M M 8 1 18 120
17 59 38 49 0 16 0 0.01 0.0 0 7.3 17 350 M M 3 1 24 300
18 62 34 48 -1 17 0 0.00 0.0 0 6.3 17 320 M M 0 24 310
19 56 34 45 -4 20 0 0.00 0.0 0 4.8 13 80 M M 1 19 80
20 61 31 46 -2 19 0 0.00 0.0 0 3.4 14 160 M M 3 17 140
21 61 33 47 -1 18 0 0.00 0.0 0 2.2 9 160 M M 4 13 120
22 70 45 58 10 7 0 0.00 0.0 0 4.1 10 160 M M 3 13 170
23 72 50 61 13 4 0 T 0.0 0 7.8 15 150 M M 5 1 20 170
24 64 59 62 14 3 0 0.67 0.0 0 11.5 21 110 M M 9 1 32 110
25 63 47 55 7 10 0 0.83 0.0 0 8.2 18 160 M M 10 1 23 160
26 57 38 48 0 17 0 0.00 0.0 0 4.1 14 360 M M 2 19 10
27 61 35 48 0 17 0 0.00 0.0 0 6.4 17 340 M M 4 25 240
28 49 28 39 -9 26 0 0.00 0.0 0 5.7 15 300 M M 5 21 300
29 53 33 43 -4 22 0 0.00 0.0 0 6.6 16 240 M M 3 25 230
30 56 27 42 -5 23 0 0.00 0.0 0 1.5 9 290 M M 0 1 14 290
31 66 28 47 0 18 0 0.00 0.0 0 4.6 13 190 M M 1 1 20 230
================================================================================
SM 1964 1224 418 3 3.30 0.0 176.3 M 109
================================================================================
AV 63.4 39.5 5.7 FASTST M M 4 MAX(MPH)
MISC ----> 22 340 # 32 340
================================================================================
NOTES:
# LAST OF SEVERAL OCCURRENCES
COLUMN 17 PEAK WIND IN M.P.H.
PRELIMINARY LOCAL CLIMATOLOGICAL DATA (WS FORM: F-6) , PAGE 2
STATION: JACKSON
MONTH: DECEMBER
YEAR: 2023
LATITUDE: 32 19 N
LONGITUDE: 90 5 W
[TEMPERATURE DATA] [PRECIPITATION DATA] SYMBOLS USED IN COLUMN 16
AVERAGE MONTHLY: 51.4 TOTAL FOR MONTH: 3.30 1 = FOG OR MIST
DPTR FM NORMAL: 2.3 DPTR FM NORMAL: -1.83 2 = FOG REDUCING VISIBILITY
HIGHEST: 78 ON 9 GRTST 24HR 1.50 ON 24-25 TO 1/4 MILE OR LESS
LOWEST: 27 ON 30,11 3 = THUNDER
SNOW, ICE PELLETS, HAIL 4 = ICE PELLETS
TOTAL MONTH: 0.0 INCH 5 = HAIL
GRTST 24HR 0.0 6 = FREEZING RAIN OR DRIZZLE
GRTST DEPTH: 0 7 = DUSTSTORM OR SANDSTORM:
VSBY 1/2 MILE OR LESS
8 = SMOKE OR HAZE
[NO. OF DAYS WITH] [WEATHER - DAYS WITH] 9 = BLOWING SNOW
X = TORNADO
MAX 32 OR BELOW: 0 0.01 INCH OR MORE: 8
MAX 90 OR ABOVE: 0 0.10 INCH OR MORE: 5
MIN 32 OR BELOW: 8 0.50 INCH OR MORE: 4
MIN 0 OR BELOW: 0 1.00 INCH OR MORE: 1
[HDD (BASE 65) ]
TOTAL THIS MO. 418 CLEAR (SCALE 0-3) 17
DPTR FM NORMAL -82 PTCLDY (SCALE 4-7) 11
TOTAL FM JUL 1 733 CLOUDY (SCALE 8-10) 3
DPTR FM NORMAL -165
[CDD (BASE 65) ]
TOTAL THIS MO. 3
DPTR FM NORMAL -6 [PRESSURE DATA]
TOTAL FM JAN 1 3049 HIGHEST SLP 30.58 ON 13
DPTR FM NORMAL 646 LOWEST SLP 29.75 ON 25
[REMARKS]
#FINAL-12-23#