000
CXUS52 KJAX 051207
CF6JAX
PRELIMINARY LOCAL CLIMATOLOGICAL DATA (WS FORM: F-6)
STATION: JACKSONVILLE
MONTH: DECEMBER
YEAR: 2021
LATITUDE: 30 30 N
LONGITUDE: 81 42 W
TEMPERATURE IN F: :PCPN: SNOW: WIND :SUNSHINE: SKY :PK WND
================================================================================
1 2 3 4 5 6A 6B 7 8 9 10 11 12 13 14 15 16 17 18
12Z AVG MX 2MIN
DY MAX MIN AVG DEP HDD CDD WTR SNW DPTH SPD SPD DIR MIN PSBL S-S WX SPD DR
================================================================================
1 73 40 57 -2 8 0 0.00 0.0 0 2.7 10 60 M M 4 13 130
2 74 43 59 0 6 0 0.00 0.0 0 3.2 10 280 M M 2 17 310
3 76 47 62 3 3 0 0.00 0.0 0 3.4 9 300 M M 4 1 15 320
4 74 45 60 1 5 0 0.00 0.0 0 1.7 9 240 M M 7 12 12 290
5 75 45 60 2 5 0 0.00 0.0 0 1.9 12 210 M M 5 12 15 210
6 80 50 65 7 0 0 0.00 0.0 0 5.2 17 230 M M 9 12 25 240
7 74 57 66 8 0 1 0.00 0.0 0 4.1 10 70 M M 8 12 14 210
8 79 60 70 12 0 5 0.23 0.0 0 7.7 21 240 M M 8 12 31 250
9 71 52 62 4 3 0 0.00 0.0 0 4.2 10 40 M M 9 1 15 360
10 78 51 65 7 0 0 0.00 0.0 0 3.8 9 140 M M 5 1 13 160
11 83 59 71 14 0 6 0.00 0.0 0 6.1 16 210 M M 5 1 23 210
12 70 53 62 5 3 0 0.01 0.0 0 6.9 15 50 M M 8 1 22 330
13 68 53 61 4 4 0 0.00 0.0 0 4.3 9 20 M M 8 13 30
14 72 54 63 6 2 0 0.00 0.0 0 5.6 15 60 M M 7 1 18 50
15 77 58 68 11 0 3 0.00 0.0 0 8.4 18 80 M M 6 24 60
16 79 63 71 14 0 6 0.08 0.0 0 4.5 14 110 M M 7 1 19 100
17 80 59 70 14 0 5 0.00 0.0 0 4.5 14 170 M M 7 1 17 180
18 80 55 68 12 0 3 0.00 0.0 0 3.8 15 170 M M 6 1 19 190
19 79 62 71 15 0 6 0.01 0.0 0 7.0 16 270 M M 8 1 20 270
20 63 48 56 0 9 0 0.01 0.0 0 13.2 25 30 M M 10 1 37 30
21 59 45 52 -4 13 0 1.27 0.0 0 10.1 20 60 M M 10 1 24 310
22 63 43 53 -3 12 0 T 0.0 0 10.4 18 270 M M 5 1 27 280
23 66 36 51 -5 14 0 0.00 0.0 0 5.8 15 50 M M 1 22 50
24 73 41 57 2 8 0 0.00 0.0 0 2.6 13 170 M M 2 16 190
25 75 44 60 5 5 0 0.00 0.0 0 6.1 20 260 M M 2 1 26 250
26 78 55 67 12 0 2 0.00 0.0 0 5.7 17 280 M M 4 12 24 280
27 76 57 67 12 0 2 0.00 0.0 0 5.8 15 260 M M 4 12 23 240
28 80 53 67 12 0 2 0.00 0.0 0 2.8 12 190 M M 4 12 18 260
29 82 53 68 13 0 3 0.00 0.0 0 7.1 18 240 M M 2 1 24 240
30 82 59 71 16 0 6 0.00 0.0 0 7.2 15 210 M M 6 12 20 210
31 83 67 75 20 0 10 0.00 0.0 0 7.6 14 250 M M 7 1 18 230
================================================================================
SM 2322 1607 100 60 1.61 0.0 173.4 M 180
================================================================================
AV 74.9 51.8 5.6 FASTST M M 6 MAX(MPH)
MISC ----> 25 30 37 30
================================================================================
NOTES:
# LAST OF SEVERAL OCCURRENCES
COLUMN 17 PEAK WIND IN M.P.H.
PRELIMINARY LOCAL CLIMATOLOGICAL DATA (WS FORM: F-6) , PAGE 2
STATION: JACKSONVILLE
MONTH: DECEMBER
YEAR: 2021
LATITUDE: 30 30 N
LONGITUDE: 81 42 W
[TEMPERATURE DATA] [PRECIPITATION DATA] SYMBOLS USED IN COLUMN 16
AVERAGE MONTHLY: 63.4 TOTAL FOR MONTH: 1.61 1 = FOG OR MIST
DPTR FM NORMAL: 6.7 DPTR FM NORMAL: -1.17 2 = FOG REDUCING VISIBILITY
HIGHEST: 83 ON 31,11 GRTST 24HR 1.28 ON 20-21 TO 1/4 MILE OR LESS
LOWEST: 36 ON 23 3 = THUNDER
SNOW, ICE PELLETS, HAIL 4 = ICE PELLETS
TOTAL MONTH: 0.0 INCH 5 = HAIL
GRTST 24HR 0.0 6 = FREEZING RAIN OR DRIZZLE
GRTST DEPTH: 0 7 = DUSTSTORM OR SANDSTORM:
VSBY 1/2 MILE OR LESS
8 = SMOKE OR HAZE
[NO. OF DAYS WITH] [WEATHER - DAYS WITH] 9 = BLOWING SNOW
X = TORNADO
MAX 32 OR BELOW: 0 0.01 INCH OR MORE: 6
MAX 90 OR ABOVE: 0 0.10 INCH OR MORE: 2
MIN 32 OR BELOW: 0 0.50 INCH OR MORE: 1
MIN 0 OR BELOW: 0 1.00 INCH OR MORE: 1
[HDD (BASE 65) ]
TOTAL THIS MO. 100 CLEAR (SCALE 0-3) 5
DPTR FM NORMAL -185 PTCLDY (SCALE 4-7) 22
TOTAL FM JUL 1 330 CLOUDY (SCALE 8-10) 4
DPTR FM NORMAL -125
[CDD (BASE 65) ]
TOTAL THIS MO. 60
DPTR FM NORMAL 34 [PRESSURE DATA]
TOTAL FM JAN 1 2656 HIGHEST SLP 30.41 ON 14
DPTR FM NORMAL -147 LOWEST SLP 29.71 ON 21
[REMARKS]
#FINAL-12-21#