000
CXUS54 KMEG 010900
CF6JBR
PRELIMINARY LOCAL CLIMATOLOGICAL DATA (WS FORM: F-6)
STATION: JONESBORO
MONTH: MARCH
YEAR: 2023
LATITUDE: 35 49 N
LONGITUDE: 90 39 W
TEMPERATURE IN F: :PCPN: SNOW: WIND :SUNSHINE: SKY :PK WND
================================================================================
1 2 3 4 5 6A 6B 7 8 9 10 11 12 13 14 15 16 17 18
12Z AVG MX 2MIN
DY MAX MIN AVG DEP HDD CDD WTR SNW DPTH SPD SPD DIR MIN PSBL S-S WX SPD DR
================================================================================
1 72 58 65 19 0 0 0.54 M M 7.5 18 200 M M 4 18 24 210
2 61 50 56 9 9 0 0.19 M M 14.5 23 50 M M 7 1 29 40
3 61 48 55 8 10 0 1.62 M M 13.7 36 280 M M 9 13 48 290
4 60 45 53 6 12 0 0.00 M M 5.6 12 60 M M 6 14 60
5 69 41 55 7 10 0 0.00 M M 6.0 16 160 M M 0 21 150
6 71 50 61 13 4 0 0.00 M M 8.6 23 220 M M 0 18 28 220
7 63 48 56 8 9 0 0.00 M M 16.9 25 50 M M 0 32 40
8 52 45 49 1 16 0 0.41 M M 12.3 21 60 M M 8 1 26 90
9 50 46 48 -1 17 0 0.31 M M 5.5 13 100 M M 10 1 15 110
10 56 42 49 0 16 0 0.00 M M 8.1 16 320 M M 2 22 10
11 47 39 43 -6 22 0 0.47 M M 9.2 17 100 M M 6 1 26 350
12 55 42 49 -1 16 0 0.00 M M 9.2 18 350 M M 6 1 28 10
13 47 33 40 -10 25 0 0.00 M M 9.0 16 40 M M 1 24 10
14 M 29 M M M M 0.00 M M M M M M M M M M
15 M 29 M M M M 0.00 M M M M M M M M M M
16 M M M M M M M M M M M M M M 0 M M
17 M M M M M M M M M 14.9 29 310 M M 2 1 41 320
18 45 31 38 -14 27 0 0.00 M M 10.6 23 300 M M 1 32 290
19 43 24 34 -18 31 0 0.00 M M 6.5 16 290 M M 0 19 300
20 M M M M M M 0.00 M M M M M M M 0 M M
21 M M M M M M M M M M M M M M 0 3 M M
22 M M M M M M M M M M M M M M 0 3 M M
23 M M M M M M M M M M M M M M M M M
24 72 58 65 11 0 0 2.24 M M 13.2 29 60 M M 7 13 38 200
25 63 51 57 3 8 0 0.00 M M 8.2 26 250 M M 2 32 260
26 75 47 61 7 4 0 0.00 M M 5.3 16 330 M M 0 24 320
27 63 45 54 -1 11 0 0.00 M M 8.3 17 50 M M 1 24 360
28 61 43 52 -3 13 0 0.00 M M 9.7 18 360 M M 3 25 320
29 61 39 50 -5 15 0 0.00 M M 3.4 12 140 M M 0 18 15 140
30 73 44 59 3 6 0 0.11 M M 8.2 21 150 M M 6 38 26 140
31 75 59 67 11 0 2 0.07 M M 16.1 31 210 M M 8 3 42 200
================================================================================
SM 1395 1086 281 2 5.96 M 230.4 M 89
================================================================================
AV 60.7 43.4 9.6 FASTST M M 3 MAX(MPH)
MISC ----> 36 280 48 290
================================================================================
NOTES:
# LAST OF SEVERAL OCCURRENCES
COLUMN 17 PEAK WIND IN M.P.H.
PRELIMINARY LOCAL CLIMATOLOGICAL DATA (WS FORM: F-6) , PAGE 2
STATION: JONESBORO
MONTH: MARCH
YEAR: 2023
LATITUDE: 35 49 N
LONGITUDE: 90 39 W
[TEMPERATURE DATA] [PRECIPITATION DATA] SYMBOLS USED IN COLUMN 16
AVERAGE MONTHLY: 52.0 TOTAL FOR MONTH: 5.96 1 = FOG OR MIST
DPTR FM NORMAL: 0.9 DPTR FM NORMAL: 1.23 2 = FOG REDUCING VISIBILITY
HIGHEST: 75 ON 31,26 GRTST 24HR 2.24 ON 24-24 TO 1/4 MILE OR LESS
LOWEST: 24 ON 19 3 = THUNDER
SNOW, ICE PELLETS, HAIL 4 = ICE PELLETS
TOTAL MONTH: M 5 = HAIL
GRTST 24HR M ON M 6 = FREEZING RAIN OR DRIZZLE
GRTST DEPTH: M ON M 7 = DUSTSTORM OR SANDSTORM:
VSBY 1/2 MILE OR LESS
8 = SMOKE OR HAZE
[NO. OF DAYS WITH] [WEATHER - DAYS WITH] 9 = BLOWING SNOW
X = TORNADO
MAX 32 OR BELOW: 0 0.01 INCH OR MORE: 9
MAX 90 OR ABOVE: 0 0.10 INCH OR MORE: 8
MIN 32 OR BELOW: 4 0.50 INCH OR MORE: 3
MIN 0 OR BELOW: 0 1.00 INCH OR MORE: 2
[HDD (BASE 65) ]
TOTAL THIS MO. 281 CLEAR (SCALE 0-3) 17
DPTR FM NORMAL -160 PTCLDY (SCALE 4-7) 9
TOTAL FM JUL 1 2672 CLOUDY (SCALE 8-10) 5
DPTR FM NORMAL -567
[CDD (BASE 65) ]
TOTAL THIS MO. 2
DPTR FM NORMAL -7 [PRESSURE DATA]
TOTAL FM JAN 1 2 HIGHEST SLP 30.52 ON 19
DPTR FM NORMAL -8 LOWEST SLP 29.06 ON 3
[REMARKS]
#FINAL-03-23#