000
CXUS54 KMEG 011000
CF6JBR
PRELIMINARY LOCAL CLIMATOLOGICAL DATA (WS FORM: F-6)
STATION: JONESBORO
MONTH: JANUARY
YEAR: 2024
LATITUDE: 35 49 N
LONGITUDE: 90 39 W
TEMPERATURE IN F: :PCPN: SNOW: WIND :SUNSHINE: SKY :PK WND
================================================================================
1 2 3 4 5 6A 6B 7 8 9 10 11 12 13 14 15 16 17 18
12Z AVG MX 2MIN
DY MAX MIN AVG DEP HDD CDD WTR SNW DPTH SPD SPD DIR MIN PSBL S-S WX SPD DR
================================================================================
1 38 31 35 -4 30 0 0.00 M M 6.1 12 40 M M 9 17 20
2 41 27 34 -5 31 0 0.00 M M 3.2 13 230 M M 3 18 250
3 47 28 38 -1 27 0 0.00 M M 2.9 15 40 M M 0 20 40
4 38 28 33 -6 32 0 0.00 M M 9.4 20 70 M M 6 26 60
5 38 28 33 -6 32 0 0.25 M M 8.3 15 100 M M 5 14 21 60
6 43 37 40 2 25 0 0.03 M M 7.1 14 270 M M 10 1 20 290
7 50 30 40 2 25 0 0.00 M M 5.4 13 270 M M 3 17 280
8 45 31 38 0 27 0 1.02 M M 10.3 22 100 M M 5 13 30 90
9 46 36 41 3 24 0 0.09 M M 17.5 32 250 M M 9 1 47 250
10 46 29 38 0 27 0 0.00 M M 10.1 20 160 M M 2 26 170
11 57 28 43 5 22 0 0.14 M M 8.0 26 170 M M 4 3 39 170
12 57 28 43 5 22 0 2.41 M M 15.1 41 190 M M 8 13 53 180
13 37 24 31 -7 34 0 0.00 M M 8.4 22 290 M M 2 31 280
14 25 9 17 -21 48 0 T M M 8.0 18 330 M M 3 26 330
15 12 6 9 -29 56 0 T M M 8.1 15 70 M M 2 19 350
16 17 4 11 -27 54 0 0.00 M M 8.6 16 330 M M 0 27 320
17 30 6 18 -20 47 0 0.00 M M 10.4 21 210 M M 0 27 230
18 33 18 26 -12 39 0 0.00 M M 3.6 10 160 M M 8 12 13 190
19 29 18 24 -14 41 0 0.00 M M 10.5 22 330 M M 2 12 35 320
20 20 9 15 -23 50 0 0.00 M M 6.7 15 80 M M 0 20 360
21 32 9 21 -17 44 0 0.00 M M 5.3 14 110 M M 2 19 110
22 39 32 36 -3 29 0 0.53 M M 8.7 18 150 M M 10 1 25 160
23 49 39 44 5 21 0 1.69 M M 6.9 22 210 M M 10 12 30 200
24 56 47 52 13 13 0 0.30 M M 2.6 12 270 M M 10 12 17 150
25 54 46 50 11 15 0 0.21 M M 3.9 15 290 M M 10 12 24 300
26 51 47 49 10 16 0 0.00 M M 6.1 14 310 M M 10 20 320
27 47 41 44 5 21 0 1.24 M M 13.8 25 40 M M 10 1 40 330
28 48 32 40 1 25 0 0.00 M M 6.9 16 290 M M 7 25 320
29 46 29 38 -1 27 0 0.00 M M 2.6 8 140 M M 2 1 12 60
30 64 34 49 10 16 0 0.00 M M 7.7 20 60 M M 0 1 26 280
31 51 33 42 2 23 0 0.00 M M 4.4 14 70 M M 0 17 60
================================================================================
SM 1286 844 943 0 7.91 M 236.6 M 152
================================================================================
AV 41.5 27.2 7.6 FASTST M M 5 MAX(MPH)
MISC ----> 41 190 53 180
================================================================================
NOTES:
# LAST OF SEVERAL OCCURRENCES
COLUMN 17 PEAK WIND IN M.P.H.
PRELIMINARY LOCAL CLIMATOLOGICAL DATA (WS FORM: F-6) , PAGE 2
STATION: JONESBORO
MONTH: JANUARY
YEAR: 2024
LATITUDE: 35 49 N
LONGITUDE: 90 39 W
[TEMPERATURE DATA] [PRECIPITATION DATA] SYMBOLS USED IN COLUMN 16
AVERAGE MONTHLY: 34.4 TOTAL FOR MONTH: 7.91 1 = FOG OR MIST
DPTR FM NORMAL: -4.3 DPTR FM NORMAL: 4.39 2 = FOG REDUCING VISIBILITY
HIGHEST: 64 ON 30 GRTST 24HR 2.41 ON 12-12 TO 1/4 MILE OR LESS
LOWEST: 4 ON 16 3 = THUNDER
SNOW, ICE PELLETS, HAIL 4 = ICE PELLETS
TOTAL MONTH: M 5 = HAIL
GRTST 24HR M ON M 6 = FREEZING RAIN OR DRIZZLE
GRTST DEPTH: M ON M 7 = DUSTSTORM OR SANDSTORM:
VSBY 1/2 MILE OR LESS
8 = SMOKE OR HAZE
[NO. OF DAYS WITH] [WEATHER - DAYS WITH] 9 = BLOWING SNOW
X = TORNADO
MAX 32 OR BELOW: 7 0.01 INCH OR MORE: 11
MAX 90 OR ABOVE: 0 0.10 INCH OR MORE: 9
MIN 32 OR BELOW: 22 0.50 INCH OR MORE: 5
MIN 0 OR BELOW: 0 1.00 INCH OR MORE: 4
[HDD (BASE 65) ]
TOTAL THIS MO. 943 CLEAR (SCALE 0-3) 15
DPTR FM NORMAL 126 PTCLDY (SCALE 4-7) 6
TOTAL FM JUL 1 2058 CLOUDY (SCALE 8-10) 10
DPTR FM NORMAL -112
[CDD (BASE 65) ]
TOTAL THIS MO. 0
DPTR FM NORMAL 0 [PRESSURE DATA]
TOTAL FM JAN 1 0 HIGHEST SLP 30.71 ON 20
DPTR FM NORMAL 0 LOWEST SLP 29.29 ON 9
[REMARKS]
#FINAL-01-24#