568
CXUS54 KMEG 030050
CF6JBR
PRELIMINARY LOCAL CLIMATOLOGICAL DATA (WS FORM: F-6)
STATION: JONESBORO
MONTH: DECEMBER
YEAR: 2020
LATITUDE: 35 49 N
LONGITUDE: 90 39 W
TEMPERATURE IN F: :PCPN: SNOW: WIND :SUNSHINE: SKY :PK WND
================================================================================
1 2 3 4 5 6A 6B 7 8 9 10 11 12 13 14 15 16 17 18
12Z AVG MX 2MIN
DY MAX MIN AVG DEP HDD CDD WTR SNW DPTH SPD SPD DIR MIN PSBL S-S WX SPD DR
================================================================================
1 46 24 35 -8 30 0 0.00 M M 2.5 9 220 M M 0 12 210
2 52 28 40 -3 25 0 0.00 M M 5.8 14 120 M M 1 15 110
3 45 40 43 1 22 0 0.04 M M 6.1 13 20 M M 10 1 15 30
4 52 39 46 4 19 0 T M M 7.7 18 270 M M 5 1 25 260
5 59 36 48 6 17 0 0.00 M M 4.6 10 210 M M 0 15 190
6 55 39 47 6 18 0 0.00 M M 7.9 16 350 M M 0 21 340
7 50 33 42 1 23 0 0.00 M M 3.5 12 260 M M 3 1 14 260
8 54 30 42 1 23 0 0.00 M M 1.8 9 90 M M 0 18 13 10
9 65 36 51 10 14 0 0.00 M M 4.8 13 220 M M 0 18 19 240
10 69 39 54 14 11 0 0.00 M M 5.3 13 180 M M 0 16 180
11 64 44 54 14 11 0 0.26 M M 11.5 25 200 M M 6 1 34 200
12 59 43 51 11 14 0 0.06 M M 9.5 24 230 M M 9 1 28 230
13 43 35 39 -1 26 0 0.97 M M 7.1 18 40 M M 7 1 21 40
14 41 30 36 -3 29 0 0.09 M M 7.4 16 360 M M 5 1 25 330
15 34 29 32 -7 33 0 0.00 M M 6.9 18 90 M M 7 18 23 80
16 37 29 33 -6 32 0 0.00 M M 7.3 15 320 M M 8 18 19 290
17 39 26 33 -6 32 0 0.00 M M 4.0 12 250 M M 2 18 16 280
18 50 28 39 0 26 0 0.00 M M 5.7 18 170 M M 0 18 23 170
19 44 39 42 4 23 0 0.09 M M 7.9 14 170 M M 10 18 17 170
20 45 40 43 5 22 0 0.00 M M 5.6 14 210 M M 10 12 17 210
21 66 36 51 13 14 0 0.00 M M 6.9 17 260 M M 3 12 22 260
22 58 34 46 8 19 0 0.00 M M 4.9 12 100 M M 0 14 100
23 59 35 47 9 18 0 0.32 M M 15.0 28 290 M M 7 13 37 290
24 36 26 31 -7 34 0 0.00 M M 13.8 26 270 M M 0 36 280
25 33 19 26 -12 39 0 0.00 M M 8.6 17 300 M M 0 23 300
26 52 25 39 1 26 0 0.00 M M 8.8 18 210 M M 0 23 220
27 60 37 49 11 16 0 0.00 M M 14.1 30 200 M M 4 38 200
28 52 36 44 6 21 0 0.00 M M 7.5 15 330 M M 0 8 22 320
29 44 31 38 0 27 0 0.00 M M 9.7 16 60 M M 6 18 21 70
30 58 36 47 10 18 0 1.31 M M 13.3 21 210 M M 10 1 26 340
31 37 35 36 -1 29 0 0.31 M M 17.6 28 50 M M 10 14 34 50
================================================================================
SM 1558 1037 711 0 3.45 M 243.1 M 123
================================================================================
AV 50.3 33.5 7.8 FASTST M M 4 MAX(MPH)
MISC ----> 30 200 38 200
================================================================================
NOTES:
# LAST OF SEVERAL OCCURRENCES
COLUMN 17 PEAK WIND IN M.P.H.
PRELIMINARY LOCAL CLIMATOLOGICAL DATA (WS FORM: F-6) , PAGE 2
STATION: JONESBORO
MONTH: DECEMBER
YEAR: 2020
LATITUDE: 35 49 N
LONGITUDE: 90 39 W
[TEMPERATURE DATA] [PRECIPITATION DATA] SYMBOLS USED IN COLUMN 16
AVERAGE MONTHLY: 41.9 TOTAL FOR MONTH: 3.45 1 = FOG OR MIST
DPTR FM NORMAL: 2.4 DPTR FM NORMAL: -1.32 2 = FOG REDUCING VISIBILITY
HIGHEST: 69 ON 10 GRTST 24HR 1.49 ON 30-31 TO 1/4 MILE OR LESS
LOWEST: 19 ON 25 3 = THUNDER
SNOW, ICE PELLETS, HAIL 4 = ICE PELLETS
TOTAL MONTH: T 5 = HAIL
GRTST 24HR M ON M 6 = FREEZING RAIN OR DRIZZLE
GRTST DEPTH: 0 7 = DUSTSTORM OR SANDSTORM:
VSBY 1/2 MILE OR LESS
8 = SMOKE OR HAZE
[NO. OF DAYS WITH] [WEATHER - DAYS WITH] 9 = BLOWING SNOW
X = TORNADO
MAX 32 OR BELOW: 0 0.01 INCH OR MORE: 9
MAX 90 OR ABOVE: 0 0.10 INCH OR MORE: 5
MIN 32 OR BELOW: 12 0.50 INCH OR MORE: 2
MIN 0 OR BELOW: 0 1.00 INCH OR MORE: 1
[HDD (BASE 65) ]
TOTAL THIS MO. 711 CLEAR (SCALE 0-3) 14
DPTR FM NORMAL -81 PTCLDY (SCALE 4-7) 10
TOTAL FM JUL 1 1261 CLOUDY (SCALE 8-10) 7
DPTR FM NORMAL -180
[CDD (BASE 65) ]
TOTAL THIS MO. 0
DPTR FM NORMAL 0 [PRESSURE DATA]
TOTAL FM JAN 1 1525 HIGHEST SLP 30.48 ON 28
DPTR FM NORMAL -302 LOWEST SLP 29.71 ON 23
[REMARKS]
#FINAL-12-20#