000
CXUS54 KMEG 020142
CF6JBR
PRELIMINARY LOCAL CLIMATOLOGICAL DATA (WS FORM: F-6)
STATION: JONESBORO
MONTH: OCTOBER
YEAR: 2020
LATITUDE: 35 49 N
LONGITUDE: 90 39 W
TEMPERATURE IN F: :PCPN: SNOW: WIND :SUNSHINE: SKY :PK WND
================================================================================
1 2 3 4 5 6A 6B 7 8 9 10 11 12 13 14 15 16 17 18
12Z AVG MX 2MIN
DY MAX MIN AVG DEP HDD CDD WTR SNW DPTH SPD SPD DIR MIN PSBL S-S WX SPD DR
================================================================================
1 76 52 64 -2 1 0 0.00 0.0 0 8.2 17 320 M M 0 26 360
2 68 45 57 -9 8 0 0.00 0.0 0 3.5 13 360 M M 1 17 300
3 72 43 58 -7 7 0 T 0.0 0 4.2 18 160 M M 3 26 150
4 66 47 57 -8 8 0 0.00 0.0 0 8.3 23 330 M M 4 30 310
5 69 42 56 -9 9 0 0.00 0.0 0 4.1 9 60 M M 0 13 80
6 77 41 59 -5 6 0 0.00 0.0 0 2.6 10 200 M M 0 18 14 210
7 85 50 68 4 0 3 0.00 0.0 0 2.6 12 210 M M 0 18 14 210
8 79 55 67 3 0 2 0.00 0.0 0 1.4 7 240 M M 0 18 10 210
9 75 58 67 4 0 2 0.04 0.0 0 4.4 17 170 M M 3 18 20 180
10 71 64 68 5 0 3 1.42 0.0 0 12.7 24 80 M M 9 1 31 40
11 82 65 74 11 0 9 0.00 0.0 0 6.1 15 30 M M 6 22 30
12 82 59 71 9 0 6 0.00 0.0 0 9.3 20 320 M M 3 1 26 300
13 77 46 62 0 3 0 0.00 0.0 0 1.1 9 360 M M 0 11 360
14 80 48 64 2 1 0 0.00 0.0 0 7.5 21 190 M M 0 25 190
15 64 53 59 -3 6 0 0.03 0.0 0 6.6 18 10 M M 7 28 10
16 65 43 54 -7 11 0 0.00 0.0 0 3.4 9 320 M M 0 15 270
17 70 40 55 -6 10 0 T 0.0 0 7.4 21 200 M M 3 26 180
18 73 56 65 4 0 0 0.11 0.0 0 5.3 13 200 M M 9 1 15 170
19 64 53 59 -1 6 0 0.95 0.0 0 5.7 14 10 M M 9 1 19 10
20 75 53 64 4 1 0 0.08 0.0 0 4.0 10 60 M M 6 18 14 40
21 85 58 72 12 0 7 0.00 0.0 0 2.7 14 170 M M 3 12 16 180
22 85 59 72 13 0 7 0.00 0.0 0 5.1 15 200 M M 1 1 20 180
23 76 49 63 4 2 0 0.01 0.0 0 11.1 20 350 M M 6 29 320
24 50 47 49 -10 16 0 T 0.0 0 10.2 18 30 M M 10 18 26 40
25 54 47 51 -7 14 0 0.00 0.0 0 4.2 9 40 M M 10 18 14 40
26 55 47 51 -7 14 0 0.04 0.0 0 10.4 20 60 M M 10 18 25 50
27 51 44 48 -10 17 0 0.04 0.0 0 8.4 15 40 M M 9 18 20 50
28 57 46 52 -5 13 0 2.95 0.0 0 10.7 18 50 M M 10 1 23 40
29 55 42 49 -8 16 0 0.25 0.0 0 8.7 21 360 M M 9 1 29 340
30 57 38 48 -9 17 0 0.00 0.0 0 5.1 12 320 M M 0 16 320
31 65 39 52 -4 13 0 0.00 0.0 0 3.8 10 180 M M 0 13 160
================================================================================
SM 2160 1529 199 39 5.92 0.0 188.8 M 131
================================================================================
AV 69.7 49.3 6.1 FASTST M M 4 MAX(MPH)
MISC ----> # 24 80 # 31 40
================================================================================
NOTES:
# LAST OF SEVERAL OCCURRENCES
COLUMN 17 PEAK WIND IN M.P.H.
PRELIMINARY LOCAL CLIMATOLOGICAL DATA (WS FORM: F-6) , PAGE 2
STATION: JONESBORO
MONTH: OCTOBER
YEAR: 2020
LATITUDE: 35 49 N
LONGITUDE: 90 39 W
[TEMPERATURE DATA] [PRECIPITATION DATA] SYMBOLS USED IN COLUMN 16
AVERAGE MONTHLY: 59.5 TOTAL FOR MONTH: 5.92 1 = FOG OR MIST
DPTR FM NORMAL: -1.7 DPTR FM NORMAL: 1.66 2 = FOG REDUCING VISIBILITY
HIGHEST: 85 ON 22,21 GRTST 24HR 2.95 ON 28-28 TO 1/4 MILE OR LESS
LOWEST: 38 ON 30 3 = THUNDER
SNOW, ICE PELLETS, HAIL 4 = ICE PELLETS
TOTAL MONTH: 0.0 INCH 5 = HAIL
GRTST 24HR 0.0 6 = FREEZING RAIN OR DRIZZLE
GRTST DEPTH: 0 7 = DUSTSTORM OR SANDSTORM:
VSBY 1/2 MILE OR LESS
8 = SMOKE OR HAZE
[NO. OF DAYS WITH] [WEATHER - DAYS WITH] 9 = BLOWING SNOW
X = TORNADO
MAX 32 OR BELOW: 0 0.01 INCH OR MORE: 11
MAX 90 OR ABOVE: 0 0.10 INCH OR MORE: 5
MIN 32 OR BELOW: 0 0.50 INCH OR MORE: 3
MIN 0 OR BELOW: 0 1.00 INCH OR MORE: 2
[HDD (BASE 65) ]
TOTAL THIS MO. 199 CLEAR (SCALE 0-3) 17
DPTR FM NORMAL 30 PTCLDY (SCALE 4-7) 5
TOTAL FM JUL 1 212 CLOUDY (SCALE 8-10) 9
DPTR FM NORMAL 25
[CDD (BASE 65) ]
TOTAL THIS MO. 39
DPTR FM NORMAL -14 [PRESSURE DATA]
TOTAL FM JAN 1 1507 HIGHEST SLP 30.40 ON 16
DPTR FM NORMAL -317 LOWEST SLP 29.56 ON 29
[REMARKS]
#FINAL-10-20#