000
CXUS54 KMEG 031527
CLMJBR
CLIMATE REPORT
NATIONAL WEATHER SERVICE MEMPHIS TN
1027 AM CDT TUE OCT 03 2023
...................................
...THE JONESBORO CLIMATE SUMMARY FOR THE MONTH OF SEPTEMBER 2023...
CLIMATE NORMAL PERIOD 1991 TO 2020
CLIMATE RECORD PERIOD 1897 TO 2023
WEATHER OBSERVED NORMAL DEPART LAST YEAR`S
VALUE DATE(S) VALUE FROM VALUE DATE(S)
NORMAL
................................................................
TEMPERATURE (F)
RECORD
HIGH 110 09/09/1925
09/07/1925
09/06/1925
LOW 33 09/30/1916
HIGHEST 96 09/04 88 8 99 09/20
09/27
09/21
LOWEST 53 09/19 62 -9 50 09/27
09/29
AVG. MAXIMUM 88.4 84.2 4.2 85.9
AVG. MINIMUM 63.6 62.3 1.3 63.2
MEAN 76.0 73.2 2.8 74.6
DAYS MAX >= 90 12 8.7 3.3 6
DAYS MAX <= 32 0 0.0 0.0 0
DAYS MIN <= 32 0 0.0 0.0 0
DAYS MIN <= 0 0 0.0 0.0 0
PRECIPITATION (INCHES)
RECORD
MAXIMUM 12.27 1906
MINIMUM 0.00 1897
TOTALS 1.94 3.30 -1.36 0.35
DAILY AVG. 0.06 0.11 -0.05 0.01
DAYS >= .01 4 6.8 -2.8 3
DAYS >= .10 2 4.0 -2.0 1
DAYS >= .50 1 1.9 -0.9 0
DAYS >= 1.00 1 1.0 0.0 0
GREATEST
24 HR. TOTAL 1.53 09/04 TO 09/05
SNOWFALL (INCHES)
RECORDS
TOTAL 0.0 2002
TOTALS MM MM MM MM
SINCE 7/1 MM MM MM MM
SNOWDEPTH AVG. MM MM
DAYS >= 1.0 MM MM MM MM
GREATEST
SNOW DEPTH MM MM MM
24 HR TOTAL MM
DEGREE DAYS
HEATING TOTAL 0 13 -13 3
SINCE 7/1 0 11 -11 MM
COOLING TOTAL 337 260 77 298
SINCE 1/1 2005 1920 85 MM
................................................................
WIND (MPH)
AVERAGE WIND SPEED 5.1
HIGHEST WIND SPEED/DIRECTION 22/320 DATE 09/06
HIGHEST GUST SPEED/DIRECTION 32/310 DATE 09/06
SKY COVER
POSSIBLE SUNSHINE (PERCENT) MM
AVERAGE SKY COVER 0.17
NUMBER OF DAYS FAIR 23
NUMBER OF DAYS PC 7
NUMBER OF DAYS CLOUDY 0
AVERAGE RH (PERCENT) 63
WEATHER CONDITIONS. NUMBER OF DAYS WITH
THUNDERSTORM 3 MIXED PRECIP 0
HEAVY RAIN 1 RAIN 2
LIGHT RAIN 5 FREEZING RAIN 0
LT FREEZING RAIN 0 HAIL 0
HEAVY SNOW 0 SNOW 0
LIGHT SNOW 0 SLEET 0
FOG 5 FOG W/VIS <= 1/4 MILE 0
HAZE 9
- INDICATES NEGATIVE NUMBERS.
R INDICATES RECORD WAS SET OR TIED.
MM INDICATES DATA IS MISSING.
T INDICATES TRACE AMOUNT.
$$