000
CXUS55 KGGW 010910
CF6JDN
PRELIMINARY LOCAL CLIMATOLOGICAL DATA (WS FORM: F-6)
STATION: JORDAN ASOS MT
MONTH: NOVEMBER
YEAR: 2022
LATITUDE: 47 19 N
LONGITUDE: 106 50 W
TEMPERATURE IN F: :PCPN: SNOW: WIND :SUNSHINE: SKY :PK WND
================================================================================
1 2 3 4 5 6A 6B 7 8 9 10 11 12 13 14 15 16 17 18
12Z AVG MX 2MIN
DY MAX MIN AVG DEP HDD CDD WTR SNW DPTH SPD SPD DIR MIN PSBL S-S WX SPD DR
================================================================================
1 63 34 49 12 16 0 0.00 M M 3.4 9 130 M M 0 M M
2 48 28 38 2 27 0 0.00 M M 14.5 33 290 M M 0 50 290
3 38 22 30 -6 35 0 0.00 M M 6.8 14 300 M M 0 M M
4 49 21 35 -1 30 0 0.00 M M 6.1 14 250 M M 0 M M
5 56 29 43 8 22 0 0.00 M M 24.4 41 270 M M 0 69 290
6 30 14 22 -13 43 0 0.00 M M 17.2 31 300 M M 0 43 300
7 34 12 23 -11 42 0 0.08 M M 16.8 29 110 M M 0 38 100
8 19 11 15 -19 50 0 0.11 M M 14.9 22 310 M M 0 29 330
9 13 11 12 -22 53 0 0.25 M M 8.4 13 40 M M 0 M M
10 12 -18 -3 -36 68 0 0.21 M M 8.1 12 330 M M 0 M M
11 8 -23 -7 -40 72 0 0.00 M M 2.5 7 270 M M 0 M M
12 11 -19 -4 -36 69 0 0.00 M M 1.8 5 290 M M 0 M M
13 27 8 18 -14 47 0 0.01 M M 8.6 13 310 M M 0 M M
14 29 14 22 -10 43 0 0.02 M M 10.6 23 320 M M 0 31 320
15 28 20 24 -7 41 0 0.00 M M 8.3 18 340 M M 0 M M
16 32 20 26 -5 39 0 0.02 M M 16.7 26 330 M M 0 39 320
17 19 -5 7 -23 58 0 0.01 M M 20.4 30 310 M M 0 40 310
18 25 -3 11 -19 54 0 0.00 M M 14.5 25 280 M M 0 38 280
19 31 5 18 -12 47 0 0.00 M M 7.9 15 320 M M 0 M M
20 38 22 30 1 35 0 0.00 M M 11.3 17 260 M M 0 M M
21 37 16 27 -2 38 0 0.00 M M 3.4 12 300 M M 0 M M
22 40 18 29 1 36 0 0.00 M M 4.5 9 270 M M 0 M M
23 40 28 34 6 31 0 0.04 M M 9.7 20 270 M M 0 26 270
24 40 21 31 3 34 0 0.00 M M 7.5 12 260 M M 0 M M
25 50 31 41 14 24 0 0.00 M M 8.8 15 270 M M 0 33 270
26 43 29 36 9 29 0 0.00 M M 6.5 14 330 M M 0 M M
27 44 30 37 10 28 0 0.03 M M 10.8 29 290 M M 0 62 290
28 30 14 22 -4 43 0 0.00 M M 21.2 27 310 M M 0 41 280
29 17 3 10 -16 55 0 0.00 M M 17.6 27 300 M M 0 44 300
30 25 0 13 -13 52 0 0.00 M M 8.1 18 130 M M 0 22 130
================================================================================
SM 976 393 1261 0 0.78 M 321.3 M 0
================================================================================
AV 32.5 13.1 10.7 FASTST M M 0 MAX(MPH)
MISC ----> 41 270 69 290
================================================================================
NOTES:
# LAST OF SEVERAL OCCURRENCES
COLUMN 17 PEAK WIND IN M.P.H.
PRELIMINARY LOCAL CLIMATOLOGICAL DATA (WS FORM: F-6) , PAGE 2
STATION: JORDAN ASOS MT
MONTH: NOVEMBER
YEAR: 2022
LATITUDE: 47 19 N
LONGITUDE: 106 50 W
[TEMPERATURE DATA] [PRECIPITATION DATA] SYMBOLS USED IN COLUMN 16
AVERAGE MONTHLY: 22.8 TOTAL FOR MONTH: 0.78 1 = FOG OR MIST
DPTR FM NORMAL: -8.2 DPTR FM NORMAL: 0.27 2 = FOG REDUCING VISIBILITY
HIGHEST: 63 ON 1 GRTST 24HR 0.25 ON 9- 9 TO 1/4 MILE OR LESS
LOWEST: -23 ON 11 3 = THUNDER
SNOW, ICE PELLETS, HAIL 4 = ICE PELLETS
TOTAL MONTH: M 5 = HAIL
GRTST 24HR M ON M 6 = FREEZING RAIN OR DRIZZLE
GRTST DEPTH: M ON M 7 = DUSTSTORM OR SANDSTORM:
VSBY 1/2 MILE OR LESS
8 = SMOKE OR HAZE
[NO. OF DAYS WITH] [WEATHER - DAYS WITH] 9 = BLOWING SNOW
X = TORNADO
MAX 32 OR BELOW: 16 0.01 INCH OR MORE: 10
MAX 90 OR ABOVE: 0 0.10 INCH OR MORE: 3
MIN 32 OR BELOW: 29 0.50 INCH OR MORE: 0
MIN 0 OR BELOW: 6 1.00 INCH OR MORE: 0
[HDD (BASE 65) ]
TOTAL THIS MO. 1261 CLEAR (SCALE 0-3) 30
DPTR FM NORMAL 243 PTCLDY (SCALE 4-7) 0
TOTAL FM JUL 1 1841 CLOUDY (SCALE 8-10) 0
DPTR FM NORMAL -98
[CDD (BASE 65) ]
TOTAL THIS MO. 0
DPTR FM NORMAL 0 [PRESSURE DATA]
TOTAL FM JAN 1 887 HIGHEST SLP M ON M
DPTR FM NORMAL 396 LOWEST SLP M ON M
[REMARKS]
#FINAL-11-22#