000
CXUS53 KLSX 011400
CF6JEF
PRELIMINARY LOCAL CLIMATOLOGICAL DATA (WS FORM: F-6)
STATION: JEFFERSON CITY
MONTH: JULY
YEAR: 2023
LATITUDE: 38 35 N
LONGITUDE: 92 10 W
TEMPERATURE IN F: :PCPN: SNOW: WIND :SUNSHINE: SKY :PK WND
================================================================================
1 2 3 4 5 6A 6B 7 8 9 10 11 12 13 14 15 16 17 18
12Z AVG MX 2MIN
DY MAX MIN AVG DEP HDD CDD WTR SNW DPTH SPD SPD DIR MIN PSBL S-S WX SPD DR
================================================================================
1 91 70 81 3 0 16 0.28 0.0 0 6.6 25 310 M M 3 13 40 300
2 87 69 78 0 0 13 0.00 0.0 0 6.7 17 270 M M 5 24 260
3 92 66 79 1 0 14 0.00 0.0 0 2.5 9 310 M M 0 1 12 360
4 99 68 84 6 0 19 0.00 0.0 0 4.4 12 230 M M 1 18 200
5 91 76 84 6 0 19 0.00 0.0 0 5.8 16 250 M M 1 22 290
6 86 68 77 -1 0 12 0.00 0.0 0 4.8 12 340 M M 0 17 350
7 88 63 76 -2 0 11 0.06 0.0 0 4.6 10 120 M M 2 16 100
8 80 63 72 -7 0 7 T 0.0 0 4.6 12 330 M M 7 16 350
9 88 61 75 -4 0 10 0.00 0.0 0 3.0 10 220 M M 3 14 230
10 93 59 76 -3 0 11 0.00 0.0 0 2.6 12 190 M M 0 16 200
11 97 67 82 3 0 17 0.00 0.0 0 5.1 14 210 M M 1 20 220
12 97 70 84 5 0 19 0.09 0.0 0 6.7 24 20 M M 3 3 37 40
13 92 73 83 4 0 18 0.08 0.0 0 3.2 14 100 M M 3 13 18 110
14 99 71 85 6 0 20 0.04 0.0 0 4.7 28 280 M M 2 123 44 280
15 91 70 81 2 0 16 0.00 0.0 0 5.5 16 280 M M 3 138 22 290
16 93 66 80 1 0 15 0.10 0.0 0 4.4 31 300 M M 1 138 49 300
17 92 69 81 2 0 16 1.42 0.0 0 3.4 29 300 M M 3 138 44 310
18 82 69 76 -3 0 11 0.61 0.0 0 4.0 21 280 M M 4 138 29 300
19 91 73 82 3 0 17 0.00 0.0 0 5.4 15 80 M M 5 3 23 80
20 92 74 83 4 0 18 0.10 0.0 0 5.5 23 210 M M 2 13 33 230
21 82 66 74 -5 0 9 T 0.0 0 1.4 8 360 M M 2 11 340
22 87 63 75 -4 0 10 0.00 0.0 0 2.9 10 300 M M 1 1 15 280
23 93 67 80 1 0 15 0.07 0.0 0 3.5 15 240 M M 0 3 20 250
24 90 71 81 2 0 16 0.00 0.0 0 4.6 25 280 M M 1 3 39 280
25 95 71 83 4 0 18 T 0.0 0 6.7 14 190 M M 1 20 210
26 96 82 89 10 0 24 0.05 0.0 0 9.0 25 230 M M 0 3 37 230
27 101 76 89 10 0 24 0.00 0.0 0 6.0 18 280 M M 0 27 260
28 100 80 90 11 0 25 0.00 0.0 0 6.5 16 200 M M 0 22 210
29 98 72 85 6 0 20 0.21 0.0 0 4.6 29 340 M M 1 138 46 280
30 90 71 81 2 0 16 0.00 0.0 0 4.1 12 130 M M 1 1 14 130
31 81 73 77 -2 0 12 0.05 0.0 0 4.2 9 80 M M 3 15 90
================================================================================
SM 2834 2157 0 488 3.16 0.0 147.0 M 59
================================================================================
AV 91.4 69.6 4.7 FASTST M M 2 MAX(MPH)
MISC ----> 31 300 49 300
================================================================================
NOTES:
# LAST OF SEVERAL OCCURRENCES
COLUMN 17 PEAK WIND IN M.P.H.
PRELIMINARY LOCAL CLIMATOLOGICAL DATA (WS FORM: F-6) , PAGE 2
STATION: JEFFERSON CITY
MONTH: JULY
YEAR: 2023
LATITUDE: 38 35 N
LONGITUDE: 92 10 W
[TEMPERATURE DATA] [PRECIPITATION DATA] SYMBOLS USED IN COLUMN 16
AVERAGE MONTHLY: 80.5 TOTAL FOR MONTH: 3.16 1 = FOG OR MIST
DPTR FM NORMAL: 1.8 DPTR FM NORMAL: -1.28 2 = FOG REDUCING VISIBILITY
HIGHEST: 101 ON 27 GRTST 24HR 1.52 ON 16-17 TO 1/4 MILE OR LESS
LOWEST: 59 ON 10 3 = THUNDER
SNOW, ICE PELLETS, HAIL 4 = ICE PELLETS
TOTAL MONTH: 0.0 INCH 5 = HAIL
GRTST 24HR 0.0 6 = FREEZING RAIN OR DRIZZLE
GRTST DEPTH: 0 7 = DUSTSTORM OR SANDSTORM:
VSBY 1/2 MILE OR LESS
8 = SMOKE OR HAZE
[NO. OF DAYS WITH] [WEATHER - DAYS WITH] 9 = BLOWING SNOW
X = TORNADO
MAX 32 OR BELOW: 0 0.01 INCH OR MORE: 13
MAX 90 OR ABOVE: 22 0.10 INCH OR MORE: 6
MIN 32 OR BELOW: 0 0.50 INCH OR MORE: 2
MIN 0 OR BELOW: 0 1.00 INCH OR MORE: 1
[HDD (BASE 65) ]
TOTAL THIS MO. 0 CLEAR (SCALE 0-3) 24
DPTR FM NORMAL 0 PTCLDY (SCALE 4-7) 7
TOTAL FM JUL 1 0 CLOUDY (SCALE 8-10) 0
DPTR FM NORMAL 0
[CDD (BASE 65) ]
TOTAL THIS MO. 488
DPTR FM NORMAL 63 [PRESSURE DATA]
TOTAL FM JAN 1 1038 HIGHEST SLP 30.14 ON 31
DPTR FM NORMAL 150 LOWEST SLP 29.67 ON 12
[REMARKS]
#FINAL-07-23#