000
CXUS53 KLSX 011400
CF6JEF
PRELIMINARY LOCAL CLIMATOLOGICAL DATA (WS FORM: F-6)
STATION: JEFFERSON CITY
MONTH: JUNE
YEAR: 2020
LATITUDE: 38 35 N
LONGITUDE: 92 10 W
TEMPERATURE IN F: :PCPN: SNOW: WIND :SUNSHINE: SKY :PK WND
================================================================================
1 2 3 4 5 6A 6B 7 8 9 10 11 12 13 14 15 16 17 18
12Z AVG MX 2MIN
DY MAX MIN AVG DEP HDD CDD WTR SNW DPTH SPD SPD DIR MIN PSBL S-S WX SPD DR
================================================================================
1 86 64 75 5 0 10 0.00 0.0 0 8.0 16 160 M M 0 22 200
2 88 68 78 8 0 13 0.00 0.0 0 6.8 17 210 M M 0 25 210
3 92 68 80 9 0 15 0.73 0.0 0 7.6 26 100 M M 3 138 39 100
4 84 67 76 5 0 11 0.39 0.0 0 5.7 18 300 M M 3 13 26 260
5 88 69 79 8 0 14 0.05 0.0 0 3.7 24 250 M M 1 123 37 230
6 92 68 80 8 0 15 0.00 0.0 0 3.8 12 150 M M 4 12 17 150
7 92 70 81 9 0 16 0.00 0.0 0 6.3 15 100 M M 1 1 20 100
8 89 69 79 7 0 14 0.02 0.0 0 7.0 15 90 M M 0 23 110
9 90 74 82 10 0 17 2.46 0.0 0 11.3 22 250 M M 6 1 34 300
10 78 60 69 -4 0 4 T 0.0 0 10.5 26 280 M M 6 8 37 280
11 84 56 70 -3 0 5 0.00 0.0 0 3.9 14 240 M M 0 20 220
12 90 63 77 4 0 12 0.00 0.0 0 4.1 13 270 M M 1 17 260
13 89 66 78 4 0 13 0.00 0.0 0 3.5 13 100 M M 1 18 100
14 87 63 75 1 0 10 0.00 0.0 0 6.9 15 100 M M 0 20 80
15 86 68 77 3 0 12 0.00 0.0 0 8.2 14 130 M M 0 18 100
16 83 62 73 -1 0 8 0.00 0.0 0 6.1 13 110 M M 0 19 80
17 85 61 73 -2 0 8 0.00 0.0 0 6.5 14 130 M M 0 25 150
18 88 63 76 1 0 11 0.00 0.0 0 6.7 14 130 M M 0 18 130
19 88 68 78 3 0 13 0.13 0.0 0 4.7 23 290 M M 3 3 34 300
20 86 70 78 2 0 13 0.33 0.0 0 5.0 21 210 M M 4 138 29 190
21 88 68 78 2 0 13 0.00 0.0 0 4.2 13 170 M M 3 1 16 160
22 85 70 78 2 0 13 0.00 0.0 0 5.9 15 340 M M 2 22 340
23 81 63 72 -4 0 7 0.00 0.0 0 4.6 18 330 M M 1 26 330
24 85 59 72 -4 0 7 0.00 0.0 0 3.5 14 350 M M 2 19 290
25 91 64 78 1 0 13 0.00 0.0 0 3.4 12 210 M M 2 8 14 210
26 92 72 82 5 0 17 0.00 0.0 0 6.7 16 240 M M 2 22 180
27 82 73 78 1 0 13 0.01 0.0 0 7.2 22 290 M M 7 1 31 310
28 92 74 83 6 0 18 0.00 0.0 0 7.5 17 160 M M 4 8 27 190
29 89 77 83 6 0 18 T 0.0 0 9.2 21 150 M M 3 138 28 160
30 87 72 80 2 0 15 0.44 0.0 0 7.3 18 50 M M 3 3 25 30
================================================================================
SM 2617 2009 0 368 4.56 0.0 185.8 M 62
================================================================================
AV 87.2 67.0 6.2 FASTST M M 2 MAX(MPH)
MISC ----> # 26 100 39 100
================================================================================
NOTES:
# LAST OF SEVERAL OCCURRENCES
COLUMN 17 PEAK WIND IN M.P.H.
PRELIMINARY LOCAL CLIMATOLOGICAL DATA (WS FORM: F-6) , PAGE 2
STATION: JEFFERSON CITY
MONTH: JUNE
YEAR: 2020
LATITUDE: 38 35 N
LONGITUDE: 92 10 W
[TEMPERATURE DATA] [PRECIPITATION DATA] SYMBOLS USED IN COLUMN 16
AVERAGE MONTHLY: 77.1 TOTAL FOR MONTH: 4.56 1 = FOG OR MIST
DPTR FM NORMAL: 3.0 DPTR FM NORMAL: 0.00 2 = FOG REDUCING VISIBILITY
HIGHEST: 92 ON 28,26 GRTST 24HR 2.48 ON 8- 9 TO 1/4 MILE OR LESS
LOWEST: 56 ON 11 3 = THUNDER
SNOW, ICE PELLETS, HAIL 4 = ICE PELLETS
TOTAL MONTH: 0.0 INCH 5 = HAIL
GRTST 24HR 0.0 6 = FREEZING RAIN OR DRIZZLE
GRTST DEPTH: 0 7 = DUSTSTORM OR SANDSTORM:
VSBY 1/2 MILE OR LESS
8 = SMOKE OR HAZE
[NO. OF DAYS WITH] [WEATHER - DAYS WITH] 9 = BLOWING SNOW
X = TORNADO
MAX 32 OR BELOW: 0 0.01 INCH OR MORE: 9
MAX 90 OR ABOVE: 8 0.10 INCH OR MORE: 6
MIN 32 OR BELOW: 0 0.50 INCH OR MORE: 2
MIN 0 OR BELOW: 0 1.00 INCH OR MORE: 1
[HDD (BASE 65) ]
TOTAL THIS MO. 0 CLEAR (SCALE 0-3) 20
DPTR FM NORMAL -7 PTCLDY (SCALE 4-7) 10
TOTAL FM JUL 1 4279 CLOUDY (SCALE 8-10) 0
DPTR FM NORMAL -368
[CDD (BASE 65) ]
TOTAL THIS MO. 368
DPTR FM NORMAL 88 [PRESSURE DATA]
TOTAL FM JAN 1 496 HIGHEST SLP 30.27 ON 12
DPTR FM NORMAL 88 LOWEST SLP 29.32 ON 9
[REMARKS]
#FINAL-06-20#