000
CXUS55 KBOI 221002
CF6JER
PRELIMINARY LOCAL CLIMATOLOGICAL DATA (WS FORM: F-6)
STATION: JEROME ID
MONTH: APRIL
YEAR: 2024
LATITUDE: 42 43 N
LONGITUDE: 114 27 W
TEMPERATURE IN F: :PCPN: SNOW: WIND :SUNSHINE: SKY :PK WND
================================================================================
1 2 3 4 5 6A 6B 7 8 9 10 11 12 13 14 15 16 17 18
12Z AVG MX 2MIN
DY MAX MIN AVG DEP HDD CDD WTR SNW DPTH SPD SPD DIR MIN PSBL S-S WX SPD DR
================================================================================
1 56 30 43 -2 22 0 0.00 M M 9.6 20 300 M M 2 26 300
2 62 34 48 2 17 0 0.00 M M 6.0 13 260 M M 0 20 290
3 69 38 54 8 11 0 T M M 7.5 28 280 M M 3 36 270
4 68 35 52 6 13 0 T M M 15.7 33 170 M M 6 1 44 170
5 41 31 36 -10 29 0 0.20 M M 9.7 22 250 M M 8 12 30 250
6 42 29 36 -10 29 0 0.02 M M 19.1 37 270 M M 6 12 45 260
7 50 30 40 -6 25 0 0.00 M M 15.4 29 260 M M 3 40 260
8 51 28 40 -6 25 0 T M M 10.5 21 270 M M 0 27 280
9 61 34 48 1 17 0 0.00 M M 10.7 26 270 M M 2 37 290
10 60 36 48 1 17 0 0.00 M M 9.1 18 280 M M 0 26 270
11 71 33 52 5 13 0 0.00 M M 7.9 16 80 M M 0 21 140
12 76 43 60 13 5 0 0.04 M M 9.2 22 190 M M 2 38 31 180
13 76 42 59 12 6 0 0.00 M M 10.6 24 150 M M 0 32 140
14 66 43 55 7 10 0 0.00 M M 13.4 26 310 M M 1 34 310
15 61 40 51 3 14 0 T M M 21.2 37 270 M M 0 51 270
16 57 37 47 -1 18 0 0.00 M M 16.9 26 260 M M 3 36 270
17 49 30 40 -8 25 0 0.00 M M 20.2 35 260 M M 3 45 250
18 53 27 40 -8 25 0 0.00 M M 11.0 22 80 M M 0 29 90
19 60 30 45 -4 20 0 0.00 M M 10.4 20 110 M M 0 28 120
20 68 35 52 3 13 0 0.00 M M 18.1 24 80 M M 1 32 70
21 66 43 55 6 10 0 0.00 M M 16.9 30 270 M M 1 37 270
================================================================================
SM 1263 728 364 0 0.26 M 269.1 M 41
================================================================================
AV 60.1 34.7 12.8 FASTST M M 2 MAX(MPH)
MISC ----> # 37 270 51 270
================================================================================
NOTES:
# LAST OF SEVERAL OCCURRENCES
COLUMN 17 PEAK WIND IN M.P.H.
PRELIMINARY LOCAL CLIMATOLOGICAL DATA (WS FORM: F-6) , PAGE 2
STATION: JEROME ID
MONTH: APRIL
YEAR: 2024
LATITUDE: 42 43 N
LONGITUDE: 114 27 W
[TEMPERATURE DATA] [PRECIPITATION DATA] SYMBOLS USED IN COLUMN 16
AVERAGE MONTHLY: 47.4 TOTAL FOR MONTH: 0.26 1 = FOG OR MIST
DPTR FM NORMAL: 0.3 DPTR FM NORMAL: -0.46 2 = FOG REDUCING VISIBILITY
HIGHEST: 76 ON 13,12 GRTST 24HR 0.20 ON 5- 5 TO 1/4 MILE OR LESS
LOWEST: 27 ON 18 3 = THUNDER
SNOW, ICE PELLETS, HAIL 4 = ICE PELLETS
TOTAL MONTH: M 5 = HAIL
GRTST 24HR M ON M 6 = FREEZING RAIN OR DRIZZLE
GRTST DEPTH: M ON M 7 = DUSTSTORM OR SANDSTORM:
VSBY 1/2 MILE OR LESS
8 = SMOKE OR HAZE
[NO. OF DAYS WITH] [WEATHER - DAYS WITH] 9 = BLOWING SNOW
X = TORNADO
MAX 32 OR BELOW: 0 0.01 INCH OR MORE: 3
MAX 90 OR ABOVE: 0 0.10 INCH OR MORE: 1
MIN 32 OR BELOW: 8 0.50 INCH OR MORE: 0
MIN 0 OR BELOW: 0 1.00 INCH OR MORE: 0
[HDD (BASE 65) ]
TOTAL THIS MO. 364 CLEAR (SCALE 0-3) 18
DPTR FM NORMAL -14 PTCLDY (SCALE 4-7) 3
TOTAL FM JUL 1 5303 CLOUDY (SCALE 8-10) 0
DPTR FM NORMAL -279
[CDD (BASE 65) ]
TOTAL THIS MO. 0
DPTR FM NORMAL 0 [PRESSURE DATA]
TOTAL FM JAN 1 0 HIGHEST SLP M ON M
DPTR FM NORMAL 0 LOWEST SLP 29.35 ON 4
[REMARKS]